CRAN Package Check Results for Package weightedScores

Last updated on 2014-10-24 16:46:59.

Flavor Version Tinstall Tcheck Ttotal Status Flags
r-devel-linux-x86_64-debian-clang 0.9 0.79 13.56 14.35 NOTE
r-devel-linux-x86_64-debian-gcc 0.9 0.83 13.46 14.30 NOTE
r-devel-linux-x86_64-fedora-clang 0.9 28.70 NOTE
r-devel-linux-x86_64-fedora-gcc 0.9 25.30 NOTE
r-devel-osx-x86_64-clang 0.9 31.01 OK
r-devel-windows-ix86+x86_64 0.9 3.00 23.00 26.00 OK
r-patched-linux-x86_64 0.9 0.86 14.18 15.04 NOTE
r-patched-solaris-sparc 0.9 164.70 OK
r-patched-solaris-x86 0.9 40.10 OK
r-release-linux-ix86 0.9 1.16 21.28 22.44 OK
r-release-linux-x86_64 0.9 0.79 13.74 14.53 NOTE
r-release-osx-x86_64-mavericks 0.9 OK
r-release-osx-x86_64-snowleopard 0.9 OK
r-release-windows-ix86+x86_64 0.9 5.00 31.00 36.00 OK
r-oldrel-windows-ix86+x86_64 0.9 3.00 24.00 27.00 OK

Check Details

Version: 0.9
Check: top-level files
Result: NOTE
    Non-standard file/directory found at top level:
     ‘testing’
Flavors: r-devel-linux-x86_64-debian-clang, r-devel-linux-x86_64-debian-gcc, r-devel-linux-x86_64-fedora-clang, r-devel-linux-x86_64-fedora-gcc, r-patched-linux-x86_64, r-release-linux-x86_64