CRAN Package Check Results for Package weightedScores

Last updated on 2015-07-06 11:48:30.

Flavor Version Tinstall Tcheck Ttotal Status Flags
r-devel-linux-x86_64-debian-clang 0.9.1 0.65 71.89 72.54 NOTE
r-devel-linux-x86_64-debian-gcc 0.9.1 0.78 70.45 71.23 NOTE
r-devel-linux-x86_64-fedora-clang 0.9.1 142.67 NOTE
r-devel-linux-x86_64-fedora-gcc 0.9.1 131.66 NOTE
r-devel-osx-x86_64-clang 0.9.1 106.77 OK
r-devel-windows-ix86+x86_64 0.9.1 4.00 111.00 115.00 NOTE
r-patched-linux-x86_64 0.9.1 0.76 70.14 70.89 OK
r-patched-solaris-sparc 0.9.1 880.50 OK
r-patched-solaris-x86 0.9.1 150.20 OK
r-release-linux-x86_64 0.9.1 0.66 76.45 77.12 OK
r-release-osx-x86_64-mavericks 0.9.1 OK
r-release-windows-ix86+x86_64 0.9.1 4.00 126.00 130.00 OK
r-oldrel-windows-ix86+x86_64 0.9.1 5.00 129.00 134.00 OK

Check Details

Version: 0.9.1
Check: R code for possible problems
Result: NOTE
    bcl: no visible global function definition for ‘qnorm’
    cl1: no visible global function definition for ‘nlm’
    derlik.nu: no visible global function definition for ‘qnorm’
    derlik.nu: no visible global function definition for ‘dnorm’
    dmargmodel: no visible global function definition for ‘dpois’
    dmargmodel: no visible global function definition for ‘dbinom’
    dmargmodel: no visible global function definition for ‘dnbinom’
    fisher.nu: no visible global function definition for ‘qnorm’
    fisher.nu: no visible global function definition for ‘dnorm’
    iderlik.nu: no visible global function definition for ‘qnorm’
    iderlik.nu: no visible global function definition for ‘dnorm’
    iee: no visible global function definition for ‘glm’
    iee: Error while checking: invalid ‘envir’ argument
    linked.mu: no visible global function definition for ‘pnorm’
    pmargmodel: no visible global function definition for ‘ppois’
    pmargmodel: no visible global function definition for ‘pbinom’
    pmargmodel: no visible global function definition for ‘pnbinom’
    qmargmodel: no visible global function definition for ‘qpois’
    qmargmodel: no visible global function definition for ‘qbinom’
    qmargmodel: no visible global function definition for ‘qnbinom’
    weightMat: no visible global function definition for ‘qnorm’
    weightMat: no visible global function definition for ‘pnorm’
    weightMat: no visible global function definition for ‘dnorm’
    Undefined global functions or variables:
     dbinom dnbinom dnorm dpois glm nlm pbinom pnbinom pnorm ppois qbinom
     qnbinom qnorm qpois
Flavors: r-devel-linux-x86_64-debian-clang, r-devel-linux-x86_64-debian-gcc, r-devel-linux-x86_64-fedora-clang, r-devel-linux-x86_64-fedora-gcc

Version: 0.9.1
Check: R code for possible problems
Result: NOTE
    bcl: no visible global function definition for 'qnorm'
    cl1: no visible global function definition for 'nlm'
    derlik.nu: no visible global function definition for 'qnorm'
    derlik.nu: no visible global function definition for 'dnorm'
    dmargmodel: no visible global function definition for 'dpois'
    dmargmodel: no visible global function definition for 'dbinom'
    dmargmodel: no visible global function definition for 'dnbinom'
    fisher.nu: no visible global function definition for 'qnorm'
    fisher.nu: no visible global function definition for 'dnorm'
    iderlik.nu: no visible global function definition for 'qnorm'
    iderlik.nu: no visible global function definition for 'dnorm'
    iee: no visible global function definition for 'glm'
    iee: no visible global function definition for 'poisson'
    iee: no visible global function definition for 'binomial'
    iee: no visible global function definition for 'nlm'
    linked.mu: no visible global function definition for 'pnorm'
    pmargmodel: no visible global function definition for 'ppois'
    pmargmodel: no visible global function definition for 'pbinom'
    pmargmodel: no visible global function definition for 'pnbinom'
    qmargmodel: no visible global function definition for 'qpois'
    qmargmodel: no visible global function definition for 'qbinom'
    qmargmodel: no visible global function definition for 'qnbinom'
    weightMat: no visible global function definition for 'qnorm'
    weightMat: no visible global function definition for 'pnorm'
    weightMat: no visible global function definition for 'dnorm'
    Undefined global functions or variables:
     binomial dbinom dnbinom dnorm dpois glm nlm pbinom pnbinom pnorm
     poisson ppois qbinom qnbinom qnorm qpois
Flavor: r-devel-windows-ix86+x86_64