CRAN Package Check Results for Package weightedScores

Last updated on 2014-04-24 11:48:58.

Flavor Version Tinstall Tcheck Ttotal Status Flags
r-devel-linux-x86_64-debian-clang 0.9 0.82 13.80 14.62 OK
r-devel-linux-x86_64-debian-gcc 0.9 0.83 13.90 14.72 OK
r-devel-linux-x86_64-fedora-clang 0.9 28.48 NOTE
r-devel-linux-x86_64-fedora-gcc 0.9 26.88 NOTE
r-devel-osx-x86_64-clang 0.9 30.82 OK
r-devel-osx-x86_64-gcc 0.9 OK
r-devel-windows-ix86+x86_64 0.9 3.00 22.00 25.00 OK
r-patched-linux-x86_64 0.9 0.84 13.82 14.67 OK
r-patched-solaris-sparc 0.9 170.10 OK
r-patched-solaris-x86 0.9 39.00 OK
r-release-linux-ix86 0.9 1.00 28.00 29.00 OK
r-release-linux-x86_64 0.9 0.87 13.72 14.59 OK
r-release-osx-x86_64-mavericks 0.9 WARN
r-release-osx-x86_64-snowleopard 0.9 OK
r-release-windows-ix86+x86_64 0.9 5.00 23.00 28.00 OK
r-oldrel-windows-ix86+x86_64 0.9 3.00 24.00 27.00 OK

Check Details

Version: 0.9
Check: top-level files
Result: NOTE
    Non-standard file/directory found at top level:
     ‘testing’
Flavors: r-devel-linux-x86_64-fedora-clang, r-devel-linux-x86_64-fedora-gcc

Version: 0.9
Check: PDF version of manual
Result: WARNING
    LaTeX errors when creating PDF version.
    This typically indicates Rd problems.
    LaTeX errors found:
    ! LaTeX Error: File `upquote.sty' not found.
    
    Type X to quit or <RETURN> to proceed,
    or enter new name. (Default extension: sty)
    
    ea07eaf/Rd2.tex:8: ==> Fatal error occurred, no output PDF file produced!
Flavor: r-release-osx-x86_64-mavericks