CRAN Package Check Results for Package weightedScores

Last updated on 2014-08-22 03:48:12.

Flavor Version Tinstall Tcheck Ttotal Status Flags
r-devel-linux-x86_64-debian-clang 0.9 0.75 13.03 13.78 OK
r-devel-linux-x86_64-debian-gcc 0.9 0.74 12.77 13.50 OK
r-devel-linux-x86_64-fedora-clang 0.9 27.78 NOTE
r-devel-linux-x86_64-fedora-gcc 0.9 25.09 NOTE
r-devel-osx-x86_64-clang 0.9 29.34 OK
r-devel-windows-ix86+x86_64 0.9 4.00 24.00 28.00 OK
r-patched-linux-x86_64 0.9 0.83 13.09 13.92 OK
r-patched-solaris-sparc 0.9 164.70 OK
r-patched-solaris-x86 0.9 38.60 OK
r-release-linux-ix86 0.9 1.15 20.42 21.57 OK
r-release-linux-x86_64 0.9 0.80 13.19 13.99 OK
r-release-osx-x86_64-mavericks 0.9 OK
r-release-osx-x86_64-snowleopard 0.9 OK
r-release-windows-ix86+x86_64 0.9 5.00 31.00 36.00 OK
r-oldrel-windows-ix86+x86_64 0.9 3.00 24.00 27.00 OK

Check Details

Version: 0.9
Check: top-level files
Result: NOTE
    Non-standard file/directory found at top level:
     ‘testing’
Flavors: r-devel-linux-x86_64-fedora-clang, r-devel-linux-x86_64-fedora-gcc