CRAN Package Check Results for Package vioplot

Last updated on 2015-04-25 15:46:24.

Flavor Version Tinstall Tcheck Ttotal Status Flags
r-devel-linux-x86_64-debian-clang 0.2 0.47 8.81 9.28 NOTE
r-devel-linux-x86_64-debian-gcc 0.2 0.48 8.74 9.21 NOTE
r-devel-linux-x86_64-fedora-clang 0.2 18.45 NOTE
r-devel-linux-x86_64-fedora-gcc 0.2 16.31 NOTE
r-devel-osx-x86_64-clang 0.2 23.05 NOTE
r-devel-windows-ix86+x86_64 0.2 2.00 15.00 17.00 NOTE
r-patched-linux-x86_64 0.2 0.48 8.98 9.46 NOTE
r-patched-solaris-sparc 0.2 119.80 NOTE
r-patched-solaris-x86 0.2 26.00 NOTE
r-release-linux-x86_64 0.2 0.47 8.67 9.14 NOTE
r-release-osx-x86_64-mavericks 0.2 NOTE
r-release-osx-x86_64-snowleopard 0.2 NOTE
r-release-windows-ix86+x86_64 0.2 2.00 15.00 17.00 NOTE
r-oldrel-windows-ix86+x86_64 0.2 2.00 24.00 26.00 NOTE

Check Details

Version: 0.2
Check: top-level files
Result: NOTE
    File
     LICENSE
    is not mentioned in the DESCRIPTION file.
Flavors: r-devel-windows-ix86+x86_64, r-release-windows-ix86+x86_64, r-oldrel-windows-ix86+x86_64

Version: 0.2
Check: dependencies in R code
Result: NOTE
    Package in Depends field not imported from: 'sm'
     These packages need to be imported from (in the NAMESPACE file)
     for when this namespace is loaded but not attached.
Flavors: r-devel-windows-ix86+x86_64, r-release-windows-ix86+x86_64, r-oldrel-windows-ix86+x86_64

Version: 0.2
Check: R code for possible problems
Result: NOTE
    vioplot: warning in axis(1, at = at, label = label): partial argument
     match of 'label' to 'labels'
    vioplot: warning in axis(2, at = at, label = label): partial argument
     match of 'label' to 'labels'
Flavors: r-devel-windows-ix86+x86_64, r-release-windows-ix86+x86_64, r-oldrel-windows-ix86+x86_64