CRAN Package Check Results for Package vioplot

Last updated on 2015-07-05 08:47:42.

Flavor Version Tinstall Tcheck Ttotal Status Flags
r-devel-linux-x86_64-debian-clang 0.2 0.49 8.76 9.25 NOTE
r-devel-linux-x86_64-debian-gcc 0.2 0.46 8.12 8.58 NOTE
r-devel-linux-x86_64-fedora-clang 0.2 16.72 NOTE
r-devel-linux-x86_64-fedora-gcc 0.2 15.53 NOTE
r-devel-osx-x86_64-clang 0.2 16.51 NOTE
r-devel-windows-ix86+x86_64 0.2 3.00 14.00 17.00 NOTE
r-patched-linux-x86_64 0.2 0.47 8.63 9.10 NOTE
r-patched-solaris-sparc 0.2 110.30 NOTE
r-patched-solaris-x86 0.2 26.60 NOTE
r-release-linux-x86_64 0.2 0.48 8.52 9.00 NOTE
r-release-osx-x86_64-mavericks 0.2 NOTE
r-release-windows-ix86+x86_64 0.2 3.00 16.00 19.00 NOTE
r-oldrel-windows-ix86+x86_64 0.2 3.00 28.00 31.00 NOTE

Check Details

Version: 0.2
Check: DESCRIPTION meta-information
Result: NOTE
    Deprecated license: BSD
Flavors: r-devel-linux-x86_64-debian-clang, r-devel-linux-x86_64-debian-gcc, r-devel-linux-x86_64-fedora-clang, r-devel-linux-x86_64-fedora-gcc, r-devel-osx-x86_64-clang, r-patched-linux-x86_64, r-patched-solaris-sparc, r-patched-solaris-x86, r-release-linux-x86_64, r-release-osx-x86_64-mavericks

Version: 0.2
Check: top-level files
Result: NOTE
    File
     LICENSE
    is not mentioned in the DESCRIPTION file.
Flavors: r-devel-linux-x86_64-debian-clang, r-devel-linux-x86_64-debian-gcc, r-devel-linux-x86_64-fedora-clang, r-devel-linux-x86_64-fedora-gcc, r-devel-osx-x86_64-clang, r-devel-windows-ix86+x86_64, r-patched-linux-x86_64, r-patched-solaris-sparc, r-patched-solaris-x86, r-release-linux-x86_64, r-release-osx-x86_64-mavericks, r-release-windows-ix86+x86_64, r-oldrel-windows-ix86+x86_64

Version: 0.2
Check: dependencies in R code
Result: NOTE
    Package in Depends field not imported from: ‘sm’
     These packages need to be imported from (in the NAMESPACE file)
     for when this namespace is loaded but not attached.
Flavors: r-devel-linux-x86_64-debian-clang, r-devel-linux-x86_64-debian-gcc, r-devel-linux-x86_64-fedora-clang, r-devel-linux-x86_64-fedora-gcc, r-devel-osx-x86_64-clang, r-devel-windows-ix86+x86_64, r-patched-linux-x86_64, r-patched-solaris-sparc, r-patched-solaris-x86, r-release-linux-x86_64, r-release-osx-x86_64-mavericks, r-release-windows-ix86+x86_64, r-oldrel-windows-ix86+x86_64

Version: 0.2
Check: R code for possible problems
Result: NOTE
    vioplot: no visible global function definition for ‘quantile’
    vioplot: no visible global function definition for ‘median’
    vioplot: no visible global function definition for ‘plot.new’
    vioplot: no visible global function definition for ‘plot.window’
    vioplot: no visible global function definition for ‘axis’
    vioplot: no visible global function definition for ‘box’
    vioplot: no visible global function definition for ‘polygon’
    vioplot: no visible global function definition for ‘lines’
    vioplot: no visible global function definition for ‘rect’
    vioplot: no visible global function definition for ‘points’
    Undefined global functions or variables:
     axis box lines median plot.new plot.window points polygon quantile
     rect
Flavors: r-devel-linux-x86_64-debian-clang, r-devel-linux-x86_64-debian-gcc, r-devel-linux-x86_64-fedora-clang, r-devel-linux-x86_64-fedora-gcc, r-devel-windows-ix86+x86_64

Version: 0.2
Check: R code for possible problems
Result: NOTE
    vioplot: warning in axis(1, at = at, label = label): partial argument
     match of 'label' to 'labels'
    vioplot: warning in axis(2, at = at, label = label): partial argument
     match of 'label' to 'labels'
Flavors: r-devel-osx-x86_64-clang, r-patched-linux-x86_64, r-patched-solaris-sparc, r-patched-solaris-x86, r-release-linux-x86_64, r-release-osx-x86_64-mavericks, r-release-windows-ix86+x86_64, r-oldrel-windows-ix86+x86_64