CRAN Package Check Results for Package tripack

Last updated on 2015-07-04 14:50:43.

Flavor Version Tinstall Tcheck Ttotal Status Flags
r-devel-linux-x86_64-debian-clang 1.3-6 3.97 14.45 18.42 NOTE
r-devel-linux-x86_64-debian-gcc 1.3-6 4.03 13.83 17.86 NOTE
r-devel-linux-x86_64-fedora-clang 1.3-6 31.56 NOTE
r-devel-linux-x86_64-fedora-gcc 1.3-6 30.05 NOTE
r-devel-osx-x86_64-clang 1.3-6 29.48 NOTE
r-devel-windows-ix86+x86_64 1.3-6 27.00 31.00 58.00 NOTE
r-patched-linux-x86_64 1.3-6 3.90 14.45 18.34 NOTE
r-patched-solaris-sparc 1.3-6 209.00 NOTE
r-patched-solaris-x86 1.3-6 44.80 NOTE
r-release-linux-x86_64 1.3-6 4.06 14.46 18.52 NOTE
r-release-osx-x86_64-mavericks 1.3-6 NOTE
r-release-windows-ix86+x86_64 1.3-6 19.00 32.00 51.00 NOTE
r-oldrel-windows-ix86+x86_64 1.3-6 25.00 37.00 62.00 OK

Check Details

Version: 1.3-6
Check: DESCRIPTION meta-information
Result: NOTE
    Malformed Description field: should contain one or more complete sentences.
Flavors: r-devel-linux-x86_64-debian-clang, r-devel-linux-x86_64-debian-gcc, r-devel-linux-x86_64-fedora-clang, r-devel-linux-x86_64-fedora-gcc, r-devel-osx-x86_64-clang, r-devel-windows-ix86+x86_64, r-patched-linux-x86_64, r-patched-solaris-sparc, r-patched-solaris-x86, r-release-linux-x86_64, r-release-osx-x86_64-mavericks, r-release-windows-ix86+x86_64

Version: 1.3-6
Check: S3 generic/method consistency
Result: NOTE
    Found the following apparent S3 methods exported but not registered:
     identify.tri plot.voronoi.polygons print.summary.tri
     print.summary.voronoi
    See section ‘Registering S3 methods’ in the ‘Writing R Extensions’
    manual.
Flavors: r-devel-linux-x86_64-debian-clang, r-devel-linux-x86_64-debian-gcc, r-devel-linux-x86_64-fedora-clang, r-devel-linux-x86_64-fedora-gcc, r-devel-osx-x86_64-clang, r-patched-linux-x86_64, r-patched-solaris-sparc, r-patched-solaris-x86, r-release-linux-x86_64

Version: 1.3-6
Check: R code for possible problems
Result: NOTE
    circles: no visible global function definition for ‘lines’
    circumcircle : circumcircle3: no visible global function definition for
     ‘dist’
    circumcircle: no visible global function definition for ‘dist’
    circumcircle: no visible global function definition for ‘par’
    circumcircle: no visible global function definition for ‘points’
    convex.hull: no visible global function definition for ‘plot.new’
    convex.hull: no visible global function definition for ‘plot.window’
    convex.hull: no visible global function definition for ‘lines’
    identify.tri: no visible global function definition for ‘identify’
    plot.tri: no visible global function definition for ‘plot.new’
    plot.tri: no visible global function definition for ‘plot.window’
    plot.tri: no visible global function definition for ‘lines’
    plot.tri: no visible global function definition for ‘points’
    plot.tri: no visible global function definition for ‘text’
    plot.tri: no visible global function definition for ‘title’
    plot.voronoi: no visible global function definition for ‘plot.new’
    plot.voronoi: no visible global function definition for ‘plot.window’
    plot.voronoi: no visible global function definition for ‘points’
    plot.voronoi: no visible global function definition for ‘lines’
    plot.voronoi: no visible global function definition for ‘title’
    plot.voronoi.polygons: no visible global function definition for ‘plot’
    plot.voronoi.polygons: no visible global function definition for
     ‘heat.colors’
    plot.voronoi.polygons: no visible global function definition for
     ‘polygon’
    plot.voronoi.polygons: no visible global function definition for ‘text’
    plot.voronoi.polygons: no visible global function definition for
     ‘title’
    tri.mesh: no visible global function definition for ‘hist’
    Undefined global functions or variables:
     dist heat.colors hist identify lines par plot plot.new plot.window
     points polygon text title
Flavors: r-devel-linux-x86_64-debian-clang, r-devel-linux-x86_64-debian-gcc, r-devel-linux-x86_64-fedora-clang, r-devel-linux-x86_64-fedora-gcc