CRAN Package Check Results for Package tripack

Last updated on 2015-03-30 03:49:28.

Flavor Version Tinstall Tcheck Ttotal Status Flags
r-devel-linux-x86_64-debian-clang 1.3-6 4.06 14.61 18.68 NOTE
r-devel-linux-x86_64-debian-gcc 1.3-6 3.86 14.13 17.99 NOTE
r-devel-linux-x86_64-fedora-clang 1.3-6 33.60 NOTE
r-devel-linux-x86_64-fedora-gcc 1.3-6 31.48 NOTE
r-devel-osx-x86_64-clang 1.3-6 38.97 NOTE
r-prerel-windows-ix86+x86_64 1.3-6 24.00 30.00 54.00 NOTE
r-prerel-linux-x86_64 1.3-6 3.65 13.96 17.62 NOTE
r-prerel-solaris-sparc 1.3-6 211.70 NOTE
r-prerel-solaris-x86 1.3-6 44.30 NOTE
r-release-linux-x86_64 1.3-6 4.32 15.80 20.12 OK
r-release-osx-x86_64-mavericks 1.3-6 OK
r-release-windows-ix86+x86_64 1.3-6 25.00 37.00 62.00 OK
r-oldrel-windows-ix86+x86_64 1.3-6 18.00 33.00 51.00 OK

Check Details

Version: 1.3-6
Check: DESCRIPTION meta-information
Result: NOTE
    Malformed Description field: should contain one or more complete sentences.
Flavors: r-devel-linux-x86_64-debian-clang, r-devel-linux-x86_64-debian-gcc, r-devel-linux-x86_64-fedora-clang, r-devel-linux-x86_64-fedora-gcc, r-devel-osx-x86_64-clang, r-prerel-windows-ix86+x86_64, r-prerel-linux-x86_64, r-prerel-solaris-sparc, r-prerel-solaris-x86

Version: 1.3-6
Check: S3 generic/method consistency
Result: NOTE
    Found the following apparent S3 methods exported but not registered:
     identify.tri plot.voronoi.polygons print.summary.tri
     print.summary.voronoi
    See section ‘Registering S3 methods’ in the ‘Writing R Extensions’
    manual.
Flavors: r-devel-linux-x86_64-debian-clang, r-devel-linux-x86_64-debian-gcc, r-devel-linux-x86_64-fedora-clang, r-devel-linux-x86_64-fedora-gcc, r-devel-osx-x86_64-clang, r-prerel-linux-x86_64