CRAN Package Check Results for Package tpe

Last updated on 2015-04-27 11:48:57.

Flavor Version Tinstall Tcheck Ttotal Status Flags
r-devel-linux-x86_64-debian-clang 1.0.1 1.04 11.23 12.27 NOTE
r-devel-linux-x86_64-debian-gcc 1.0.1 1.03 11.59 12.62 NOTE
r-devel-linux-x86_64-fedora-clang 1.0.1 23.20 NOTE
r-devel-linux-x86_64-fedora-gcc 1.0.1 21.69 NOTE
r-devel-osx-x86_64-clang 1.0.1 24.91 NOTE
r-devel-windows-ix86+x86_64 1.0.1 4.00 18.00 22.00 OK
r-patched-linux-x86_64 1.0.1 1.03 11.11 12.14 NOTE
r-patched-solaris-sparc 1.0.1 157.90 NOTE
r-patched-solaris-x86 1.0.1 34.80 NOTE
r-release-linux-x86_64 1.0.1 1.03 11.25 12.28 NOTE
r-release-osx-x86_64-mavericks 1.0.1 NOTE
r-release-osx-x86_64-snowleopard 1.0.1 NOTE
r-release-windows-ix86+x86_64 1.0.1 3.00 20.00 23.00 OK
r-oldrel-windows-ix86+x86_64 1.0.1 5.00 20.00 25.00 OK

Check Details

Version: 1.0.1
Check: DESCRIPTION meta-information
Result: NOTE
    License components which are templates and need '+ file LICENSE':
     MIT
Flavors: r-devel-linux-x86_64-debian-clang, r-devel-linux-x86_64-debian-gcc, r-devel-linux-x86_64-fedora-clang, r-devel-linux-x86_64-fedora-gcc, r-devel-osx-x86_64-clang, r-patched-solaris-sparc, r-patched-solaris-x86, r-release-linux-x86_64, r-release-osx-x86_64-mavericks, r-release-osx-x86_64-snowleopard