CRAN Package Check Results for Package tpe

Last updated on 2015-05-24 03:48:19.

Flavor Version Tinstall Tcheck Ttotal Status Flags
r-devel-linux-x86_64-debian-clang 1.0.1 1.12 11.53 12.65 NOTE
r-devel-linux-x86_64-debian-gcc 1.0.1 1.03 11.30 12.33 NOTE
r-devel-linux-x86_64-fedora-clang 1.0.1 22.81 NOTE
r-devel-linux-x86_64-fedora-gcc 1.0.1 22.48 NOTE
r-devel-osx-x86_64-clang 1.0.1 25.00 NOTE
r-devel-windows-ix86+x86_64 1.0.1 4.00 18.00 22.00 OK
r-patched-linux-x86_64 1.0.1 1.02 11.03 12.05 NOTE
r-patched-solaris-sparc 1.0.1 150.20 NOTE
r-patched-solaris-x86 1.0.1 34.70 NOTE
r-release-linux-x86_64 1.0.1 1.04 11.45 12.49 NOTE
r-release-osx-x86_64-mavericks 1.0.1 NOTE
r-release-osx-x86_64-snowleopard 1.0.1 NOTE
r-release-windows-ix86+x86_64 1.0.1 3.00 20.00 23.00 OK
r-oldrel-windows-ix86+x86_64 1.0.1 5.00 20.00 25.00 OK

Check Details

Version: 1.0.1
Check: DESCRIPTION meta-information
Result: NOTE
    License components which are templates and need '+ file LICENSE':
     MIT
Flavors: r-devel-linux-x86_64-debian-clang, r-devel-linux-x86_64-debian-gcc, r-devel-linux-x86_64-fedora-clang, r-devel-linux-x86_64-fedora-gcc, r-devel-osx-x86_64-clang, r-patched-linux-x86_64, r-patched-solaris-sparc, r-patched-solaris-x86, r-release-linux-x86_64, r-release-osx-x86_64-mavericks, r-release-osx-x86_64-snowleopard