CRAN Package Check Results for Package tpe

Last updated on 2014-09-17 03:47:50.

Flavor Version Tinstall Tcheck Ttotal Status Flags
r-devel-linux-x86_64-debian-clang 1.0.1 1.25 11.52 12.77 NOTE
r-devel-linux-x86_64-debian-gcc 1.0.1 1.03 11.01 12.04 NOTE
r-devel-linux-x86_64-fedora-clang 1.0.1 23.48 NOTE
r-devel-linux-x86_64-fedora-gcc 1.0.1 22.51 NOTE
r-devel-osx-x86_64-clang 1.0.1 25.69 NOTE
r-devel-windows-ix86+x86_64 1.0.1 3.00 19.00 22.00 OK
r-patched-linux-x86_64 1.0.1 1.17 11.09 12.26 NOTE
r-patched-solaris-sparc 1.0.1 138.90 NOTE
r-patched-solaris-x86 1.0.1 36.20 NOTE
r-release-linux-ix86 1.0.1 1.73 17.98 19.71 NOTE
r-release-linux-x86_64 1.0.1 1.08 11.30 12.38 NOTE
r-release-osx-x86_64-mavericks 1.0.1 NOTE
r-release-windows-ix86+x86_64 1.0.1 4.00 25.00 29.00 OK
r-oldrel-windows-ix86+x86_64 1.0.1 3.00 19.00 22.00 OK

Check Details

Version: 1.0.1
Check: DESCRIPTION meta-information
Result: NOTE
    License components which are templates and need '+ file LICENSE':
     MIT
Flavors: r-devel-linux-x86_64-debian-clang, r-devel-linux-x86_64-debian-gcc, r-devel-linux-x86_64-fedora-clang, r-devel-linux-x86_64-fedora-gcc, r-devel-osx-x86_64-clang, r-patched-linux-x86_64, r-patched-solaris-sparc, r-patched-solaris-x86, r-release-linux-ix86, r-release-linux-x86_64, r-release-osx-x86_64-mavericks