CRAN Package Check Results for Package tpe

Last updated on 2014-04-17 06:46:59.

Flavor Version Tinstall Tcheck Ttotal Status Flags
r-devel-linux-x86_64-debian-clang 1.0.1 1.18 11.64 12.82 NOTE
r-devel-linux-x86_64-debian-gcc 1.0.1 1.24 11.39 12.63 NOTE
r-devel-linux-x86_64-fedora-clang 1.0.1 24.29 NOTE
r-devel-linux-x86_64-fedora-gcc 1.0.1 23.39 NOTE
r-devel-macosx-x86_64-clang 1.0.1 26.64 NOTE
r-devel-macosx-x86_64-gcc 1.0.1 NOTE
r-devel-windows-ix86+x86_64 1.0.1 3.00 19.00 22.00 OK
r-patched-linux-x86_64 1.0.1 1.12 11.56 12.68 NOTE
r-patched-solaris-sparc 1.0.1 138.20 NOTE
r-patched-solaris-x86 1.0.1 35.10 NOTE
r-release-linux-ix86 1.0.1 3.00 25.00 28.00 NOTE
r-release-linux-x86_64 1.0.1 1.12 11.45 12.56 NOTE
r-release-windows-ix86+x86_64 1.0.1 5.00 19.00 24.00 OK
r-oldrel-windows-ix86+x86_64 1.0.1 3.00 19.00 22.00 OK

Check Details

Version: 1.0.1
Check: DESCRIPTION meta-information
Result: NOTE
    License components which are templates and need '+ file LICENSE':
     MIT
Flavors: r-devel-linux-x86_64-debian-clang, r-devel-linux-x86_64-debian-gcc, r-devel-linux-x86_64-fedora-clang, r-devel-linux-x86_64-fedora-gcc, r-devel-macosx-x86_64-clang, r-devel-macosx-x86_64-gcc, r-patched-linux-x86_64, r-patched-solaris-sparc, r-patched-solaris-x86, r-release-linux-ix86, r-release-linux-x86_64