CRAN Package Check Results for Package tpe

Last updated on 2015-02-01 11:47:28.

Flavor Version Tinstall Tcheck Ttotal Status Flags
r-devel-linux-x86_64-debian-clang 1.0.1 1.07 11.14 12.21 NOTE
r-devel-linux-x86_64-debian-gcc 1.0.1 1.07 10.97 12.04 NOTE
r-devel-linux-x86_64-fedora-clang 1.0.1 25.71 NOTE
r-devel-linux-x86_64-fedora-gcc 1.0.1 22.21 NOTE
r-devel-osx-x86_64-clang 1.0.1 30.17 NOTE
r-devel-windows-ix86+x86_64 1.0.1 3.00 20.00 23.00 OK
r-patched-linux-x86_64 1.0.1 1.19 12.03 13.22 NOTE
r-patched-solaris-sparc 1.0.1 145.50 NOTE
r-patched-solaris-x86 1.0.1 37.90 NOTE
r-release-linux-ix86 1.0.1 1.70 18.00 19.70 NOTE
r-release-linux-x86_64 1.0.1 1.55 11.81 13.36 NOTE
r-release-osx-x86_64-mavericks 1.0.1 NOTE
r-release-windows-ix86+x86_64 1.0.1 3.00 24.00 27.00 OK
r-oldrel-windows-ix86+x86_64 1.0.1 3.00 19.00 22.00 OK

Check Details

Version: 1.0.1
Check: DESCRIPTION meta-information
Result: NOTE
    License components which are templates and need '+ file LICENSE':
     MIT
Flavors: r-devel-linux-x86_64-debian-clang, r-devel-linux-x86_64-debian-gcc, r-devel-linux-x86_64-fedora-clang, r-devel-linux-x86_64-fedora-gcc, r-devel-osx-x86_64-clang, r-patched-linux-x86_64, r-patched-solaris-sparc, r-patched-solaris-x86, r-release-linux-ix86, r-release-linux-x86_64, r-release-osx-x86_64-mavericks