CRAN Package Check Results for Package tkrgl

Last updated on 2015-04-21 02:48:50.

Flavor Version Tinstall Tcheck Ttotal Status Flags
r-devel-linux-x86_64-debian-clang 0.7 0.69 10.01 10.70 NOTE
r-devel-linux-x86_64-debian-gcc 0.7 0.68 9.87 10.54 NOTE
r-devel-linux-x86_64-fedora-clang 0.7 20.91 NOTE
r-devel-linux-x86_64-fedora-gcc 0.7 19.82 NOTE
r-devel-osx-x86_64-clang 0.7 25.84 NOTE
r-devel-windows-ix86+x86_64 0.7 4.00 20.00 24.00 NOTE
r-patched-linux-x86_64 0.7 0.68 9.96 10.64 NOTE
r-patched-solaris-sparc 0.7 158.40 NOTE
r-patched-solaris-x86 0.7 35.40 NOTE
r-release-linux-x86_64 0.7 0.69 10.07 10.76 NOTE
r-release-osx-x86_64-mavericks 0.7 NOTE
r-release-osx-x86_64-snowleopard 0.7 NOTE
r-release-windows-ix86+x86_64 0.7 2.00 16.00 18.00 NOTE
r-oldrel-windows-ix86+x86_64 0.7 3.00 21.00 24.00 NOTE

Check Details

Version: 0.7
Check: DESCRIPTION meta-information
Result: NOTE
    Malformed Description field: should contain one or more complete sentences.
Flavors: r-devel-linux-x86_64-debian-clang, r-devel-linux-x86_64-debian-gcc, r-devel-linux-x86_64-fedora-clang, r-devel-linux-x86_64-fedora-gcc, r-devel-osx-x86_64-clang, r-devel-windows-ix86+x86_64, r-patched-linux-x86_64, r-patched-solaris-sparc, r-patched-solaris-x86, r-release-linux-x86_64, r-release-osx-x86_64-mavericks, r-release-osx-x86_64-snowleopard, r-release-windows-ix86+x86_64

Version: 0.7
Check: dependencies in R code
Result: NOTE
    Packages in Depends field not imported from:
     ‘rgl’ ‘tcltk’
     These packages need to be imported from (in the NAMESPACE file)
     for when this namespace is loaded but not attached.
Flavors: r-devel-linux-x86_64-debian-clang, r-devel-linux-x86_64-debian-gcc, r-devel-linux-x86_64-fedora-clang, r-devel-linux-x86_64-fedora-gcc, r-devel-osx-x86_64-clang, r-devel-windows-ix86+x86_64, r-patched-linux-x86_64, r-patched-solaris-sparc, r-patched-solaris-x86, r-release-linux-x86_64, r-release-osx-x86_64-mavericks, r-release-osx-x86_64-snowleopard, r-release-windows-ix86+x86_64, r-oldrel-windows-ix86+x86_64

Version: 0.7
Check: R code for possible problems
Result: NOTE
    par3dsave: no visible global function definition for ‘rgl.cur’
    par3dsave : RecordParms: no visible global function definition for
     ‘par3d’
    par3dsave: no visible global function definition for ‘tktoplevel’
    par3dsave: no visible global function definition for ‘tkwm.title’
    par3dsave: no visible global function definition for ‘tklabel’
    par3dsave: no visible global function definition for ‘tkframe’
    par3dsave: no visible global function definition for ‘tkbutton’
    par3dsave : <anonymous>: no visible global function definition for
     ‘tkdestroy’
    par3dsave: no visible global function definition for ‘tkpack’
    par3dsave: no visible global function definition for ‘tkwait.window’
    spin3d: no visible global function definition for ‘rgl.cur’
    spin3d: no visible global function definition for ‘tktoplevel’
    spin3d: no visible global function definition for ‘tkwm.title’
    spin3d: no visible global function definition for ‘tkbutton’
    spin3d : <anonymous>: no visible global function definition for
     ‘tkdestroy’
    spin3d: no visible global function definition for ‘tkpack’
    spinControl: no visible global function definition for ‘rgl.cur’
    spinControl: no visible global function definition for ‘tclVar’
    spinControl : getZooms: no visible global function definition for
     ‘rgl.cur’
    spinControl : getZooms: no visible global function definition for
     ‘rgl.set’
    spinControl : getZooms: no visible global function definition for
     ‘par3d’
    spinControl : rotateUp: no visible global function definition for
     ‘tclObj’
    spinControl : rotateUp: no visible global function definition for
     ‘par3d’
    spinControl : rotateUp: no visible global function definition for
     ‘rotationMatrix’
    spinControl : rotateLeft: no visible global function definition for
     ‘tclObj’
    spinControl : rotateLeft: no visible global function definition for
     ‘par3d’
    spinControl : rotateLeft: no visible global function definition for
     ‘rotationMatrix’
    spinControl : rotateRight: no visible global function definition for
     ‘tclObj’
    spinControl : rotateRight: no visible global function definition for
     ‘par3d’
    spinControl : rotateRight: no visible global function definition for
     ‘rotationMatrix’
    spinControl : rotateSpin: no visible global function definition for
     ‘tclObj’
    spinControl : rotateSpin: no visible global function definition for
     ‘par3d’
    spinControl : rotateSpin: no visible global function definition for
     ‘rotationMatrix’
    spinControl : rotateDown: no visible global function definition for
     ‘tclObj’
    spinControl : rotateDown: no visible global function definition for
     ‘par3d’
    spinControl : rotateDown: no visible global function definition for
     ‘rotationMatrix’
    spinControl : rotate: no visible global function definition for
     ‘rgl.cur’
    spinControl : rotate: no visible global function definition for
     ‘rgl.set’
    spinControl : rotate: no visible global function definition for ‘tcl’
    spinControl : onIdle: no visible global function definition for
     ‘tclObj’
    spinControl : onIdle: no visible global function definition for ‘tcl’
    spinControl : buttonRelease: no visible global function definition for
     ‘tclObj’
    spinControl : buttonRelease: no visible global function definition for
     ‘tcl’
    spinControl : resetAxis: no visible global function definition for
     ‘rgl.cur’
    spinControl : resetAxis: no visible global function definition for
     ‘rgl.set’
    spinControl : resetAxis: no visible global function definition for
     ‘par3d’
    spinControl : setScale: no visible global function definition for
     ‘rgl.cur’
    spinControl : setScale: no visible global function definition for
     ‘rgl.set’
    spinControl : setScale: no visible global function definition for
     ‘tclObj’
    spinControl : setScale: no visible global function definition for
     ‘par3d’
    spinControl: no visible global function definition for ‘tkframe’
    spinControl: no visible global function definition for ‘tkbutton’
    spinControl: no visible global function definition for ‘tkgrid’
    spinControl: no visible global function definition for ‘tklabel’
    spinControl: no visible global function definition for ‘tkbind’
    spinControl: no visible global function definition for ‘tkpack’
    spinControl: no visible global function definition for ‘tkcheckbutton’
    spinControl: no visible global function definition for ‘tkscale’
Flavors: r-devel-linux-x86_64-debian-clang, r-devel-linux-x86_64-debian-gcc, r-devel-linux-x86_64-fedora-clang, r-devel-linux-x86_64-fedora-gcc, r-devel-osx-x86_64-clang, r-devel-windows-ix86+x86_64, r-patched-linux-x86_64, r-patched-solaris-sparc, r-patched-solaris-x86, r-release-linux-x86_64, r-release-osx-x86_64-mavericks, r-release-osx-x86_64-snowleopard, r-release-windows-ix86+x86_64, r-oldrel-windows-ix86+x86_64

Version: 0.7
Check: Rd line widths
Result: NOTE
    Rd file 'par3dsave.Rd':
     \usage lines wider than 90 characters:
     par3dsave(params = c("userMatrix", "scale", "zoom", "FOV"), times = FALSE, dev = rgl.cur())
    
    These lines will be truncated in the PDF manual.
Flavors: r-devel-linux-x86_64-debian-clang, r-devel-linux-x86_64-debian-gcc, r-devel-linux-x86_64-fedora-clang, r-devel-linux-x86_64-fedora-gcc, r-patched-linux-x86_64, r-release-linux-x86_64