CRAN Package Check Results for Package strucchange

Last updated on 2015-07-05 03:47:47.

Flavor Version Tinstall Tcheck Ttotal Status Flags
r-devel-linux-x86_64-debian-clang 1.5-1 1.46 52.96 54.42 NOTE
r-devel-linux-x86_64-debian-gcc 1.5-1 1.44 50.85 52.30 NOTE
r-devel-linux-x86_64-fedora-clang 1.5-1 100.45 NOTE
r-devel-linux-x86_64-fedora-gcc 1.5-1 87.78 NOTE
r-devel-osx-x86_64-clang 1.5-1 70.95 NOTE
r-devel-windows-ix86+x86_64 1.5-1 4.00 75.00 79.00 NOTE
r-patched-linux-x86_64 1.5-1 2.00 50.68 52.68 NOTE
r-patched-solaris-sparc 1.5-1 535.50 NOTE
r-patched-solaris-x86 1.5-1 115.60 NOTE
r-release-linux-x86_64 1.5-1 1.42 51.40 52.81 NOTE
r-release-osx-x86_64-mavericks 1.5-1 NOTE
r-release-windows-ix86+x86_64 1.5-1 8.00 78.00 86.00 NOTE
r-oldrel-windows-ix86+x86_64 1.5-1 5.00 82.00 87.00 NOTE

Check Details

Version: 1.5-1
Check: R code for possible problems
Result: NOTE
    breakpoints.formula: no visible global function definition for
     ‘%dopar%’
    breakpoints.formula: no visible binding for global variable ‘i’
    efpFunctional: multiple local function definitions for ‘plotProcess’
     with different formal arguments
    mefp.efp: multiple local function definitions for ‘computeEmpProc’ with
     different formal arguments
    sctest.default: no visible global function definition for ‘tail’
    Undefined global functions or variables:
     %dopar% i tail
Flavors: r-devel-linux-x86_64-debian-clang, r-devel-linux-x86_64-debian-gcc, r-devel-linux-x86_64-fedora-clang, r-devel-linux-x86_64-fedora-gcc, r-devel-windows-ix86+x86_64

Version: 1.5-1
Check: R code for possible problems
Result: NOTE
    breakpoints.formula: no visible global function definition for
     ‘%dopar%’
    breakpoints.formula: no visible binding for global variable ‘i’
    efpFunctional: multiple local function definitions for ‘plotProcess’
     with different formal arguments
    mefp.efp: multiple local function definitions for ‘computeEmpProc’ with
     different formal arguments
    Undefined global functions or variables:
     %dopar% i
Flavor: r-devel-osx-x86_64-clang

Version: 1.5-1
Check: R code for possible problems
Result: NOTE
    breakpoints.formula: no visible global function definition for
     ‘%dopar%’
    breakpoints.formula: no visible binding for global variable ‘i’
    efpFunctional: multiple local function definitions for ‘plotProcess’
     with different formal arguments
    mefp.efp: multiple local function definitions for ‘computeEmpProc’ with
     different formal arguments
Flavors: r-patched-linux-x86_64, r-patched-solaris-sparc, r-patched-solaris-x86, r-release-linux-x86_64, r-release-osx-x86_64-mavericks, r-release-windows-ix86+x86_64, r-oldrel-windows-ix86+x86_64