CRAN Package Check Results for Package signal

Last updated on 2015-07-03 23:47:53.

Flavor Version Tinstall Tcheck Ttotal Status Flags
r-devel-linux-x86_64-debian-clang 0.7-5 1.72 18.14 19.85 NOTE
r-devel-linux-x86_64-debian-gcc 0.7-5 1.72 18.84 20.56 NOTE
r-devel-linux-x86_64-fedora-clang 0.7-5 39.61 NOTE
r-devel-linux-x86_64-fedora-gcc 0.7-5 37.06 NOTE
r-devel-osx-x86_64-clang 0.7-5 34.20 OK
r-devel-windows-ix86+x86_64 0.7-5 19.00 40.00 59.00 NOTE
r-patched-linux-x86_64 0.7-5 1.80 19.82 21.62 OK
r-patched-solaris-sparc 0.7-5 225.20 OK
r-patched-solaris-x86 0.7-5 55.10 OK
r-release-linux-x86_64 0.7-5 1.76 19.98 21.74 OK
r-release-osx-x86_64-mavericks 0.7-5 OK
r-release-windows-ix86+x86_64 0.7-5 17.00 40.00 57.00 OK
r-oldrel-windows-ix86+x86_64 0.7-5 11.00 42.00 53.00 OK

Check Details

Version: 0.7-5
Check: R code for possible problems
Result: NOTE
    chebwin: no visible global function definition for ‘fft’
    conv: no visible global function definition for ‘fft’
    fftfilt: no visible global function definition for ‘fft’
    filter.MedianFilter: no visible global function definition for ‘runmed’
    filter.default: no visible global function definition for ‘na.omit’
    fir2: no visible global function definition for ‘approx’
    fir2: no visible global function definition for ‘fft’
    freqz.default: no visible global function definition for ‘fft’
    grpdelay.default: no visible global function definition for ‘fft’
    ifft: no visible global function definition for ‘fft’
    interp1 : lookup: no visible global function definition for ‘approx’
    interp1: no visible global function definition for ‘approx’
    interp1: no visible global function definition for ‘splinefun’
    medfilt1: no visible global function definition for ‘runmed’
    ncauer : ellip_ws: no visible global function definition for ‘optimize’
    ppval : lookup: no visible global function definition for ‘approx’
    print.grpdelay: no visible global function definition for ‘head’
    specgram: no visible global function definition for ‘mvfft’
    Undefined global functions or variables:
     approx fft head mvfft na.omit optimize runmed splinefun
Flavors: r-devel-linux-x86_64-debian-clang, r-devel-linux-x86_64-debian-gcc, r-devel-linux-x86_64-fedora-clang, r-devel-linux-x86_64-fedora-gcc, r-devel-windows-ix86+x86_64