CRAN Package Check Results for Package signal

Last updated on 2015-04-28 03:47:33.

Flavor Version Tinstall Tcheck Ttotal Status Flags
r-devel-linux-x86_64-debian-clang 0.7-4 1.77 20.52 22.29 NOTE
r-devel-linux-x86_64-debian-gcc 0.7-4 1.91 20.29 22.20 NOTE
r-devel-linux-x86_64-fedora-clang 0.7-4 41.33 NOTE
r-devel-linux-x86_64-fedora-gcc 0.7-4 38.71 NOTE
r-devel-osx-x86_64-clang 0.7-4 40.99 NOTE
r-devel-windows-ix86+x86_64 0.7-4 10.00 41.00 51.00 NOTE
r-patched-linux-x86_64 0.7-4 1.70 19.92 21.62 NOTE
r-patched-solaris-sparc 0.7-4 247.00 NOTE
r-patched-solaris-x86 0.7-4 55.10 NOTE
r-release-linux-x86_64 0.7-4 1.77 20.08 21.85 NOTE
r-release-osx-x86_64-mavericks 0.7-4 NOTE
r-release-osx-x86_64-snowleopard 0.7-4 NOTE
r-release-windows-ix86+x86_64 0.7-4 16.00 52.00 68.00 NOTE
r-oldrel-windows-ix86+x86_64 0.7-4 7.00 40.00 47.00 NOTE

Check Details

Version: 0.7-4
Check: dependencies in R code
Result: NOTE
    'library' or 'require' call to ‘pracma’ in package code.
     Please use :: or requireNamespace() instead.
     See section 'Suggested packages' in the 'Writing R Extensions' manual.
Flavors: r-devel-linux-x86_64-debian-clang, r-devel-linux-x86_64-debian-gcc, r-devel-linux-x86_64-fedora-clang, r-devel-linux-x86_64-fedora-gcc, r-devel-osx-x86_64-clang, r-devel-windows-ix86+x86_64, r-patched-solaris-sparc, r-patched-solaris-x86, r-release-linux-x86_64, r-release-osx-x86_64-mavericks, r-release-osx-x86_64-snowleopard, r-release-windows-ix86+x86_64, r-oldrel-windows-ix86+x86_64