CRAN Package Check Results for Package signal

Last updated on 2015-03-27 12:48:44.

Flavor Version Tinstall Tcheck Ttotal Status Flags
r-devel-linux-x86_64-debian-clang 0.7-4 1.76 19.71 21.47 NOTE
r-devel-linux-x86_64-debian-gcc 0.7-4 1.72 20.27 21.99 NOTE
r-devel-linux-x86_64-fedora-clang 0.7-4 42.31 NOTE
r-devel-linux-x86_64-fedora-gcc 0.7-4 40.77 NOTE
r-devel-osx-x86_64-clang 0.7-4 45.51 NOTE
r-prerel-windows-ix86+x86_64 0.7-4 13.00 43.00 56.00 NOTE
r-prerel-linux-x86_64 0.7-4 1.76 20.35 22.12 NOTE
r-prerel-solaris-sparc 0.7-4 247.00 NOTE
r-prerel-solaris-x86 0.7-4 54.90 NOTE
r-release-linux-x86_64 0.7-4 2.01 22.11 24.12 NOTE
r-release-osx-x86_64-mavericks 0.7-4 OK
r-release-osx-x86_64-snowleopard 0.7-4 OK
r-release-windows-ix86+x86_64 0.7-4 9.00 40.00 49.00 NOTE
r-oldrel-windows-ix86+x86_64 0.7-4 9.00 45.00 54.00 OK

Check Details

Version: 0.7-4
Check: dependencies in R code
Result: NOTE
    'library' or 'require' call to ‘pracma’ in package code.
     Please use :: or requireNamespace() instead.
     See section 'Suggested packages' in the 'Writing R Extensions' manual.
Flavors: r-devel-linux-x86_64-debian-clang, r-devel-linux-x86_64-debian-gcc, r-devel-linux-x86_64-fedora-clang, r-devel-linux-x86_64-fedora-gcc, r-devel-osx-x86_64-clang, r-prerel-windows-ix86+x86_64, r-prerel-linux-x86_64, r-prerel-solaris-sparc, r-prerel-solaris-x86, r-release-linux-x86_64, r-release-windows-ix86+x86_64