CRAN Package Check Results for Package seqinr

Last updated on 2014-11-26 11:48:46.

Flavor Version Tinstall Tcheck Ttotal Status Flags
r-devel-linux-x86_64-debian-clang 3.0-9 5.51 46.72 52.24 NOTE
r-devel-linux-x86_64-debian-gcc 3.0-9 6.68 47.69 54.36 NOTE
r-devel-linux-x86_64-fedora-clang 3.0-9 106.22 NOTE
r-devel-linux-x86_64-fedora-gcc 3.0-9 102.81 NOTE
r-devel-osx-x86_64-clang 3.0-9 100.35 NOTE
r-devel-windows-ix86+x86_64 3.0-9 35.00 95.00 130.00 NOTE
r-patched-linux-x86_64 3.0-9 6.63 47.18 53.81 NOTE
r-patched-solaris-sparc 3.0-9 483.30 ERROR
r-patched-solaris-x86 3.0-9 132.90 NOTE
r-release-linux-ix86 3.0-9 8.35 56.62 64.96 NOTE
r-release-linux-x86_64 3.0-9 6.61 50.28 56.89 NOTE
r-release-osx-x86_64-mavericks 3.0-9 NOTE
r-release-osx-x86_64-snowleopard 3.0-9 NOTE
r-release-windows-ix86+x86_64 3.0-9 35.00 94.00 129.00 NOTE
r-oldrel-windows-ix86+x86_64 3.0-9 37.00 108.00 145.00 NOTE

Check Details

Version: 3.0-9
Check: installed package size
Result: NOTE
     installed size is 9.3Mb
     sub-directories of 1Mb or more:
     data 1.4Mb
     sequences 6.1Mb
Flavors: r-devel-linux-x86_64-debian-clang, r-devel-linux-x86_64-debian-gcc, r-devel-linux-x86_64-fedora-clang, r-devel-linux-x86_64-fedora-gcc, r-devel-osx-x86_64-clang, r-devel-windows-ix86+x86_64, r-patched-linux-x86_64, r-patched-solaris-sparc, r-patched-solaris-x86, r-release-linux-ix86, r-release-linux-x86_64, r-release-osx-x86_64-mavericks, r-release-osx-x86_64-snowleopard, r-release-windows-ix86+x86_64, r-oldrel-windows-ix86+x86_64

Version: 3.0-9
Check: examples
Result: ERROR
    Running examples in ‘seqinr-Ex.R’ failed
    The error most likely occurred in:
    
    > ### Name: read.abif
    > ### Title: Read ABIF formatted files
    > ### Aliases: read.abif
    >
    > ### ** Examples
    >
    > #
    > # Quality check:
    > #
    >
    > data(JLO)
    > JLO.check <- read.abif(system.file("abif/2_FAC321_0000205983_B02_004.fsa",
    + package = "seqinr"))
    > stopifnot(identical(JLO, JLO.check))
    Error: identical(JLO, JLO.check) is not TRUE
    Execution halted
Flavor: r-patched-solaris-sparc