CRAN Package Check Results for Package seqinr

Last updated on 2015-03-31 23:49:44.

Flavor Version Tinstall Tcheck Ttotal Status Flags
r-devel-linux-x86_64-debian-clang 3.1-3 4.43 43.87 48.30 NOTE
r-devel-linux-x86_64-debian-gcc 3.1-3 3.60 42.04 45.63 NOTE
r-devel-linux-x86_64-fedora-clang 3.1-3 90.39 NOTE
r-devel-linux-x86_64-fedora-gcc 3.1-3 89.62 NOTE
r-devel-osx-x86_64-clang 3.1-3 99.38 NOTE
r-prerel-windows-ix86+x86_64 3.1-3 29.00 101.00 130.00 NOTE
r-prerel-linux-x86_64 3.1-3 3.58 44.19 47.77 NOTE
r-prerel-solaris-sparc 3.1-3 566.50 NOTE
r-prerel-solaris-x86 3.1-3 114.30 NOTE
r-release-linux-x86_64 3.1-3 3.72 45.08 48.81 NOTE
r-release-osx-x86_64-mavericks 3.1-3 OK
r-release-osx-x86_64-snowleopard 3.1-3 OK
r-release-windows-ix86+x86_64 3.1-3 21.00 113.00 134.00 NOTE
r-oldrel-windows-ix86+x86_64 3.1-3 22.00 107.00 129.00 OK

Check Details

Version: 3.1-3
Check: dependencies in R code
Result: NOTE
    'library' or 'require' call to ‘segmented’ in package code.
     Please use :: or requireNamespace() instead.
     See section 'Suggested packages' in the 'Writing R Extensions' manual.
Flavors: r-devel-linux-x86_64-debian-clang, r-devel-linux-x86_64-debian-gcc, r-devel-linux-x86_64-fedora-clang, r-devel-linux-x86_64-fedora-gcc, r-devel-osx-x86_64-clang, r-prerel-windows-ix86+x86_64, r-prerel-linux-x86_64, r-prerel-solaris-sparc, r-prerel-solaris-x86, r-release-linux-x86_64, r-release-windows-ix86+x86_64

Version: 3.1-3
Check: S3 generic/method consistency
Result: NOTE
    Found the following apparent S3 methods exported but not registered:
     as.matrix.alignment getAnnot.SeqAcnucWeb getAnnot.SeqFastaAA
     getAnnot.SeqFastadna getAnnot.default getAnnot.list getAnnot.logical
     getAnnot.qaw getFrag.SeqAcnucWeb getFrag.SeqFastaAA
     getFrag.SeqFastadna getFrag.SeqFrag getFrag.character getFrag.default
     getFrag.list getFrag.logical getFrag.qaw getKeyword.SeqAcnucWeb
     getKeyword.default getKeyword.list getKeyword.logical getKeyword.qaw
     getLength.SeqAcnucWeb getLength.SeqFastaAA getLength.SeqFastadna
     getLength.SeqFrag getLength.character getLength.default
     getLength.list getLength.logical getLength.qaw
     getLocation.SeqAcnucWeb getLocation.default getLocation.list
     getLocation.logical getLocation.qaw getName.SeqAcnucWeb
     getName.SeqFastaAA getName.SeqFastadna getName.SeqFrag
     getName.default getName.list getName.logical getName.qaw
     getSequence.SeqAcnucWeb getSequence.SeqFastaAA
     getSequence.SeqFastadna getSequence.SeqFrag getSequence.character
     getSequence.default getSequence.list getSequence.logical
     getSequence.qaw getTrans.SeqAcnucWeb getTrans.SeqFastadna
     getTrans.SeqFrag getTrans.character getTrans.default getTrans.list
     getTrans.logical getTrans.qaw plot.SeqAcnucWeb print.SeqAcnucWeb
     print.qaw summary.SeqFastaAA summary.SeqFastadna
    See section ‘Registering S3 methods’ in the ‘Writing R Extensions’
    manual.
Flavors: r-devel-linux-x86_64-debian-clang, r-devel-linux-x86_64-debian-gcc, r-devel-linux-x86_64-fedora-clang, r-devel-linux-x86_64-fedora-gcc, r-devel-osx-x86_64-clang, r-prerel-linux-x86_64