CRAN Package Check Results for Package sampling

Last updated on 2015-06-29 23:47:10.

Flavor Version Tinstall Tcheck Ttotal Status Flags
r-devel-linux-x86_64-debian-clang 2.6 1.32 29.31 30.63 NOTE
r-devel-linux-x86_64-debian-gcc 2.6 1.24 28.10 29.34 NOTE
r-devel-linux-x86_64-fedora-clang 2.6 58.29 OK
r-devel-linux-x86_64-fedora-gcc 2.6 54.56 OK
r-devel-osx-x86_64-clang 2.6 45.96 OK
r-devel-windows-ix86+x86_64 2.6 13.00 66.00 79.00 NOTE
r-patched-linux-x86_64 2.6 1.35 29.26 30.61 OK
r-patched-solaris-sparc 2.6 380.20 OK
r-patched-solaris-x86 2.6 72.40 OK
r-release-linux-x86_64 2.6 1.33 29.56 30.89 OK
r-release-osx-x86_64-mavericks 2.6 OK
r-release-windows-ix86+x86_64 2.6 13.00 63.00 76.00 OK
r-oldrel-windows-ix86+x86_64 2.6 12.00 101.00 113.00 OK

Check Details

Version: 2.6
Check: R code for possible problems
Result: NOTE
    UPMEsfromq: no visible global function definition for ‘runif’
    UPbrewer: no visible global function definition for ‘runif’
    UPmaxentropy: no visible global function definition for ‘rmultinom’
    UPminimalsupport : basicsplit: no visible global function definition
     for ‘runif’
    UPmultinomial: no visible global function definition for ‘rmultinom’
    UPopips: no visible global function definition for ‘runif’
    UPpivotal: no visible global function definition for ‘runif’
    UPpoisson: no visible global function definition for ‘runif’
    UPsampford: no visible global function definition for ‘rmultinom’
    UPsystematic: no visible global function definition for ‘runif’
    UPtille: no visible global function definition for ‘runif’
    calib: no visible global function definition for ‘par’
    calib: no visible global function definition for ‘hist’
    calib: no visible global function definition for ‘boxplot’
    fastflightcube : algofastflightcube : jump: no visible global function
     definition for ‘runif’
    gencalib: no visible global function definition for ‘par’
    gencalib: no visible global function definition for ‘hist’
    gencalib: no visible global function definition for ‘boxplot’
    landingcube: no visible global function definition for ‘runif’
    regest: no visible global function definition for ‘model.response’
    regest: no visible global function definition for ‘model.weights’
    regest: no visible global function definition for ‘model.matrix’
    regest: no visible binding for global variable ‘contrasts’
    regest: no visible global function definition for ‘lm’
    regest: no visible global function definition for ‘pt’
    regest_strata: no visible global function definition for
     ‘model.response’
    regest_strata: no visible global function definition for
     ‘model.weights’
    regest_strata: no visible global function definition for ‘model.matrix’
    regest_strata: no visible binding for global variable ‘contrasts’
    rmodel: no visible global function definition for ‘model.response’
    rmodel: no visible global function definition for ‘model.weights’
    rmodel: no visible global function definition for ‘model.matrix’
    rmodel: no visible binding for global variable ‘contrasts’
    rmodel: no visible global function definition for ‘glm’
    samplecube: no visible global function definition for ‘runif’
    srswor1: no visible global function definition for ‘runif’
    srswr: no visible global function definition for ‘rmultinom’
Flavors: r-devel-linux-x86_64-debian-clang, r-devel-linux-x86_64-debian-gcc, r-devel-windows-ix86+x86_64