CRAN Package Check Results for Package sampling

Last updated on 2014-09-02 07:50:24.

Flavor Version Tinstall Tcheck Ttotal Status Flags
r-devel-linux-x86_64-debian-clang 2.6 1.38 28.86 30.24 OK
r-devel-linux-x86_64-debian-gcc 2.6 1.40 29.06 30.46 OK
r-devel-linux-x86_64-fedora-clang 2.6 63.86 OK
r-devel-linux-x86_64-fedora-gcc 2.6 60.95 OK
r-devel-osx-x86_64-clang 2.6 53.44 OK
r-devel-windows-ix86+x86_64 2.6 6.00 62.00 68.00 OK
r-patched-linux-x86_64 2.6 1.48 30.88 32.37 OK
r-patched-solaris-sparc 2.6 383.70 OK
r-patched-solaris-x86 2.6 81.70 OK
r-release-linux-ix86 2.6 2.02 41.04 43.06 OK
r-release-linux-x86_64 2.6 1.45 30.09 31.54 OK
r-release-osx-x86_64-mavericks 2.6 OK
r-release-osx-x86_64-snowleopard 2.6 WARN
r-release-windows-ix86+x86_64 2.6 8.00 66.00 74.00 OK
r-oldrel-windows-ix86+x86_64 2.6 11.00 66.00 77.00 OK

Check Details

Version: 2.6
Check: examples
Result: WARN
    checking a package with encoding 'latin1' in an ASCII locale
    
     OK
Flavor: r-release-osx-x86_64-snowleopard