CRAN Package Check Results for Package sampling

Last updated on 2014-04-24 10:48:56.

Flavor Version Tinstall Tcheck Ttotal Status Flags
r-devel-linux-x86_64-debian-clang 2.6 1.49 31.53 33.02 OK
r-devel-linux-x86_64-debian-gcc 2.6 1.46 31.83 33.29 OK
r-devel-linux-x86_64-fedora-clang 2.6 66.00 OK
r-devel-linux-x86_64-fedora-gcc 2.6 65.18 OK
r-devel-osx-x86_64-clang 2.6 56.79 OK
r-devel-osx-x86_64-gcc 2.6 OK
r-devel-windows-ix86+x86_64 2.6 5.00 63.00 68.00 OK
r-patched-linux-x86_64 2.6 1.46 31.77 33.23 OK
r-patched-solaris-sparc 2.6 379.00 OK
r-patched-solaris-x86 2.6 79.70 OK
r-release-linux-ix86 2.6 2.00 54.00 56.00 OK
r-release-linux-x86_64 2.6 1.50 31.03 32.54 OK
r-release-osx-x86_64-mavericks 2.6 OK
r-release-osx-x86_64-snowleopard 2.6 WARN
r-release-windows-ix86+x86_64 2.6 5.00 60.00 65.00 OK
r-oldrel-windows-ix86+x86_64 2.6 6.00 64.00 70.00 OK

Check Details

Version: 2.6
Check: examples
Result: WARNING
    checking a package with encoding 'latin1' in an ASCII locale
    
     OK
Flavor: r-release-osx-x86_64-snowleopard