CRAN Package Check Results for Package rrlda

Last updated on 2014-04-20 17:47:04.

Flavor Version Tinstall Tcheck Ttotal Status Flags
r-devel-linux-x86_64-debian-clang 1.1 1.58 21.46 23.04 NOTE
r-devel-linux-x86_64-debian-gcc 1.1 1.48 21.47 22.94 NOTE
r-devel-linux-x86_64-fedora-clang 1.1 46.86 NOTE
r-devel-linux-x86_64-fedora-gcc 1.1 44.23 NOTE
r-devel-macosx-x86_64-clang 1.1 49.75 NOTE
r-devel-macosx-x86_64-gcc 1.1 ERROR
r-devel-windows-ix86+x86_64 1.1 7.00 37.00 44.00 NOTE
r-patched-linux-x86_64 1.1 1.55 21.76 23.31 NOTE
r-patched-solaris-sparc 1.1 246.50 NOTE
r-patched-solaris-x86 1.1 60.10 NOTE
r-release-linux-ix86 NOTE
r-release-linux-x86_64 1.1 1.46 21.22 22.68 NOTE
r-release-macosx-x86_64 1.1 OK
r-release-windows-ix86+x86_64 1.1 8.00 34.00 42.00 NOTE
r-oldrel-windows-ix86+x86_64 1.1 8.00 40.00 48.00 NOTE

Check Details

Version: 1.1
Check: dependencies in R code
Result: NOTE
    Packages in Depends field not imported from:
     ‘glasso’ ‘matrixcalc’ ‘mvoutlier’ ‘pcaPP’
     These packages need to be imported from (in the NAMESPACE file)
     for when this namespace is loaded but not attached.
    See the information on DESCRIPTION files in the chapter ‘Creating R
    packages’ of the ‘Writing R Extensions’ manual.
Flavors: r-devel-linux-x86_64-debian-clang, r-devel-linux-x86_64-debian-gcc, r-devel-linux-x86_64-fedora-clang, r-devel-linux-x86_64-fedora-gcc, r-devel-macosx-x86_64-clang, r-devel-windows-ix86+x86_64, r-patched-linux-x86_64, r-patched-solaris-sparc, r-patched-solaris-x86, r-release-linux-ix86, r-release-linux-x86_64, r-release-windows-ix86+x86_64, r-oldrel-windows-ix86+x86_64

Version: 1.1
Check: package dependencies
Result: ERROR
    Package required but not available: ‘mvoutlier’
    
    See the information on DESCRIPTION files in the chapter ‘Creating R
    packages’ of the ‘Writing R Extensions’ manual.
Flavor: r-devel-macosx-x86_64-gcc