CRAN Package Check Results for Package rrlda

Last updated on 2015-05-29 11:49:24.

Flavor Version Tinstall Tcheck Ttotal Status Flags
r-devel-linux-x86_64-debian-clang 1.1 1.61 18.86 20.47 NOTE
r-devel-linux-x86_64-debian-gcc 1.1 1.56 18.26 19.82 NOTE
r-devel-linux-x86_64-fedora-clang 1.1 42.31 NOTE
r-devel-linux-x86_64-fedora-gcc 1.1 38.51 NOTE
r-devel-osx-x86_64-clang 1.1 39.08 NOTE
r-devel-windows-ix86+x86_64 1.1 6.00 37.00 43.00 NOTE
r-patched-linux-x86_64 1.1 2.00 19.02 21.02 NOTE
r-patched-solaris-sparc 1.1 259.00 NOTE
r-patched-solaris-x86 1.1 59.00 NOTE
r-release-linux-x86_64 1.1 1.57 18.79 20.36 NOTE
r-release-osx-x86_64-mavericks 1.1 NOTE
r-release-osx-x86_64-snowleopard 1.1 ERROR
r-release-windows-ix86+x86_64 1.1 7.00 36.00 43.00 NOTE
r-oldrel-windows-ix86+x86_64 1.1 18.00 116.00 134.00 NOTE

Check Details

Version: 1.1
Check: dependencies in R code
Result: NOTE
    Packages in Depends field not imported from:
     ‘glasso’ ‘matrixcalc’ ‘mvoutlier’ ‘pcaPP’
     These packages need to be imported from (in the NAMESPACE file)
     for when this namespace is loaded but not attached.
Flavors: r-devel-linux-x86_64-debian-clang, r-devel-linux-x86_64-debian-gcc, r-devel-linux-x86_64-fedora-clang, r-devel-linux-x86_64-fedora-gcc, r-devel-osx-x86_64-clang, r-devel-windows-ix86+x86_64, r-patched-linux-x86_64, r-patched-solaris-sparc, r-patched-solaris-x86, r-release-linux-x86_64, r-release-osx-x86_64-mavericks, r-release-windows-ix86+x86_64, r-oldrel-windows-ix86+x86_64

Version: 1.1
Check: R code for possible problems
Result: NOTE
    rrest: no visible binding for global variable ‘glasso’
    rrest: no visible global function definition for ‘pcout’
    rrlda : centerObservations: no visible global function definition for
     ‘l1median_NLM’
    rrlda : df.L2glasso: no visible global function definition for
     ‘duplication.matrix’
    rrlda : alt.df.L2glasso: no visible global function definition for
     ‘lower.triangle’
Flavors: r-devel-linux-x86_64-debian-clang, r-devel-linux-x86_64-debian-gcc, r-devel-linux-x86_64-fedora-clang, r-devel-linux-x86_64-fedora-gcc, r-devel-osx-x86_64-clang, r-devel-windows-ix86+x86_64, r-patched-linux-x86_64, r-patched-solaris-sparc, r-patched-solaris-x86, r-release-linux-x86_64, r-release-osx-x86_64-mavericks, r-release-windows-ix86+x86_64, r-oldrel-windows-ix86+x86_64

Version: 1.1
Check: package dependencies
Result: ERROR
    Package required but not available: ‘mvoutlier’
    
    See section ‘The DESCRIPTION file’ in the ‘Writing R Extensions’
    manual.
Flavor: r-release-osx-x86_64-snowleopard