CRAN Package Check Results for Package rrlda

Last updated on 2015-03-01 19:48:15.

Flavor Version Tinstall Tcheck Ttotal Status Flags
r-devel-linux-x86_64-debian-clang 1.1 1.62 19.09 20.70 NOTE
r-devel-linux-x86_64-debian-gcc 1.1 1.55 17.74 19.29 NOTE
r-devel-linux-x86_64-fedora-clang 1.1 40.93 NOTE
r-devel-linux-x86_64-fedora-gcc 1.1 38.06 NOTE
r-devel-osx-x86_64-clang 1.1 39.94 NOTE
r-devel-windows-ix86+x86_64 1.1 5.00 36.00 41.00 NOTE
r-patched-linux-x86_64 1.1 4.12 35.16 39.27 NOTE
r-patched-solaris-sparc 1.1 367.00 NOTE
r-patched-solaris-x86 1.1 92.40 NOTE
r-release-linux-ix86 1.1 2.67 39.96 42.64 NOTE
r-release-linux-x86_64 1.1 4.08 33.48 37.56 NOTE
r-release-osx-x86_64-mavericks 1.1 NOTE
r-release-osx-x86_64-snowleopard 1.1 OK
r-release-windows-ix86+x86_64 1.1 16.00 63.00 79.00 NOTE
r-oldrel-windows-ix86+x86_64 1.1 16.00 72.00 88.00 NOTE

Check Details

Version: 1.1
Check: dependencies in R code
Result: NOTE
    Packages in Depends field not imported from:
     ‘glasso’ ‘matrixcalc’ ‘mvoutlier’ ‘pcaPP’
     These packages need to be imported from (in the NAMESPACE file)
     for when this namespace is loaded but not attached.
Flavors: r-devel-linux-x86_64-debian-clang, r-devel-linux-x86_64-debian-gcc, r-devel-linux-x86_64-fedora-clang, r-devel-linux-x86_64-fedora-gcc, r-devel-osx-x86_64-clang, r-devel-windows-ix86+x86_64, r-patched-linux-x86_64, r-patched-solaris-x86

Version: 1.1
Check: R code for possible problems
Result: NOTE
    rrest: no visible binding for global variable ‘glasso’
    rrest: no visible global function definition for ‘pcout’
    rrlda : centerObservations: no visible global function definition for
     ‘l1median_NLM’
    rrlda : df.L2glasso: no visible global function definition for
     ‘duplication.matrix’
    rrlda : alt.df.L2glasso: no visible global function definition for
     ‘lower.triangle’
Flavors: r-devel-linux-x86_64-debian-clang, r-devel-linux-x86_64-debian-gcc, r-devel-linux-x86_64-fedora-clang, r-devel-linux-x86_64-fedora-gcc, r-devel-osx-x86_64-clang, r-devel-windows-ix86+x86_64, r-patched-linux-x86_64, r-patched-solaris-sparc, r-patched-solaris-x86, r-release-linux-ix86, r-release-linux-x86_64, r-release-osx-x86_64-mavericks, r-release-windows-ix86+x86_64

Version: 1.1
Check: dependencies in R code
Result: NOTE
    Packages in Depends field not imported from:
     ‘glasso’ ‘matrixcalc’ ‘mvoutlier’ ‘pcaPP’
     These packages need to be imported from (in the NAMESPACE file)
     for when this namespace is loaded but not attached.
    See the information on DESCRIPTION files in the chapter ‘Creating R
    packages’ of the ‘Writing R Extensions’ manual.
Flavors: r-patched-solaris-sparc, r-release-linux-ix86, r-release-linux-x86_64, r-release-osx-x86_64-mavericks, r-release-windows-ix86+x86_64, r-oldrel-windows-ix86+x86_64