CRAN Package Check Results for Package rrlda

Last updated on 2014-12-23 01:49:11.

Flavor Version Tinstall Tcheck Ttotal Status Flags
r-devel-linux-x86_64-debian-clang 1.1 2.15 32.30 34.45 NOTE
r-devel-linux-x86_64-debian-gcc 1.1 2.13 31.07 33.20 NOTE
r-devel-linux-x86_64-fedora-clang 1.1 74.95 NOTE
r-devel-linux-x86_64-fedora-gcc 1.1 70.74 NOTE
r-devel-osx-x86_64-clang 1.1 67.86 NOTE
r-devel-windows-ix86+x86_64 1.1 14.00 59.00 73.00 NOTE
r-patched-linux-x86_64 1.1 2.24 32.80 35.04 NOTE
r-patched-solaris-sparc 1.1 367.70 NOTE
r-patched-solaris-x86 1.1 87.90 NOTE
r-release-linux-ix86 1.1 2.70 39.40 42.10 NOTE
r-release-linux-x86_64 1.1 2.28 31.34 33.62 NOTE
r-release-osx-x86_64-mavericks 1.1 NOTE
r-release-osx-x86_64-snowleopard 1.1 OK
r-release-windows-ix86+x86_64 1.1 13.00 61.00 74.00 NOTE
r-oldrel-windows-ix86+x86_64 1.1 15.00 67.00 82.00 NOTE

Check Details

Version: 1.1
Check: dependencies in R code
Result: NOTE
    Packages in Depends field not imported from:
     ‘glasso’ ‘matrixcalc’ ‘mvoutlier’ ‘pcaPP’
     These packages need to be imported from (in the NAMESPACE file)
     for when this namespace is loaded but not attached.
    See the information on DESCRIPTION files in the chapter ‘Creating R
    packages’ of the ‘Writing R Extensions’ manual.
Flavors: r-devel-linux-x86_64-debian-clang, r-devel-linux-x86_64-debian-gcc, r-devel-linux-x86_64-fedora-clang, r-devel-linux-x86_64-fedora-gcc, r-devel-osx-x86_64-clang, r-devel-windows-ix86+x86_64, r-patched-linux-x86_64, r-patched-solaris-sparc, r-patched-solaris-x86, r-release-linux-ix86, r-release-linux-x86_64, r-release-osx-x86_64-mavericks, r-release-windows-ix86+x86_64, r-oldrel-windows-ix86+x86_64

Version: 1.1
Check: R code for possible problems
Result: NOTE
    rrest: no visible binding for global variable ‘glasso’
    rrest: no visible global function definition for ‘pcout’
    rrlda : centerObservations: no visible global function definition for
     ‘l1median_NLM’
    rrlda : df.L2glasso: no visible global function definition for
     ‘duplication.matrix’
    rrlda : alt.df.L2glasso: no visible global function definition for
     ‘lower.triangle’
Flavors: r-devel-linux-x86_64-debian-clang, r-devel-linux-x86_64-debian-gcc, r-devel-linux-x86_64-fedora-clang, r-devel-linux-x86_64-fedora-gcc, r-devel-osx-x86_64-clang, r-devel-windows-ix86+x86_64, r-patched-linux-x86_64, r-patched-solaris-sparc, r-patched-solaris-x86, r-release-linux-ix86, r-release-linux-x86_64, r-release-windows-ix86+x86_64