CRAN Package Check Results for Package rehh

Last updated on 2015-04-19 19:51:59.

Flavor Version Tinstall Tcheck Ttotal Status Flags
r-devel-linux-x86_64-debian-clang 1.12 1.54 20.73 22.27 NOTE
r-devel-linux-x86_64-debian-gcc 1.12 1.88 20.59 22.47 NOTE
r-devel-linux-x86_64-fedora-clang 1.12 42.83 NOTE
r-devel-linux-x86_64-fedora-gcc 1.12 41.03 NOTE
r-devel-osx-x86_64-clang 1.12 43.32 NOTE
r-devel-windows-ix86+x86_64 1.11 21.00 63.00 84.00 NOTE
r-patched-linux-x86_64 1.12 1.60 20.57 22.18 NOTE
r-patched-solaris-sparc 1.12 275.20 NOTE
r-patched-solaris-x86 1.12 64.20 NOTE
r-release-linux-x86_64 1.12 1.72 19.93 21.65 NOTE
r-release-osx-x86_64-mavericks 1.12 NOTE
r-release-osx-x86_64-snowleopard 1.12 NOTE
r-release-windows-ix86+x86_64 1.12 14.00 45.00 59.00 NOTE
r-oldrel-windows-ix86+x86_64 1.12 16.00 72.00 88.00 NOTE

Check Details

Version: 1.12
Check: installed package size
Result: NOTE
     installed size is 5.2Mb
     sub-directories of 1Mb or more:
     data 1.5Mb
Flavors: r-devel-linux-x86_64-debian-clang, r-devel-linux-x86_64-debian-gcc, r-devel-linux-x86_64-fedora-clang, r-devel-linux-x86_64-fedora-gcc, r-devel-osx-x86_64-clang, r-patched-linux-x86_64, r-patched-solaris-sparc, r-patched-solaris-x86, r-release-linux-x86_64, r-release-osx-x86_64-mavericks, r-release-osx-x86_64-snowleopard, r-release-windows-ix86+x86_64, r-oldrel-windows-ix86+x86_64

Version: 1.11
Check: installed package size
Result: NOTE
     installed size is 5.2Mb
     sub-directories of 1Mb or more:
     data 1.5Mb
Flavor: r-devel-windows-ix86+x86_64

Version: 1.11
Check: dependencies in R code
Result: NOTE
    Packages in Depends field not imported from:
     'gplots' 'methods'
     These packages need to be imported from (in the NAMESPACE file)
     for when this namespace is loaded but not attached.
Flavor: r-devel-windows-ix86+x86_64

Version: 1.11
Check: R code for possible problems
Result: NOTE
    calc_ehh: no visible global function definition for 'smartlegend'
    distribplot: no visible global function definition for 'smartlegend'
Flavor: r-devel-windows-ix86+x86_64