CRAN Package Check Results for Package rehh

Last updated on 2014-04-24 11:48:53.

Flavor Version Tinstall Tcheck Ttotal Status Flags
r-devel-linux-x86_64-debian-clang 1.11 1.66 23.61 25.27 NOTE
r-devel-linux-x86_64-debian-gcc 1.11 1.88 23.57 25.46 NOTE
r-devel-linux-x86_64-fedora-clang 1.11 48.83 NOTE
r-devel-linux-x86_64-fedora-gcc 1.11 47.50 NOTE
r-devel-osx-x86_64-clang 1.11 49.15 NOTE
r-devel-osx-x86_64-gcc 1.11 NOTE
r-devel-windows-ix86+x86_64 1.11 17.00 55.00 72.00 NOTE
r-patched-linux-x86_64 1.11 1.72 23.78 25.50 NOTE
r-patched-solaris-sparc 1.11 286.60 NOTE
r-patched-solaris-x86 1.11 68.50 NOTE
r-release-linux-ix86 1.11 3.00 44.00 47.00 NOTE
r-release-linux-x86_64 1.11 1.72 23.82 25.55 NOTE
r-release-osx-x86_64-mavericks 1.11 NOTE
r-release-osx-x86_64-snowleopard 1.11 NOTE
r-release-windows-ix86+x86_64 1.11 18.00 55.00 73.00 NOTE
r-oldrel-windows-ix86+x86_64 1.11 19.00 60.00 79.00 NOTE

Check Details

Version: 1.11
Check: installed package size
Result: NOTE
     installed size is 5.2Mb
     sub-directories of 1Mb or more:
     data 1.5Mb
Flavors: r-devel-linux-x86_64-debian-clang, r-devel-linux-x86_64-debian-gcc, r-devel-linux-x86_64-fedora-clang, r-devel-linux-x86_64-fedora-gcc, r-devel-osx-x86_64-clang, r-devel-osx-x86_64-gcc, r-devel-windows-ix86+x86_64, r-patched-linux-x86_64, r-patched-solaris-sparc, r-patched-solaris-x86, r-release-linux-ix86, r-release-linux-x86_64, r-release-osx-x86_64-mavericks, r-release-osx-x86_64-snowleopard, r-release-windows-ix86+x86_64, r-oldrel-windows-ix86+x86_64

Version: 1.11
Check: dependencies in R code
Result: NOTE
    Packages in Depends field not imported from:
     ‘gplots’ ‘methods’
     These packages need to be imported from (in the NAMESPACE file)
     for when this namespace is loaded but not attached.
    See the information on DESCRIPTION files in the chapter ‘Creating R
    packages’ of the ‘Writing R Extensions’ manual.
Flavors: r-devel-linux-x86_64-debian-clang, r-devel-linux-x86_64-debian-gcc, r-devel-linux-x86_64-fedora-clang, r-devel-linux-x86_64-fedora-gcc, r-devel-osx-x86_64-clang, r-devel-osx-x86_64-gcc, r-devel-windows-ix86+x86_64, r-patched-linux-x86_64, r-patched-solaris-sparc, r-patched-solaris-x86, r-release-linux-ix86, r-release-linux-x86_64, r-release-osx-x86_64-mavericks, r-release-windows-ix86+x86_64, r-oldrel-windows-ix86+x86_64