CRAN Package Check Results for Package rehh

Last updated on 2015-07-06 08:48:20.

Flavor Version Tinstall Tcheck Ttotal Status Flags
r-devel-linux-x86_64-debian-clang 1.13 1.58 20.25 21.82 NOTE
r-devel-linux-x86_64-debian-gcc 1.13 1.79 20.76 22.55 NOTE
r-devel-linux-x86_64-fedora-clang 1.13 41.14 NOTE
r-devel-linux-x86_64-fedora-gcc 1.13 40.06 NOTE
r-devel-osx-x86_64-clang 1.13 36.20 NOTE
r-devel-windows-ix86+x86_64 1.13 24.00 70.00 94.00 NOTE
r-patched-linux-x86_64 1.13 1.61 21.19 22.80 NOTE
r-patched-solaris-sparc 1.13 275.10 NOTE
r-patched-solaris-x86 1.13 64.50 NOTE
r-release-linux-x86_64 1.13 1.58 20.72 22.30 NOTE
r-release-osx-x86_64-mavericks 1.13 NOTE
r-release-windows-ix86+x86_64 1.13 22.00 53.00 75.00 NOTE
r-oldrel-windows-ix86+x86_64 1.13 16.00 86.00 102.00 NOTE

Check Details

Version: 1.13
Check: installed package size
Result: NOTE
     installed size is 5.2Mb
     sub-directories of 1Mb or more:
     data 1.5Mb
Flavors: r-devel-linux-x86_64-debian-clang, r-devel-linux-x86_64-debian-gcc, r-devel-linux-x86_64-fedora-clang, r-devel-linux-x86_64-fedora-gcc, r-devel-osx-x86_64-clang, r-devel-windows-ix86+x86_64, r-patched-linux-x86_64, r-patched-solaris-sparc, r-patched-solaris-x86, r-release-linux-x86_64, r-release-osx-x86_64-mavericks, r-release-windows-ix86+x86_64, r-oldrel-windows-ix86+x86_64

Version: 1.13
Check: R code for possible problems
Result: NOTE
    bifurcation.diagram: no visible global function definition for ‘plot’
    bifurcation.diagram: no visible global function definition for ‘abline’
    bifurcation.diagram: no visible global function definition for ‘lines’
    calc_ehh: no visible global function definition for ‘matplot’
    calc_ehh: no visible global function definition for ‘abline’
    calc_ehh: no visible global function definition for ‘legend’
    calc_ehhs: no visible global function definition for ‘plot’
    calc_ehhs: no visible global function definition for ‘abline’
    data2haplohh: no visible global function definition for ‘read.table’
    distribplot: no visible global function definition for ‘plot’
    distribplot: no visible global function definition for ‘density’
    distribplot: no visible global function definition for ‘curve’
    distribplot: no visible binding for global variable ‘dnorm’
    distribplot: no visible global function definition for ‘legend’
    ies2rsb: no visible global function definition for ‘median’
    ies2rsb: no visible global function definition for ‘sd’
    ies2rsb: no visible global function definition for ‘pnorm’
    ihh2ihs: no visible global function definition for ‘sd’
    ihh2ihs: no visible global function definition for ‘pnorm’
    ihsplot: no visible global function definition for ‘plot’
    ihsplot: no visible global function definition for ‘abline’
    ihsplot: no visible global function definition for ‘axis’
    rsbplot: no visible global function definition for ‘plot’
    rsbplot: no visible global function definition for ‘abline’
    rsbplot: no visible global function definition for ‘axis’
    Undefined global functions or variables:
     abline axis curve density dnorm legend lines matplot median plot
     pnorm read.table sd
Flavors: r-devel-linux-x86_64-debian-clang, r-devel-linux-x86_64-debian-gcc, r-devel-linux-x86_64-fedora-clang, r-devel-linux-x86_64-fedora-gcc, r-devel-windows-ix86+x86_64