CRAN Package Check Results for Package rehh

Last updated on 2014-08-20 23:46:47.

Flavor Version Tinstall Tcheck Ttotal Status Flags
r-devel-linux-x86_64-debian-clang 1.11 1.59 22.41 24.00 NOTE
r-devel-linux-x86_64-debian-gcc 1.11 1.62 22.47 24.10 NOTE
r-devel-linux-x86_64-fedora-clang 1.11 47.20 NOTE
r-devel-linux-x86_64-fedora-gcc 1.11 47.72 NOTE
r-devel-osx-x86_64-clang 1.11 45.02 NOTE
r-devel-windows-ix86+x86_64 1.11 18.00 58.00 76.00 NOTE
r-patched-linux-x86_64 1.11 1.63 22.93 24.56 NOTE
r-patched-solaris-sparc 1.11 291.10 NOTE
r-patched-solaris-x86 1.11 68.50 NOTE
r-release-linux-ix86 1.11 2.46 32.10 34.56 NOTE
r-release-linux-x86_64 1.11 1.72 22.89 24.61 NOTE
r-release-osx-x86_64-mavericks 1.11 NOTE
r-release-osx-x86_64-snowleopard 1.11 NOTE
r-release-windows-ix86+x86_64 1.11 18.00 50.00 68.00 NOTE
r-oldrel-windows-ix86+x86_64 1.11 19.00 55.00 74.00 NOTE

Check Details

Version: 1.11
Check: installed package size
Result: NOTE
     installed size is 5.2Mb
     sub-directories of 1Mb or more:
     data 1.5Mb
Flavors: r-devel-linux-x86_64-debian-clang, r-devel-linux-x86_64-debian-gcc, r-devel-linux-x86_64-fedora-clang, r-devel-linux-x86_64-fedora-gcc, r-devel-osx-x86_64-clang, r-devel-windows-ix86+x86_64, r-patched-linux-x86_64, r-patched-solaris-sparc, r-patched-solaris-x86, r-release-linux-ix86, r-release-linux-x86_64, r-release-osx-x86_64-mavericks, r-release-osx-x86_64-snowleopard, r-release-windows-ix86+x86_64, r-oldrel-windows-ix86+x86_64

Version: 1.11
Check: dependencies in R code
Result: NOTE
    Packages in Depends field not imported from:
     ‘gplots’ ‘methods’
     These packages need to be imported from (in the NAMESPACE file)
     for when this namespace is loaded but not attached.
    See the information on DESCRIPTION files in the chapter ‘Creating R
    packages’ of the ‘Writing R Extensions’ manual.
Flavors: r-devel-linux-x86_64-debian-clang, r-devel-linux-x86_64-debian-gcc, r-devel-linux-x86_64-fedora-clang, r-devel-linux-x86_64-fedora-gcc, r-devel-osx-x86_64-clang, r-devel-windows-ix86+x86_64, r-patched-linux-x86_64, r-patched-solaris-sparc, r-patched-solaris-x86, r-release-linux-ix86, r-release-linux-x86_64, r-release-osx-x86_64-mavericks, r-release-windows-ix86+x86_64, r-oldrel-windows-ix86+x86_64

Version: 1.11
Check: R code for possible problems
Result: NOTE
    calc_ehh: no visible global function definition for ‘smartlegend’
    distribplot: no visible global function definition for ‘smartlegend’
Flavors: r-devel-linux-x86_64-fedora-clang, r-devel-linux-x86_64-fedora-gcc, r-devel-osx-x86_64-clang