CRAN Package Check Results for Package reams

Last updated on 2014-04-24 17:49:51.

Flavor Version Tinstall Tcheck Ttotal Status Flags
r-devel-linux-x86_64-debian-clang 0.1 3.64 45.47 49.11 NOTE
r-devel-linux-x86_64-debian-gcc 0.1 3.80 43.89 47.70 NOTE
r-devel-linux-x86_64-fedora-clang 0.1 108.91 NOTE
r-devel-linux-x86_64-fedora-gcc 0.1 106.21 NOTE
r-devel-osx-x86_64-clang 0.1 87.67 NOTE
r-devel-osx-x86_64-gcc 0.1 NOTE
r-devel-windows-ix86+x86_64 0.1 9.00 61.00 70.00 NOTE
r-patched-linux-x86_64 0.1 3.55 44.77 48.32 NOTE
r-patched-solaris-sparc 0.1 558.20 NOTE
r-patched-solaris-x86 0.1 135.20 NOTE
r-release-linux-ix86 0.1 5.00 70.00 75.00 NOTE
r-release-linux-x86_64 0.1 3.54 44.87 48.41 NOTE
r-release-osx-x86_64-mavericks 0.1 WARN
r-release-osx-x86_64-snowleopard 0.1 NOTE
r-release-windows-ix86+x86_64 0.1 10.00 63.00 73.00 NOTE
r-oldrel-windows-ix86+x86_64 0.1 9.00 58.00 67.00 NOTE

Check Details

Version: 0.1
Check: dependencies in R code
Result: NOTE
    'library' or 'require' calls to packages already attached by Depends:
     ‘leaps’ ‘mgcv’
     Please remove these calls from your code.
    See the information on DESCRIPTION files in the chapter ‘Creating R
    packages’ of the ‘Writing R Extensions’ manual.
Flavors: r-devel-linux-x86_64-debian-clang, r-devel-linux-x86_64-debian-gcc, r-devel-linux-x86_64-fedora-clang, r-devel-linux-x86_64-fedora-gcc, r-devel-osx-x86_64-clang, r-devel-osx-x86_64-gcc, r-devel-windows-ix86+x86_64, r-patched-linux-x86_64, r-patched-solaris-sparc, r-patched-solaris-x86, r-release-linux-ix86, r-release-linux-x86_64, r-release-osx-x86_64-mavericks, r-release-osx-x86_64-snowleopard, r-release-windows-ix86+x86_64, r-oldrel-windows-ix86+x86_64

Version: 0.1
Check: R code for possible problems
Result: NOTE
    xy: warning in assign(xname, X, env = .GlobalEnv): partial argument
     match of 'env' to 'envir'
    xy: warning in assign(yname, y, env = .GlobalEnv): partial argument
     match of 'env' to 'envir'
    
    Found the following assignments to the global environment:
    File ‘reams/R/xy.R’:
     assign(xname, X, env = .GlobalEnv)
     assign(yname, y, env = .GlobalEnv)
Flavors: r-devel-linux-x86_64-debian-clang, r-devel-linux-x86_64-debian-gcc, r-devel-linux-x86_64-fedora-clang, r-devel-osx-x86_64-clang, r-patched-linux-x86_64, r-release-linux-ix86, r-release-linux-x86_64

Version: 0.1
Check: Rd files
Result: NOTE
    prepare_Rd: bestmods.Rd:47-49: Dropping empty section \note
    prepare_Rd: bestmods.Rd:43-44: Dropping empty section \references
    prepare_Rd: cic.Rd:24-26: Dropping empty section \details
    prepare_Rd: cic.Rd:40-42: Dropping empty section \note
    prepare_Rd: cvic.Rd:49-51: Dropping empty section \note
    prepare_Rd: eic.Rd:31-33: Dropping empty section \details
    prepare_Rd: eic.Rd:50-52: Dropping empty section \note
    prepare_Rd: eic.Rd:56-58: Dropping empty section \seealso
    prepare_Rd: ic.min.Rd:22-24: Dropping empty section \details
    prepare_Rd: ic.min.Rd:47-49: Dropping empty section \note
    prepare_Rd: ic.min.Rd:53-55: Dropping empty section \seealso
    prepare_Rd: reams-package.Rd:16-17: Dropping empty section \references
    prepare_Rd: reams-package.Rd:19-20: Dropping empty section \seealso
    prepare_Rd: reams-package.Rd:21-22: Dropping empty section \examples
    prepare_Rd: scoremods.Rd:26-28: Dropping empty section \details
    prepare_Rd: scoremods.Rd:43-45: Dropping empty section \note
    prepare_Rd: xy.Rd:46-48: Dropping empty section \note
    prepare_Rd: xy.Rd:52: Dropping empty section \seealso
Flavors: r-devel-linux-x86_64-debian-clang, r-devel-linux-x86_64-debian-gcc, r-devel-linux-x86_64-fedora-clang, r-devel-linux-x86_64-fedora-gcc, r-devel-osx-x86_64-clang, r-devel-osx-x86_64-gcc, r-devel-windows-ix86+x86_64, r-patched-linux-x86_64, r-patched-solaris-sparc, r-patched-solaris-x86, r-release-linux-ix86, r-release-linux-x86_64, r-release-osx-x86_64-mavericks, r-release-osx-x86_64-snowleopard, r-release-windows-ix86+x86_64, r-oldrel-windows-ix86+x86_64

Version: 0.1
Check: top-level files
Result: NOTE
    Non-standard file/directory found at top level:
     ‘devel’
Flavors: r-devel-linux-x86_64-fedora-clang, r-devel-linux-x86_64-fedora-gcc

Version: 0.1
Check: R code for possible problems
Result: NOTE
    xy: warning in assign(xname, X, env = .GlobalEnv): partial argument
     match of 'env' to 'envir'
    xy: warning in assign(yname, y, env = .GlobalEnv): partial argument
     match of 'env' to 'envir'
Flavors: r-devel-linux-x86_64-fedora-gcc, r-devel-osx-x86_64-gcc, r-devel-windows-ix86+x86_64, r-patched-solaris-sparc, r-patched-solaris-x86, r-release-osx-x86_64-mavericks, r-release-osx-x86_64-snowleopard, r-release-windows-ix86+x86_64, r-oldrel-windows-ix86+x86_64

Version: 0.1
Check: PDF version of manual
Result: WARNING
    LaTeX errors when creating PDF version.
    This typically indicates Rd problems.
    LaTeX errors found:
    ! LaTeX Error: File `upquote.sty' not found.
    
    Type X to quit or <RETURN> to proceed,
    or enter new name. (Default extension: sty)
    
    380c6244/Rd2.tex:8: ==> Fatal error occurred, no output PDF file produced!
Flavor: r-release-osx-x86_64-mavericks