CRAN Package Check Results for Package pwt

Last updated on 2014-08-30 19:47:15.

Flavor Version Tinstall Tcheck Ttotal Status Flags
r-devel-linux-x86_64-debian-clang 7.1-1 6.20 11.60 17.80 NOTE
r-devel-linux-x86_64-debian-gcc 7.1-1 6.27 11.75 18.02 NOTE
r-devel-linux-x86_64-fedora-clang 7.1-1 34.45 NOTE
r-devel-linux-x86_64-fedora-gcc 7.1-1 32.74 NOTE
r-devel-osx-x86_64-clang 7.1-1 35.69 NOTE
r-devel-windows-ix86+x86_64 7.1-1 12.00 18.00 30.00 NOTE
r-patched-linux-x86_64 7.1-1 6.29 11.74 18.03 NOTE
r-patched-solaris-sparc 7.1-1 198.40 NOTE
r-patched-solaris-x86 7.1-1 53.70 NOTE
r-release-linux-ix86 7.1-1 8.57 19.62 28.19 NOTE
r-release-linux-x86_64 7.1-1 6.32 11.95 18.27 NOTE
r-release-osx-x86_64-mavericks 7.1-1 NOTE
r-release-windows-ix86+x86_64 7.1-1 14.00 24.00 38.00 NOTE
r-oldrel-windows-ix86+x86_64 7.1-1 12.00 29.00 41.00 NOTE

Check Details

Version: 7.1-1
Check: installed package size
Result: NOTE
     installed size is 7.3Mb
     sub-directories of 1Mb or more:
     data 7.2Mb
Flavors: r-devel-linux-x86_64-debian-clang, r-devel-linux-x86_64-debian-gcc, r-devel-linux-x86_64-fedora-clang, r-devel-linux-x86_64-fedora-gcc, r-devel-osx-x86_64-clang, r-devel-windows-ix86+x86_64, r-patched-linux-x86_64, r-patched-solaris-sparc, r-patched-solaris-x86, r-release-linux-ix86, r-release-linux-x86_64, r-release-osx-x86_64-mavericks, r-release-windows-ix86+x86_64, r-oldrel-windows-ix86+x86_64