CRAN Package Check Results for Package pwt

Last updated on 2014-04-19 18:47:46.

Flavor Version Tinstall Tcheck Ttotal Status Flags
r-devel-linux-x86_64-debian-clang 7.1-1 6.59 11.97 18.56 NOTE
r-devel-linux-x86_64-debian-gcc 7.1-1 6.54 12.53 19.07 NOTE
r-devel-linux-x86_64-fedora-clang 7.1-1 34.42 NOTE
r-devel-linux-x86_64-fedora-gcc 7.1-1 33.29 NOTE
r-devel-macosx-x86_64-clang 7.1-1 37.65 NOTE
r-devel-macosx-x86_64-gcc 7.1-1 NOTE
r-devel-windows-ix86+x86_64 7.1-1 10.00 18.00 28.00 NOTE
r-patched-linux-x86_64 7.1-1 6.49 12.34 18.84 NOTE
r-patched-solaris-sparc 7.1-1 198.60 NOTE
r-patched-solaris-x86 7.1-1 48.90 NOTE
r-release-linux-ix86 NOTE
r-release-linux-x86_64 7.1-1 6.52 12.00 18.52 NOTE
r-release-windows-ix86+x86_64 7.1-1 14.00 24.00 38.00 NOTE
r-oldrel-windows-ix86+x86_64 7.1-1 12.00 29.00 41.00 NOTE

Check Details

Version: 7.1-1
Check: installed package size
Result: NOTE
     installed size is 7.3Mb
     sub-directories of 1Mb or more:
     data 7.2Mb
Flavors: r-devel-linux-x86_64-debian-clang, r-devel-linux-x86_64-debian-gcc, r-devel-linux-x86_64-fedora-clang, r-devel-linux-x86_64-fedora-gcc, r-devel-macosx-x86_64-clang, r-devel-macosx-x86_64-gcc, r-devel-windows-ix86+x86_64, r-patched-linux-x86_64, r-patched-solaris-sparc, r-patched-solaris-x86, r-release-linux-ix86, r-release-linux-x86_64, r-release-windows-ix86+x86_64, r-oldrel-windows-ix86+x86_64