CRAN Package Check Results for Package pwt

Last updated on 2015-04-18 03:50:23.

Flavor Version Tinstall Tcheck Ttotal Status Flags
r-devel-linux-x86_64-debian-clang 7.1-1 6.14 12.09 18.23 NOTE
r-devel-linux-x86_64-debian-gcc 7.1-1 6.18 12.59 18.76 NOTE
r-devel-linux-x86_64-fedora-clang 7.1-1 34.24 NOTE
r-devel-linux-x86_64-fedora-gcc 7.1-1 32.26 NOTE
r-devel-osx-x86_64-clang 7.1-1 37.02 NOTE
r-prerel-windows-ix86+x86_64 7.1-1 14.00 21.00 35.00 NOTE
r-prerel-linux-x86_64 7.1-1 6.16 12.25 18.42 NOTE
r-prerel-solaris-sparc 7.1-1 209.60 NOTE
r-prerel-solaris-x86 7.1-1 52.40 NOTE
r-release-linux-x86_64 7.1-1 6.33 12.70 19.03 NOTE
r-release-osx-x86_64-mavericks 7.1-1 NOTE
r-release-windows-ix86+x86_64 7.1-1 14.00 21.00 35.00 NOTE
r-oldrel-windows-ix86+x86_64 7.1-1 12.00 29.00 41.00 NOTE

Check Details

Version: 7.1-1
Check: installed package size
Result: NOTE
     installed size is 7.3Mb
     sub-directories of 1Mb or more:
     data 7.2Mb
Flavors: r-devel-linux-x86_64-debian-clang, r-devel-linux-x86_64-debian-gcc, r-devel-linux-x86_64-fedora-clang, r-devel-linux-x86_64-fedora-gcc, r-devel-osx-x86_64-clang, r-prerel-windows-ix86+x86_64, r-prerel-linux-x86_64, r-prerel-solaris-sparc, r-prerel-solaris-x86, r-release-linux-x86_64, r-release-osx-x86_64-mavericks, r-release-windows-ix86+x86_64, r-oldrel-windows-ix86+x86_64