CRAN Package Check Results for Package pwt

Last updated on 2014-12-21 23:47:08.

Flavor Version Tinstall Tcheck Ttotal Status Flags
r-devel-linux-x86_64-debian-clang 7.1-1 6.36 12.93 19.29 NOTE
r-devel-linux-x86_64-debian-gcc 7.1-1 6.30 12.44 18.74 NOTE
r-devel-linux-x86_64-fedora-clang 7.1-1 37.12 NOTE
r-devel-linux-x86_64-fedora-gcc 7.1-1 35.75 NOTE
r-devel-osx-x86_64-clang 7.1-1 40.77 NOTE
r-devel-windows-ix86+x86_64 7.1-1 15.00 21.00 36.00 NOTE
r-patched-linux-x86_64 7.1-1 6.49 13.04 19.53 NOTE
r-patched-solaris-sparc 7.1-1 198.40 NOTE
r-patched-solaris-x86 7.1-1 55.70 NOTE
r-release-linux-ix86 7.1-1 8.48 19.90 28.38 NOTE
r-release-linux-x86_64 7.1-1 6.35 13.04 19.40 NOTE
r-release-osx-x86_64-mavericks 7.1-1 NOTE
r-release-windows-ix86+x86_64 7.1-1 11.00 21.00 32.00 NOTE
r-oldrel-windows-ix86+x86_64 7.1-1 12.00 29.00 41.00 NOTE

Check Details

Version: 7.1-1
Check: installed package size
Result: NOTE
     installed size is 7.3Mb
     sub-directories of 1Mb or more:
     data 7.2Mb
Flavors: r-devel-linux-x86_64-debian-clang, r-devel-linux-x86_64-debian-gcc, r-devel-linux-x86_64-fedora-clang, r-devel-linux-x86_64-fedora-gcc, r-devel-osx-x86_64-clang, r-devel-windows-ix86+x86_64, r-patched-linux-x86_64, r-patched-solaris-sparc, r-patched-solaris-x86, r-release-linux-ix86, r-release-linux-x86_64, r-release-osx-x86_64-mavericks, r-release-windows-ix86+x86_64, r-oldrel-windows-ix86+x86_64