CRAN Package Check Results for Package pwt

Last updated on 2015-05-27 19:47:17.

Flavor Version Tinstall Tcheck Ttotal Status Flags
r-devel-linux-x86_64-debian-clang 7.1-1 6.33 12.55 18.88 NOTE
r-devel-linux-x86_64-debian-gcc 7.1-1 6.15 12.49 18.64 NOTE
r-devel-linux-x86_64-fedora-clang 7.1-1 33.52 NOTE
r-devel-linux-x86_64-fedora-gcc 7.1-1 32.89 NOTE
r-devel-osx-x86_64-clang 7.1-1 37.78 NOTE
r-devel-windows-ix86+x86_64 7.1-1 12.00 20.00 32.00 NOTE
r-patched-linux-x86_64 7.1-1 6.19 12.31 18.50 NOTE
r-patched-solaris-sparc 7.1-1 221.20 NOTE
r-patched-solaris-x86 7.1-1 52.60 NOTE
r-release-linux-x86_64 7.1-1 6.16 12.53 18.69 NOTE
r-release-osx-x86_64-mavericks 7.1-1 NOTE
r-release-osx-x86_64-snowleopard 7.1-1 NOTE
r-release-windows-ix86+x86_64 7.1-1 10.00 22.00 32.00 NOTE
r-oldrel-windows-ix86+x86_64 7.1-1 14.00 21.00 35.00 NOTE

Check Details

Version: 7.1-1
Check: installed package size
Result: NOTE
     installed size is 7.3Mb
     sub-directories of 1Mb or more:
     data 7.2Mb
Flavors: r-devel-linux-x86_64-debian-clang, r-devel-linux-x86_64-debian-gcc, r-devel-linux-x86_64-fedora-clang, r-devel-linux-x86_64-fedora-gcc, r-devel-osx-x86_64-clang, r-devel-windows-ix86+x86_64, r-patched-linux-x86_64, r-patched-solaris-sparc, r-patched-solaris-x86, r-release-linux-x86_64, r-release-osx-x86_64-mavericks, r-release-osx-x86_64-snowleopard, r-release-windows-ix86+x86_64, r-oldrel-windows-ix86+x86_64