CRAN Package Check Results for Package ptw

Last updated on 2015-06-30 04:46:47.

Flavor Version Tinstall Tcheck Ttotal Status Flags
r-devel-linux-x86_64-debian-clang 1.0-7 1.19 20.99 22.18 NOTE
r-devel-linux-x86_64-debian-gcc 1.0-7 1.12 19.79 20.91 NOTE
r-devel-linux-x86_64-fedora-clang 1.0-7 40.21 NOTE
r-devel-linux-x86_64-fedora-gcc 1.0-7 37.92 NOTE
r-devel-osx-x86_64-clang 1.0-7 37.41 NOTE
r-devel-windows-ix86+x86_64 1.0-7 13.00 52.00 65.00 OK
r-patched-linux-x86_64 1.0-7 1.16 20.46 21.62 NOTE
r-patched-solaris-sparc 1.0-7 275.70 NOTE
r-patched-solaris-x86 1.0-7 59.50 NOTE
r-release-linux-x86_64 1.0-7 1.14 20.33 21.48 NOTE
r-release-osx-x86_64-mavericks 1.0-7 OK
r-release-windows-ix86+x86_64 1.0-7 6.00 49.00 55.00 OK
r-oldrel-windows-ix86+x86_64 1.0-7 12.00 46.00 58.00 OK

Check Details

Version: 1.0-7
Check: S3 generic/method consistency
Result: NOTE
    Found the following apparent S3 methods exported but not registered:
     plot.ptw predict.ptw print.ptw summary.ptw
    See section ‘Registering S3 methods’ in the ‘Writing R Extensions’
    manual.
Flavors: r-devel-linux-x86_64-debian-clang, r-devel-linux-x86_64-debian-gcc, r-devel-linux-x86_64-fedora-clang, r-devel-linux-x86_64-fedora-gcc, r-devel-osx-x86_64-clang, r-patched-linux-x86_64, r-patched-solaris-sparc, r-patched-solaris-x86, r-release-linux-x86_64

Version: 1.0-7
Check: R code for possible problems
Result: NOTE
    bestref: no visible global function definition for ‘dist’
    coda : <anonymous>: no visible global function definition for ‘embed’
    coda: no visible binding for global variable ‘runmed’
    plot.ptw: no visible global function definition for ‘matplot’
    plot.ptw: no visible global function definition for ‘matlines’
    plot.ptw: no visible global function definition for ‘legend’
    plot.ptw: no visible global function definition for ‘abline’
    plot.ptw: no visible global function definition for ‘rainbow’
    plot.ptw: no visible global function definition for ‘par’
    plot.ptw: no visible global function definition for ‘lines’
    plot.ptw: no visible global function definition for ‘plot’
    pmwarp: no visible global function definition for ‘optim’
    select.traces: no visible binding for global variable ‘sd’
Flavors: r-devel-linux-x86_64-debian-clang, r-devel-linux-x86_64-debian-gcc