CRAN Package Check Results for Package ptw

Last updated on 2015-05-29 23:48:11.

Flavor Version Tinstall Tcheck Ttotal Status Flags
r-devel-linux-x86_64-debian-clang 1.0-7 1.23 20.69 21.92 NOTE
r-devel-linux-x86_64-debian-gcc 1.0-7 1.13 20.10 21.23 NOTE
r-devel-linux-x86_64-fedora-clang 1.0-7 40.55 NOTE
r-devel-linux-x86_64-fedora-gcc 1.0-7 38.29 NOTE
r-devel-osx-x86_64-clang 1.0-7 38.35 NOTE
r-devel-windows-ix86+x86_64 1.0-7 8.00 44.00 52.00 OK
r-patched-linux-x86_64 1.0-7 1.18 20.64 21.82 NOTE
r-patched-solaris-sparc 1.0-7 275.70 NOTE
r-patched-solaris-x86 1.0-7 59.70 NOTE
r-release-linux-x86_64 1.0-7 1.15 20.48 21.64 NOTE
r-release-osx-x86_64-mavericks 1.0-7 OK
r-release-osx-x86_64-snowleopard 1.0-7 OK
r-release-windows-ix86+x86_64 1.0-7 6.00 49.00 55.00 OK
r-oldrel-windows-ix86+x86_64 1.0-7 12.00 46.00 58.00 OK

Check Details

Version: 1.0-7
Check: S3 generic/method consistency
Result: NOTE
    Found the following apparent S3 methods exported but not registered:
     plot.ptw predict.ptw print.ptw summary.ptw
    See section ‘Registering S3 methods’ in the ‘Writing R Extensions’
    manual.
Flavors: r-devel-linux-x86_64-debian-clang, r-devel-linux-x86_64-debian-gcc, r-devel-linux-x86_64-fedora-clang, r-devel-linux-x86_64-fedora-gcc, r-devel-osx-x86_64-clang, r-patched-linux-x86_64, r-patched-solaris-sparc, r-patched-solaris-x86, r-release-linux-x86_64