CRAN Package Check Results for Package ptw

Last updated on 2015-03-01 12:47:45.

Flavor Version Tinstall Tcheck Ttotal Status Flags
r-devel-linux-x86_64-debian-clang 1.0-7 1.19 21.23 22.42 NOTE
r-devel-linux-x86_64-debian-gcc 1.0-7 1.15 20.53 21.68 NOTE
r-devel-linux-x86_64-fedora-clang 1.0-7 40.84 NOTE
r-devel-linux-x86_64-fedora-gcc 1.0-7 39.63 NOTE
r-devel-osx-x86_64-clang 1.0-7 40.00 NOTE
r-devel-windows-ix86+x86_64 1.0-7 9.00 45.00 54.00 OK
r-patched-linux-x86_64 1.0-7 1.21 22.26 23.47 OK
r-patched-solaris-sparc 1.0-7 279.10 OK
r-patched-solaris-x86 1.0-7 66.10 OK
r-release-linux-ix86 1.0-7 1.95 31.36 33.31 OK
r-release-linux-x86_64 1.0-7 1.30 22.01 23.31 OK
r-release-osx-x86_64-mavericks 1.0-7 OK
r-release-osx-x86_64-snowleopard 1.0-7 OK
r-release-windows-ix86+x86_64 1.0-7 8.00 42.00 50.00 OK
r-oldrel-windows-ix86+x86_64 1.0-7 6.00 41.00 47.00 OK

Check Details

Version: 1.0-7
Check: S3 generic/method consistency
Result: NOTE
    Found the following apparent S3 methods exported but not registered:
     plot.ptw predict.ptw print.ptw summary.ptw
    See section ‘Registering S3 methods’ in the ‘Writing R Extensions’
    manual.
Flavors: r-devel-linux-x86_64-debian-clang, r-devel-linux-x86_64-debian-gcc, r-devel-linux-x86_64-fedora-clang, r-devel-linux-x86_64-fedora-gcc, r-devel-osx-x86_64-clang