CRAN Package Check Results for Package ptw

Last updated on 2015-04-19 19:51:58.

Flavor Version Tinstall Tcheck Ttotal Status Flags
r-devel-linux-x86_64-debian-clang 1.0-7 1.20 20.95 22.14 NOTE
r-devel-linux-x86_64-debian-gcc 1.0-7 1.16 20.26 21.42 NOTE
r-devel-linux-x86_64-fedora-clang 1.0-7 41.35 NOTE
r-devel-linux-x86_64-fedora-gcc 1.0-7 39.16 NOTE
r-devel-osx-x86_64-clang 1.0-7 38.87 NOTE
r-devel-windows-ix86+x86_64 1.0-7 8.00 43.00 51.00 OK
r-patched-linux-x86_64 1.0-7 1.15 20.99 22.14 NOTE
r-patched-solaris-sparc 1.0-7 286.50 OK
r-patched-solaris-x86 1.0-7 60.00 OK
r-release-linux-x86_64 1.0-7 1.15 20.42 21.57 NOTE
r-release-osx-x86_64-mavericks 1.0-7 OK
r-release-osx-x86_64-snowleopard 1.0-7 OK
r-release-windows-ix86+x86_64 1.0-7 6.00 49.00 55.00 OK
r-oldrel-windows-ix86+x86_64 1.0-7 12.00 46.00 58.00 OK

Check Details

Version: 1.0-7
Check: S3 generic/method consistency
Result: NOTE
    Found the following apparent S3 methods exported but not registered:
     plot.ptw predict.ptw print.ptw summary.ptw
    See section ‘Registering S3 methods’ in the ‘Writing R Extensions’
    manual.
Flavors: r-devel-linux-x86_64-debian-clang, r-devel-linux-x86_64-debian-gcc, r-devel-linux-x86_64-fedora-clang, r-devel-linux-x86_64-fedora-gcc, r-devel-osx-x86_64-clang, r-patched-linux-x86_64, r-release-linux-x86_64