CRAN Package Check Results for Package psychotree

Last updated on 2015-03-04 17:48:33.

Flavor Version Tinstall Tcheck Ttotal Status Flags
r-devel-linux-x86_64-debian-clang 0.15-0 0.97 35.37 36.34 OK
r-devel-linux-x86_64-debian-gcc 0.15-0 0.90 33.28 34.18 OK
r-devel-linux-x86_64-fedora-clang 0.15-0 70.24 OK
r-devel-linux-x86_64-fedora-gcc 0.15-0 66.10 OK
r-devel-osx-x86_64-clang 0.15-0 69.29 OK
r-devel-windows-ix86+x86_64 0.15-0 3.00 56.00 59.00 OK
r-patched-linux-x86_64 0.15-0 1.11 36.51 37.62 OK
r-patched-solaris-sparc 0.15-0 491.20 OK
r-patched-solaris-x86 0.15-0 100.40 OK
r-release-linux-ix86 0.15-0 1.57 56.91 58.48 OK
r-release-linux-x86_64 0.15-0 1.09 36.60 37.69 OK
r-release-osx-x86_64-mavericks 0.15-0 OK
r-release-osx-x86_64-snowleopard 0.15-0 OK
r-release-windows-ix86+x86_64 0.15-0 4.00 58.00 62.00 OK
r-oldrel-windows-ix86+x86_64 0.15-0 1.00 1.00 2.00 ERROR

Check Details

Version: 0.15-0
Check: package dependencies
Result: ERROR
    Package required and available but unsuitable version: 'partykit'
    
    See the information on DESCRIPTION files in the chapter 'Creating R
    packages' of the 'Writing R Extensions' manual.
Flavor: r-oldrel-windows-ix86+x86_64