CRAN Package Check Results for Package psychotree

Last updated on 2015-01-30 21:47:09.

Flavor Version Tinstall Tcheck Ttotal Status Flags
r-devel-linux-x86_64-debian-clang 0.15-0 0.94 34.08 35.02 OK
r-devel-linux-x86_64-debian-gcc 0.15-0 1.12 32.82 33.94 OK
r-devel-linux-x86_64-fedora-clang 0.15-0 74.61 OK
r-devel-linux-x86_64-fedora-gcc 0.15-0 73.31 OK
r-devel-osx-x86_64-clang 0.15-0 73.00 OK
r-devel-windows-ix86+x86_64 0.15-0 6.00 72.00 78.00 OK
r-patched-linux-x86_64 0.15-0 1.07 36.68 37.75 OK
r-patched-solaris-sparc 0.15-0 424.70 OK
r-patched-solaris-x86 0.15-0 100.00 OK
r-release-linux-ix86 0.15-0 1.47 50.30 51.77 OK
r-release-linux-x86_64 0.15-0 1.16 36.62 37.78 OK
r-release-osx-x86_64-mavericks 0.15-0 OK
r-release-osx-x86_64-snowleopard 0.15-0 OK
r-release-windows-ix86+x86_64 0.15-0 5.00 63.00 68.00 OK
r-oldrel-windows-ix86+x86_64 0.15-0 2.00 1.00 3.00 ERROR

Check Details

Version: 0.15-0
Check: package dependencies
Result: ERROR
    Package required and available but unsuitable version: 'partykit'
    
    See the information on DESCRIPTION files in the chapter 'Creating R
    packages' of the 'Writing R Extensions' manual.
Flavor: r-oldrel-windows-ix86+x86_64