CRAN Package Check Results for Package plsdof

Last updated on 2015-02-28 07:50:10.

Flavor Version Tinstall Tcheck Ttotal Status Flags
r-devel-linux-x86_64-debian-clang 0.2-7 0.82 23.56 24.37 NOTE
r-devel-linux-x86_64-debian-gcc 0.2-7 0.89 23.33 24.22 NOTE
r-devel-linux-x86_64-fedora-clang 0.2-7 47.36 NOTE
r-devel-linux-x86_64-fedora-gcc 0.2-7 45.00 NOTE
r-devel-osx-x86_64-clang 0.2-7 44.94 NOTE
r-devel-windows-ix86+x86_64 0.2-7 4.00 34.00 38.00 OK
r-patched-linux-x86_64 0.2-7 0.88 24.93 25.81 OK
r-patched-solaris-sparc 0.2-7 312.00 OK
r-patched-solaris-x86 0.2-7 71.90 OK
r-release-linux-ix86 0.2-7 1.13 41.74 42.87 OK
r-release-linux-x86_64 0.2-7 0.88 26.50 27.38 OK
r-release-osx-x86_64-mavericks 0.2-7 OK
r-release-osx-x86_64-snowleopard 0.2-7 OK
r-release-windows-ix86+x86_64 0.2-7 3.00 37.00 40.00 OK
r-oldrel-windows-ix86+x86_64 0.2-7 3.00 36.00 39.00 OK

Check Details

Version: 0.2-7
Check: S3 generic/method consistency
Result: NOTE
    Found the following apparent S3 methods exported but not registered:
     coef.plsdof vcov.plsdof
    See section ‘Registering S3 methods’ in the ‘Writing R Extensions’
    manual.
Flavors: r-devel-linux-x86_64-debian-clang, r-devel-linux-x86_64-debian-gcc, r-devel-linux-x86_64-fedora-clang, r-devel-linux-x86_64-fedora-gcc, r-devel-osx-x86_64-clang