CRAN Package Check Results for Package plsdof

Last updated on 2014-04-24 10:48:53.

Flavor Version Tinstall Tcheck Ttotal Status Flags
r-devel-linux-x86_64-debian-clang 0.2-6 0.90 45.69 46.59 NOTE
r-devel-linux-x86_64-debian-gcc 0.2-6 0.84 44.91 45.74 NOTE
r-devel-linux-x86_64-fedora-clang 0.2-6 82.31 NOTE
r-devel-linux-x86_64-fedora-gcc 0.2-6 81.82 NOTE
r-devel-osx-x86_64-clang 0.2-6 68.98 NOTE
r-devel-osx-x86_64-gcc 0.2-6 NOTE
r-devel-windows-ix86+x86_64 0.2-6 3.00 57.00 60.00 NOTE
r-patched-linux-x86_64 0.2-6 0.84 41.48 42.32 NOTE
r-patched-solaris-sparc 0.2-6 491.70 NOTE
r-patched-solaris-x86 0.2-6 100.30 NOTE
r-release-linux-ix86 0.2-6 2.00 67.00 69.00 NOTE
r-release-linux-x86_64 0.2-6 0.83 41.72 42.54 NOTE
r-release-osx-x86_64-mavericks 0.2-6 WARN
r-release-osx-x86_64-snowleopard 0.2-6 OK
r-release-windows-ix86+x86_64 0.2-6 3.00 56.00 59.00 NOTE
r-oldrel-windows-ix86+x86_64 0.2-6 3.00 59.00 62.00 NOTE

Check Details

Version: 0.2-6
Check: dependencies in R code
Result: NOTE
    Package in Depends field not imported from: ‘MASS’
     These packages need to be imported from (in the NAMESPACE file)
     for when this namespace is loaded but not attached.
    See the information on DESCRIPTION files in the chapter ‘Creating R
    packages’ of the ‘Writing R Extensions’ manual.
Flavors: r-devel-linux-x86_64-debian-clang, r-devel-linux-x86_64-debian-gcc, r-devel-linux-x86_64-fedora-clang, r-devel-linux-x86_64-fedora-gcc, r-devel-osx-x86_64-clang, r-devel-osx-x86_64-gcc, r-devel-windows-ix86+x86_64, r-patched-linux-x86_64, r-patched-solaris-sparc, r-patched-solaris-x86, r-release-linux-ix86, r-release-linux-x86_64, r-release-osx-x86_64-mavericks, r-release-windows-ix86+x86_64, r-oldrel-windows-ix86+x86_64

Version: 0.2-6
Check: Rd line widths
Result: NOTE
    Rd file 'benchmark.pls.Rd':
     \usage lines wider than 90 characters:
     benchmark.pls(X,y,m,R,ratio,verbose,k,ratio.samples,use.kernel,criterion,true.coefficients)
    
    Rd file 'pcr.cv.Rd':
     \usage lines wider than 90 characters:
     pcr.cv(X,y,k=10,m,groups=NULL,scale=TRUE,eps=0.000001,plot.it=FALSE,compute.jackknife,method.cor,supervised)
    
    Rd file 'ridge.cv.Rd':
     \usage lines wider than 90 characters:
     ridge.cv(X, y, lambda, scale = TRUE, k = 10, plot.it = FALSE,groups=NULL,method.cor="pearson",compute.jackknife)
    
    These lines will be truncated in the PDF manual.
Flavors: r-devel-linux-x86_64-fedora-clang, r-devel-linux-x86_64-fedora-gcc

Version: 0.2-6
Check: PDF version of manual
Result: WARNING
    LaTeX errors when creating PDF version.
    This typically indicates Rd problems.
    LaTeX errors found:
    ! LaTeX Error: File `upquote.sty' not found.
    
    Type X to quit or <RETURN> to proceed,
    or enter new name. (Default extension: sty)
    
    51e2bcf/Rd2.tex:8: ==> Fatal error occurred, no output PDF file produced!
Flavor: r-release-osx-x86_64-mavericks