CRAN Package Check Results for Package plsdof

Last updated on 2015-05-26 04:47:05.

Flavor Version Tinstall Tcheck Ttotal Status Flags
r-devel-linux-x86_64-debian-clang 0.2-7 0.78 23.53 24.30 NOTE
r-devel-linux-x86_64-debian-gcc 0.2-7 0.74 23.67 24.42 NOTE
r-devel-linux-x86_64-fedora-clang 0.2-7 46.28 NOTE
r-devel-linux-x86_64-fedora-gcc 0.2-7 43.55 NOTE
r-devel-osx-x86_64-clang 0.2-7 44.17 NOTE
r-devel-windows-ix86+x86_64 0.2-7 4.00 37.00 41.00 OK
r-patched-linux-x86_64 0.2-7 0.74 22.78 23.52 NOTE
r-patched-solaris-sparc 0.2-7 305.50 NOTE
r-patched-solaris-x86 0.2-7 70.00 NOTE
r-release-linux-x86_64 0.2-7 0.75 23.38 24.13 NOTE
r-release-osx-x86_64-mavericks 0.2-7 OK
r-release-osx-x86_64-snowleopard 0.2-7 OK
r-release-windows-ix86+x86_64 0.2-7 4.00 35.00 39.00 OK
r-oldrel-windows-ix86+x86_64 0.2-7 4.00 54.00 58.00 OK

Check Details

Version: 0.2-7
Check: S3 generic/method consistency
Result: NOTE
    Found the following apparent S3 methods exported but not registered:
     coef.plsdof vcov.plsdof
    See section ‘Registering S3 methods’ in the ‘Writing R Extensions’
    manual.
Flavors: r-devel-linux-x86_64-debian-clang, r-devel-linux-x86_64-debian-gcc, r-devel-linux-x86_64-fedora-clang, r-devel-linux-x86_64-fedora-gcc, r-devel-osx-x86_64-clang, r-patched-linux-x86_64, r-patched-solaris-sparc, r-patched-solaris-x86, r-release-linux-x86_64