CRAN Package Check Results for Package plsRbeta

Last updated on 2014-04-25 10:48:25.

Flavor Version Tinstall Tcheck Ttotal Status Flags
r-devel-linux-x86_64-debian-clang 0.1.8 4.93 74.42 79.34 OK
r-devel-linux-x86_64-debian-gcc 0.1.8 4.84 74.75 79.59 OK
r-devel-linux-x86_64-fedora-clang 0.1.8 158.13 OK
r-devel-linux-x86_64-fedora-gcc 0.1.8 152.50 OK
r-devel-osx-x86_64-clang 0.1.8 136.40 OK
r-devel-osx-x86_64-gcc 0.1.8 ERROR
r-devel-windows-ix86+x86_64 0.1.8 13.00 96.00 109.00 OK
r-patched-linux-x86_64 0.1.8 4.94 73.94 78.88 OK
r-patched-solaris-sparc 0.1.8 826.30 OK
r-patched-solaris-x86 0.1.8 177.80 OK
r-release-linux-ix86 0.1.8 7.00 115.00 122.00 OK
r-release-linux-x86_64 0.1.8 4.78 74.81 79.59 OK
r-release-osx-x86_64-mavericks 0.1.8 WARN
r-release-osx-x86_64-snowleopard 0.1.8 OK
r-release-windows-ix86+x86_64 0.1.8 12.00 102.00 114.00 OK
r-oldrel-windows-ix86+x86_64 0.1.8 15.00 100.00 115.00 OK

Check Details

Version: 0.1.8
Check: package dependencies
Result: ERROR
    Packages required but not available: ‘plsRglm’ ‘betareg’
    
    See the information on DESCRIPTION files in the chapter ‘Creating R
    packages’ of the ‘Writing R Extensions’ manual.
Flavor: r-devel-osx-x86_64-gcc

Version: 0.1.8
Check: PDF version of manual
Result: WARNING
    LaTeX errors when creating PDF version.
    This typically indicates Rd problems.
    LaTeX errors found:
    ! LaTeX Error: File `upquote.sty' not found.
    
    Type X to quit or <RETURN> to proceed,
    or enter new name. (Default extension: sty)
    
    4e1fb95/Rd2.tex:8: ==> Fatal error occurred, no output PDF file produced!
Flavor: r-release-osx-x86_64-mavericks