CRAN Package Check Results for Package plsRbeta

Last updated on 2015-05-25 08:48:33.

Flavor Version Tinstall Tcheck Ttotal Status Flags
r-devel-linux-x86_64-debian-clang 0.2.0 5.88 80.23 86.11 OK
r-devel-linux-x86_64-debian-gcc 0.2.0 5.84 79.30 85.14 OK
r-devel-linux-x86_64-fedora-clang 0.2.0 181.74 OK
r-devel-linux-x86_64-fedora-gcc 0.2.0 169.52 OK
r-devel-osx-x86_64-clang 0.2.0 146.07 OK
r-devel-windows-ix86+x86_64 0.2.0 15.00 115.00 130.00 OK
r-patched-linux-x86_64 0.2.0 6.03 79.54 85.58 OK
r-patched-solaris-sparc 0.2.0 1070.80 OK
r-patched-solaris-x86 0.2.0 234.20 OK
r-release-linux-x86_64 0.2.0 6.42 80.44 86.86 OK
r-release-osx-x86_64-mavericks 0.2.0 OK
r-release-osx-x86_64-snowleopard 0.2.0 ERROR
r-release-windows-ix86+x86_64 0.2.0 18.00 118.00 136.00 OK
r-oldrel-windows-ix86+x86_64 0.2.0 30.00 171.00 201.00 OK

Check Details

Version: 0.2.0
Check: package dependencies
Result: ERROR
    Packages required but not available: ‘betareg’ ‘plsRglm’
    
    See section ‘The DESCRIPTION file’ in the ‘Writing R Extensions’
    manual.
Flavor: r-release-osx-x86_64-snowleopard