CRAN Package Check Results for Package plsRbeta

Last updated on 2015-07-03 16:47:31.

Flavor Version Tinstall Tcheck Ttotal Status Flags
r-devel-linux-x86_64-debian-clang 0.2.0 5.75 74.66 80.41 NOTE
r-devel-linux-x86_64-debian-gcc 0.2.0 5.69 73.20 78.89 NOTE
r-devel-linux-x86_64-fedora-clang 0.2.0 167.39 NOTE
r-devel-linux-x86_64-fedora-gcc 0.2.0 156.72 NOTE
r-devel-osx-x86_64-clang 0.2.0 159.73 OK
r-devel-windows-ix86+x86_64 0.2.0 17.00 108.00 125.00 NOTE
r-patched-linux-x86_64 0.2.0 5.68 79.14 84.82 OK
r-patched-solaris-sparc 0.2.0 1070.80 OK
r-patched-solaris-x86 0.2.0 235.30 OK
r-release-linux-x86_64 0.2.0 5.80 81.17 86.97 OK
r-release-osx-x86_64-mavericks 0.2.0 OK
r-release-windows-ix86+x86_64 0.2.0 24.00 116.00 140.00 OK
r-oldrel-windows-ix86+x86_64 0.2.0 32.00 183.00 215.00 OK

Check Details

Version: 0.2.0
Check: R code for possible problems
Result: NOTE
    PLS_beta: Error while checking: invalid ‘envir’ argument
    PLS_beta_formula: no visible binding for global variable ‘na.exclude’
    PLS_beta_formula: no visible global function definition for ‘is’
    PLS_beta_formula: no visible binding for global variable ‘na.pass’
    PLS_beta_formula: no visible global function definition for
     ‘as.formula’
    PLS_beta_formula: no visible global function definition for
     ‘model.response’
    PLS_beta_formula: no visible global function definition for
     ‘is.empty.model’
    PLS_beta_formula: no visible global function definition for
     ‘model.matrix’
    PLS_beta_formula: no visible global function definition for
     ‘model.weights’
    PLS_beta_formula: no visible global function definition for
     ‘model.offset’
    PLS_beta_formula: no visible global function definition for ‘terms’
    PLS_beta_formula: no visible global function definition for
     ‘delete.response’
    PLS_beta_formula: Error while checking: invalid ‘envir’ argument
    PLS_beta_kfoldcv: Error while checking: invalid ‘envir’ argument
    PLS_beta_kfoldcv_formula: no visible binding for global variable
     ‘na.pass’
    PLS_beta_kfoldcv_formula: no visible global function definition for
     ‘as.formula’
    PLS_beta_kfoldcv_formula: no visible global function definition for
     ‘model.response’
    PLS_beta_kfoldcv_formula: no visible global function definition for
     ‘is.empty.model’
    PLS_beta_kfoldcv_formula: no visible global function definition for
     ‘model.matrix’
    PLS_beta_kfoldcv_formula: no visible global function definition for
     ‘model.weights’
    PLS_beta_kfoldcv_formula: no visible global function definition for
     ‘model.offset’
    PLS_beta_kfoldcv_formula: no visible global function definition for
     ‘terms’
    PLS_beta_kfoldcv_formula: no visible global function definition for
     ‘delete.response’
    PLS_beta_kfoldcv_formula: Error while checking: invalid ‘envir’
     argument
    PLS_beta_wvc: Error while checking: invalid ‘envir’ argument
    kfolds2Chisq: no visible global function definition for ‘model.frame’
    kfolds2Chisq: no visible global function definition for ‘model.matrix’
    kfolds2Chisqind: no visible global function definition for
     ‘model.frame’
    kfolds2Chisqind: no visible global function definition for
     ‘model.matrix’
    simul_data_UniYX_beta: no visible global function definition for
     ‘make.link’
    simul_data_UniYX_beta: no visible global function definition for
     ‘rbeta’
    Undefined global functions or variables:
     as.formula delete.response is is.empty.model make.link model.frame
     model.matrix model.offset model.response model.weights na.exclude
     na.pass rbeta terms
Flavors: r-devel-linux-x86_64-debian-clang, r-devel-linux-x86_64-debian-gcc, r-devel-linux-x86_64-fedora-clang, r-devel-linux-x86_64-fedora-gcc, r-devel-windows-ix86+x86_64