CRAN Package Check Results for Package pls

Last updated on 2015-07-04 03:48:21.

Flavor Version Tinstall Tcheck Ttotal Status Flags
r-devel-linux-x86_64-debian-clang 2.4-3 1.18 18.12 19.30 NOTE
r-devel-linux-x86_64-debian-gcc 2.4-3 1.06 19.13 20.19 NOTE
r-devel-linux-x86_64-fedora-clang 2.4-3 36.41 NOTE
r-devel-linux-x86_64-fedora-gcc 2.4-3 33.74 NOTE
r-devel-osx-x86_64-clang 2.4-3 34.59 NOTE
r-devel-windows-ix86+x86_64 2.4-3 7.00 28.00 35.00 NOTE
r-patched-linux-x86_64 2.4-3 1.06 19.08 20.14 NOTE
r-patched-solaris-sparc 2.4-3 246.30 NOTE
r-patched-solaris-x86 2.4-3 52.40 NOTE
r-release-linux-x86_64 2.4-3 1.22 19.24 20.46 NOTE
r-release-osx-x86_64-mavericks 2.4-3 NOTE
r-release-windows-ix86+x86_64 2.4-3 7.00 29.00 36.00 NOTE
r-oldrel-windows-ix86+x86_64 2.4-3 7.00 31.00 38.00 NOTE

Check Details

Version: 2.4-3
Check: DESCRIPTION meta-information
Result: NOTE
    Malformed Description field: should contain one or more complete sentences.
Flavors: r-devel-linux-x86_64-debian-clang, r-devel-linux-x86_64-debian-gcc, r-devel-linux-x86_64-fedora-clang, r-devel-linux-x86_64-fedora-gcc, r-devel-osx-x86_64-clang, r-devel-windows-ix86+x86_64, r-patched-linux-x86_64, r-patched-solaris-sparc, r-patched-solaris-x86, r-release-linux-x86_64, r-release-osx-x86_64-mavericks, r-release-windows-ix86+x86_64

Version: 2.4-3
Check: dependencies in R code
Result: NOTE
    'library' or 'require' call to ‘parallel’ in package code.
     Please use :: or requireNamespace() instead.
     See section 'Suggested packages' in the 'Writing R Extensions' manual.
Flavors: r-devel-linux-x86_64-debian-clang, r-devel-linux-x86_64-debian-gcc, r-devel-linux-x86_64-fedora-clang, r-devel-linux-x86_64-fedora-gcc, r-devel-osx-x86_64-clang, r-devel-windows-ix86+x86_64, r-patched-linux-x86_64, r-patched-solaris-sparc, r-patched-solaris-x86, r-release-linux-x86_64, r-release-osx-x86_64-mavericks, r-release-windows-ix86+x86_64, r-oldrel-windows-ix86+x86_64

Version: 2.4-3
Check: R code for possible problems
Result: NOTE
    coefplot: no visible global function definition for ‘par’
    coefplot: no visible global function definition for ‘dev.interactive’
    coefplot: no visible global function definition for ‘hasArg’
    coefplot: no visible global function definition for ‘arrows’
    coefplot: no visible global function definition for ‘matplot’
    coefplot: no visible global function definition for ‘axTicks’
    coefplot: no visible global function definition for ‘axis’
    coefplot: no visible global function definition for ‘abline’
    coefplot: no visible global function definition for ‘mtext’
    coefplot: no visible global function definition for ‘title’
    corrplot: no visible global function definition for ‘cor’
    corrplot: no visible global function definition for ‘segments’
    corrplot: no visible global function definition for ‘text’
    corrplot : <anonymous>: no visible global function definition for
     ‘points’
    corrplot : <anonymous>: no visible global function definition for
     ‘text’
    corrplot : panel: no visible global function definition for ‘segments’
    corrplot: no visible global function definition for ‘pairs’
    crossval: no visible global function definition for ‘formula’
    crossval: no visible global function definition for ‘model.response’
    crossval : crossvalSeg: no visible global function definition for
     ‘update’
    crossval: no visible binding for global variable ‘var’
    cvsegments : <anonymous>: no visible global function definition for
     ‘na.omit’
    jack.test: no visible global function definition for ‘pt’
    lapplyFunc: no visible global function definition for ‘mclapply’
    lapplyFunc: no visible global function definition for ‘parLapply’
    lapplyFunc: no visible global function definition for ‘stopCluster’
    loadingplot.default: no visible global function definition for ‘par’
    loadingplot.default: no visible global function definition for ‘text’
    loadingplot.default : <anonymous>: no visible global function
     definition for ‘points’
    loadingplot.default : <anonymous>: no visible global function
     definition for ‘text’
    loadingplot.default: no visible global function definition for ‘pairs’
    loadingplot.default: no visible global function definition for
     ‘matplot’
    loadingplot.default: no visible global function definition for
     ‘axTicks’
    loadingplot.default: no visible global function definition for ‘axis’
    lw_bestpar: no visible binding for global variable ‘median’
    lw_bestpar: no visible global function definition for ‘median’
    lw_bestpar: no visible global function definition for ‘optimize’
    model.matrix.mvr: no visible global function definition for ‘terms’
    mvr: no visible global function definition for ‘update’
    mvr: no visible global function definition for ‘model.response’
    mvr: no visible global function definition for ‘drop.terms’
    mvrCv: no visible binding for global variable ‘var’
    mvrValstats: no visible global function definition for ‘model.response’
    mvrValstats: no visible global function definition for ‘napredict’
    mvrValstats: no visible binding for global variable ‘var’
    mvrValstats: no visible global function definition for ‘formula’
    plot.mvrVal: no visible global function definition for ‘par’
    plot.mvrVal: no visible global function definition for
     ‘dev.interactive’
    plot.mvrVal: no visible global function definition for ‘matplot’
    plot.mvrVal: no visible global function definition for ‘axis’
    plot.mvrVal: no visible global function definition for ‘mtext’
    plot.mvrVal: no visible global function definition for ‘title’
    predict.mvr: no visible binding for global variable ‘na.pass’
    predict.mvr: no visible global function definition for
     ‘delete.response’
    predict.mvr: no visible global function definition for ‘terms’
    predict.mvr: no visible global function definition for
     ‘.checkMFClasses’
    predict.mvr: no visible global function definition for ‘napredict’
    predplot.default: no visible global function definition for
     ‘model.response’
    predplot.mvr: no visible global function definition for ‘par’
    predplot.mvr: no visible global function definition for
     ‘dev.interactive’
    predplot.mvr: no visible global function definition for
     ‘model.response’
    predplot.mvr: no visible global function definition for ‘formula’
    predplot.mvr: no visible global function definition for ‘mtext’
    predplot.mvr: no visible global function definition for ‘title’
    predplotXy: no visible global function definition for ‘par’
    predplotXy: no visible global function definition for ‘text’
    predplotXy: no visible global function definition for ‘abline’
    print.jacktest: no visible global function definition for
     ‘printCoefmat’
    scoreplot.default: no visible global function definition for ‘text’
    scoreplot.default : <anonymous>: no visible global function definition
     for ‘points’
    scoreplot.default : <anonymous>: no visible global function definition
     for ‘text’
    scoreplot.default: no visible global function definition for ‘pairs’
    Undefined global functions or variables:
     .checkMFClasses abline arrows axTicks axis cor delete.response
     dev.interactive drop.terms formula hasArg matplot mclapply median
     model.response mtext na.omit na.pass napredict optimize pairs par
     parLapply points printCoefmat pt segments stopCluster terms text
     title update var
Flavors: r-devel-linux-x86_64-debian-clang, r-devel-linux-x86_64-debian-gcc, r-devel-linux-x86_64-fedora-clang, r-devel-linux-x86_64-fedora-gcc, r-devel-windows-ix86+x86_64

Version: 2.4-3
Check: R code for possible problems
Result: NOTE
    lapplyFunc: no visible global function definition for ‘mclapply’
    lapplyFunc: no visible global function definition for ‘parLapply’
    lapplyFunc: no visible global function definition for ‘stopCluster’
    Undefined global functions or variables:
     mclapply parLapply stopCluster
Flavor: r-devel-osx-x86_64-clang

Version: 2.4-3
Check: R code for possible problems
Result: NOTE
    lapplyFunc: no visible global function definition for ‘mclapply’
    lapplyFunc: no visible global function definition for ‘parLapply’
    lapplyFunc: no visible global function definition for ‘stopCluster’
Flavors: r-patched-linux-x86_64, r-patched-solaris-sparc, r-patched-solaris-x86, r-release-linux-x86_64, r-release-osx-x86_64-mavericks, r-release-windows-ix86+x86_64, r-oldrel-windows-ix86+x86_64

Version: 2.4-3
Check: package dependencies
Result: NOTE
    Package suggested but not available for checking: ‘Rmpi’
Flavor: r-release-osx-x86_64-mavericks