CRAN Package Check Results for Package pls

Last updated on 2014-04-24 15:50:44.

Flavor Version Tinstall Tcheck Ttotal Status Flags
r-devel-linux-x86_64-debian-clang 2.4-3 1.21 22.02 23.22 OK
r-devel-linux-x86_64-debian-gcc 2.4-3 1.24 21.55 22.79 OK
r-devel-linux-x86_64-fedora-clang 2.4-3 42.13 OK
r-devel-linux-x86_64-fedora-gcc 2.4-3 40.80 OK
r-devel-osx-x86_64-clang 2.4-3 42.47 OK
r-devel-osx-x86_64-gcc 2.4-3 NOTE
r-devel-windows-ix86+x86_64 2.4-3 3.00 30.00 33.00 NOTE
r-patched-linux-x86_64 2.4-3 1.28 20.83 22.11 OK
r-patched-solaris-sparc 2.4-3 243.90 OK
r-patched-solaris-x86 2.4-3 53.80 OK
r-release-linux-ix86 2.4-3 2.00 37.00 39.00 OK
r-release-linux-x86_64 2.4-3 1.48 21.70 23.19 OK
r-release-osx-x86_64-mavericks 2.4-3 WARN
r-release-windows-ix86+x86_64 2.4-3 4.00 29.00 33.00 NOTE
r-oldrel-windows-ix86+x86_64 2.4-3 4.00 32.00 36.00 NOTE

Check Details

Version: 2.4-3
Check: package dependencies
Result: NOTE
    Package suggested but not available for checking: ‘Rmpi’
Flavors: r-devel-osx-x86_64-gcc, r-release-osx-x86_64-mavericks

Version: 2.4-3
Check: R code for possible problems
Result: NOTE
    Error : .onLoad failed in loadNamespace() for 'Rmpi', details:
     call: inDL(x, as.logical(local), as.logical(now), ...)
     error: unable to load shared object 'd:/RCompile/CRANpkg/lib/3.2/Rmpi/libs/x64/Rmpi.dll':
     LoadLibrary failure: Das angegebene Modul wurde nicht gefunden.
Flavor: r-devel-windows-ix86+x86_64

Version: 2.4-3
Check: PDF version of manual
Result: WARNING
    LaTeX errors when creating PDF version.
    This typically indicates Rd problems.
    LaTeX errors found:
    ! LaTeX Error: File `upquote.sty' not found.
    
    Type X to quit or <RETURN> to proceed,
    or enter new name. (Default extension: sty)
    
    609a11ef/Rd2.tex:8: ==> Fatal error occurred, no output PDF file produced!
Flavor: r-release-osx-x86_64-mavericks

Version: 2.4-3
Check: R code for possible problems
Result: NOTE
    Error : .onLoad failed in loadNamespace() for 'Rmpi', details:
     call: inDL(x, as.logical(local), as.logical(now), ...)
     error: unable to load shared object 'd:/RCompile/CRANpkg/lib/3.1/Rmpi/libs/x64/Rmpi.dll':
     LoadLibrary failure: Das angegebene Modul wurde nicht gefunden.
Flavor: r-release-windows-ix86+x86_64

Version: 2.4-3
Check: R code for possible problems
Result: NOTE
    Error : .onLoad failed in loadNamespace() for 'Rmpi', details:
     call: inDL(x, as.logical(local), as.logical(now), ...)
     error: unable to load shared object 'd:/RCompile/CRANpkg/lib/3.0/Rmpi/libs/i386/Rmpi.dll':
     LoadLibrary failure: Das angegebene Modul wurde nicht gefunden.
Flavor: r-oldrel-windows-ix86+x86_64