CRAN Package Check Results for Package pls

Last updated on 2014-10-25 05:48:44.

Flavor Version Tinstall Tcheck Ttotal Status Flags
r-devel-linux-x86_64-debian-clang 2.4-3 1.26 20.80 22.07 NOTE
r-devel-linux-x86_64-debian-gcc 2.4-3 1.69 19.54 21.23 NOTE
r-devel-linux-x86_64-fedora-clang 2.4-3 40.79 NOTE
r-devel-linux-x86_64-fedora-gcc 2.4-3 38.61 NOTE
r-devel-osx-x86_64-clang 2.4-3 41.05 NOTE
r-devel-windows-ix86+x86_64 2.4-3 4.00 27.00 31.00 NOTE
r-patched-linux-x86_64 2.4-3 1.72 20.73 22.46 NOTE
r-patched-solaris-sparc 2.4-3 237.00 NOTE
r-patched-solaris-x86 2.4-3 53.00 NOTE
r-release-linux-ix86 2.4-3 1.60 28.04 29.65 OK
r-release-linux-x86_64 2.4-3 1.40 21.08 22.48 OK
r-release-osx-x86_64-mavericks 2.4-3 NOTE
r-release-windows-ix86+x86_64 2.4-3 3.00 31.00 34.00 OK
r-oldrel-windows-ix86+x86_64 2.4-3 4.00 29.00 33.00 OK

Check Details

Version: 2.4-3
Check: R code for possible problems
Result: NOTE
    lapplyFunc: no visible global function definition for ‘mclapply’
    lapplyFunc: no visible global function definition for ‘parLapply’
    lapplyFunc: no visible global function definition for ‘stopCluster’
Flavors: r-devel-linux-x86_64-debian-clang, r-devel-linux-x86_64-debian-gcc, r-devel-linux-x86_64-fedora-clang, r-devel-linux-x86_64-fedora-gcc, r-devel-osx-x86_64-clang, r-devel-windows-ix86+x86_64, r-patched-linux-x86_64, r-patched-solaris-sparc, r-patched-solaris-x86

Version: 2.4-3
Check: package dependencies
Result: NOTE
    Package suggested but not available for checking: ‘Rmpi’
Flavor: r-release-osx-x86_64-mavericks