CRAN Package Check Results for Package pls

Last updated on 2014-09-02 20:48:57.

Flavor Version Tinstall Tcheck Ttotal Status Flags
r-devel-linux-x86_64-debian-clang 2.4-3 1.54 19.20 20.74 NOTE
r-devel-linux-x86_64-debian-gcc 2.4-3 1.14 19.07 20.22 NOTE
r-devel-linux-x86_64-fedora-clang 2.4-3 40.71 NOTE
r-devel-linux-x86_64-fedora-gcc 2.4-3 38.68 NOTE
r-devel-osx-x86_64-clang 2.4-3 40.96 NOTE
r-devel-windows-ix86+x86_64 2.4-3 4.00 29.00 33.00 NOTE
r-patched-linux-x86_64 2.4-3 1.34 20.69 22.03 OK
r-patched-solaris-sparc 2.4-3 254.90 OK
r-patched-solaris-x86 2.4-3 52.00 OK
r-release-linux-ix86 2.4-3 1.64 27.69 29.33 OK
r-release-linux-x86_64 2.4-3 1.38 21.76 23.14 OK
r-release-osx-x86_64-mavericks 2.4-3 NOTE
r-release-windows-ix86+x86_64 2.4-3 4.00 29.00 33.00 OK
r-oldrel-windows-ix86+x86_64 2.4-3 5.00 31.00 36.00 OK

Check Details

Version: 2.4-3
Check: R code for possible problems
Result: NOTE
    lapplyFunc: no visible global function definition for ‘mclapply’
    lapplyFunc: no visible global function definition for ‘parLapply’
    lapplyFunc: no visible global function definition for ‘stopCluster’
Flavors: r-devel-linux-x86_64-debian-clang, r-devel-linux-x86_64-debian-gcc, r-devel-linux-x86_64-fedora-clang, r-devel-linux-x86_64-fedora-gcc, r-devel-osx-x86_64-clang, r-devel-windows-ix86+x86_64

Version: 2.4-3
Check: package dependencies
Result: NOTE
    Package suggested but not available for checking: ‘Rmpi’
Flavor: r-release-osx-x86_64-mavericks