CRAN Package Check Results for Package plgp

Last updated on 2015-04-19 03:49:46.

Flavor Version Tinstall Tcheck Ttotal Status Flags
r-devel-linux-x86_64-debian-clang 1.1-7 2.40 14.62 17.02 NOTE
r-devel-linux-x86_64-debian-gcc 1.1-7 2.44 14.89 17.34 NOTE
r-devel-linux-x86_64-fedora-clang 1.1-7 32.72 NOTE
r-devel-linux-x86_64-fedora-gcc 1.1-7 30.00 NOTE
r-devel-osx-x86_64-clang 1.1-7 36.00 NOTE
r-patched-linux-x86_64 1.1-7 2.74 14.91 17.66 NOTE
r-patched-solaris-sparc 1.1-7 217.60 NOTE
r-patched-solaris-x86 1.1-7 45.10 NOTE
r-release-linux-x86_64 1.1-7 2.49 15.48 17.96 NOTE
r-release-osx-x86_64-mavericks 1.1-7 NOTE
r-release-osx-x86_64-snowleopard 1.1-7 NOTE
r-release-windows-ix86+x86_64 1.1-7 12.00 33.00 45.00 NOTE
r-oldrel-windows-ix86+x86_64 1.1-7 13.00 49.00 62.00 OK

Check Details

Version: 1.1-7
Check: DESCRIPTION meta-information
Result: NOTE
    Malformed Description field: should contain one or more complete sentences.
Flavors: r-devel-linux-x86_64-debian-clang, r-devel-linux-x86_64-debian-gcc, r-devel-linux-x86_64-fedora-clang, r-devel-linux-x86_64-fedora-gcc, r-devel-osx-x86_64-clang, r-patched-linux-x86_64, r-patched-solaris-sparc, r-patched-solaris-x86, r-release-linux-x86_64, r-release-osx-x86_64-mavericks, r-release-osx-x86_64-snowleopard, r-release-windows-ix86+x86_64