CRAN Package Check Results for Package plgp

Last updated on 2014-07-28 08:48:58.

Flavor Version Tinstall Tcheck Ttotal Status Flags
r-devel-linux-x86_64-debian-clang 1.1-5 2.00 15.26 17.26 NOTE
r-devel-linux-x86_64-debian-gcc 1.1-5 2.51 15.18 17.68 NOTE
r-devel-linux-x86_64-fedora-clang 1.1-5 34.47 NOTE
r-devel-linux-x86_64-fedora-gcc 1.1-5 32.46 NOTE
r-devel-osx-x86_64-clang 1.1-5 36.66 NOTE
r-devel-windows-ix86+x86_64 1.1-5 12.00 28.00 40.00 NOTE
r-patched-linux-x86_64 1.1-5 2.56 15.48 18.04 NOTE
r-patched-solaris-sparc 1.1-5 196.50 NOTE
r-patched-solaris-x86 1.1-5 46.90 NOTE
r-release-linux-ix86 1.1-5 3.41 22.49 25.90 NOTE
r-release-linux-x86_64 1.1-5 2.57 15.76 18.33 NOTE
r-release-osx-x86_64-mavericks 1.1-5 NOTE
r-release-osx-x86_64-snowleopard 1.1-5 NOTE
r-release-windows-ix86+x86_64 1.1-5 13.00 31.00 44.00 NOTE
r-oldrel-windows-ix86+x86_64 1.1-5 13.00 32.00 45.00 NOTE

Check Details

Version: 1.1-5
Check: top-level files
Result: NOTE
    File
     LICENSE
    is not mentioned in the DESCRIPTION file.
Flavors: r-devel-linux-x86_64-debian-clang, r-devel-linux-x86_64-debian-gcc, r-devel-linux-x86_64-fedora-clang, r-devel-linux-x86_64-fedora-gcc, r-devel-osx-x86_64-clang, r-devel-windows-ix86+x86_64, r-patched-linux-x86_64, r-patched-solaris-sparc, r-patched-solaris-x86, r-release-linux-ix86, r-release-linux-x86_64, r-release-osx-x86_64-mavericks, r-release-osx-x86_64-snowleopard, r-release-windows-ix86+x86_64, r-oldrel-windows-ix86+x86_64

Version: 1.1-5
Check: R code for possible problems
Result: NOTE
    PL: no visible binding for '<<-' assignment to peach
    PL: no visible binding for global variable peach
    PL.clear: no visible binding for '<<-' assignment to pall
    PL.clear: no visible binding for '<<-' assignment to peach
    PL.clear: no visible binding for '<<-' assignment to psave
    addpall.CGP: no visible binding for '<<-' assignment to pall
    addpall.CGP: no visible binding for global variable pall
    addpall.ConstGP: no visible binding for '<<-' assignment to pall
    addpall.ConstGP: no visible binding for global variable pall
    addpall.GP: no visible binding for '<<-' assignment to pall
    addpall.GP: no visible binding for global variable pall
    alc.ConstGP: no visible binding for global variable pall
    alc.GP: no visible binding for global variable pall
    alc.adapt: no visible binding for global variable pall
    alc.const.adapt: no visible binding for global variable pall
    data.CGP.adapt: no visible binding for global variable Xcand
    data.CGP.adapt: no visible binding for '<<-' assignment to Xcand
    data.CGP.adapt: no visible binding for global variable pall
    data.ConstGP.improv: no visible binding for global variable pall
    data.ConstGP.improv: no visible binding for '<<-' assignment to psave
    data.ConstGP.improv: no visible binding for global variable psave
    data.GP.improv: no visible binding for global variable Xcand
    data.GP.improv: no visible binding for global variable pall
    data.GP.improv: no visible binding for '<<-' assignment to Xcand
    data.GP.improv: no visible binding for '<<-' assignment to psave
    data.GP.improv: no visible binding for global variable psave
    draw.CGP: no visible binding for global variable pall
    draw.GP: no visible binding for global variable pall
    ei.adapt: no visible binding for global variable pall
    entropy.adapt: no visible binding for global variable pall
    findmin.ConstGP: no visible binding for global variable pall
    findmin.ConstGP: no visible binding for global variable peach
    findmin.GP: no visible binding for global variable pall
    getmap.CGP: no visible binding for global variable peach
    getmap.GP: no visible binding for global variable peach
    ieci.ConstGP: no visible binding for global variable pall
    ieci.GP: no visible binding for global variable pall
    ieci.adapt: no visible binding for global variable pall
    ieci.const.adapt: no visible binding for global variable pall
    init.CGP: no visible binding for global variable pall
    init.GP: no visible binding for global variable pall
    latents.CGP: no visible binding for global variable peach
    latents.CGP: no visible binding for global variable pall
    lpredprob.GP: no visible binding for global variable pall
    mindist.adapt: no visible binding for global variable pall
    papply: no visible binding for global variable peach
    params.CGP: no visible binding for global variable peach
    params.ConstGP: no visible binding for global variable peach
    params.GP: no visible binding for global variable peach
    pred.CGP: no visible binding for global variable pall
    pred.ConstGP: no visible binding for global variable pall
    pred.GP: no visible binding for global variable pall
    pred.mean.GP: no visible binding for global variable pall
    propagate.GP: no visible binding for global variable pall
    resample: no visible binding for global variable peach
    resample: no visible binding for '<<-' assignment to peach
    updat.GP: no visible binding for global variable pall
    util.GP: no visible binding for global variable pall
    util.GP: no visible binding for '<<-' assignment to pall
    var.adapt: no visible binding for global variable pall
    
    Found the following calls to data() loading into the global environment:
    File plgp/R/pl.R :
     data(1, start)
     data(t)
    See section Good practice in ?data .
Flavors: r-devel-linux-x86_64-debian-clang, r-devel-linux-x86_64-debian-gcc, r-devel-linux-x86_64-fedora-clang, r-devel-osx-x86_64-clang, r-patched-linux-x86_64, r-release-linux-ix86, r-release-linux-x86_64

Version: 1.1-5
Check: R code for possible problems
Result: NOTE
    PL: no visible binding for '<<-' assignment to peach
    PL: no visible binding for global variable peach
    PL.clear: no visible binding for '<<-' assignment to pall
    PL.clear: no visible binding for '<<-' assignment to peach
    PL.clear: no visible binding for '<<-' assignment to psave
    addpall.CGP: no visible binding for '<<-' assignment to pall
    addpall.CGP: no visible binding for global variable pall
    addpall.ConstGP: no visible binding for '<<-' assignment to pall
    addpall.ConstGP: no visible binding for global variable pall
    addpall.GP: no visible binding for '<<-' assignment to pall
    addpall.GP: no visible binding for global variable pall
    alc.ConstGP: no visible binding for global variable pall
    alc.GP: no visible binding for global variable pall
    alc.adapt: no visible binding for global variable pall
    alc.const.adapt: no visible binding for global variable pall
    data.CGP.adapt: no visible binding for global variable Xcand
    data.CGP.adapt: no visible binding for '<<-' assignment to Xcand
    data.CGP.adapt: no visible binding for global variable pall
    data.ConstGP.improv: no visible binding for global variable pall
    data.ConstGP.improv: no visible binding for '<<-' assignment to psave
    data.ConstGP.improv: no visible binding for global variable psave
    data.GP.improv: no visible binding for global variable Xcand
    data.GP.improv: no visible binding for global variable pall
    data.GP.improv: no visible binding for '<<-' assignment to Xcand
    data.GP.improv: no visible binding for '<<-' assignment to psave
    data.GP.improv: no visible binding for global variable psave
    draw.CGP: no visible binding for global variable pall
    draw.GP: no visible binding for global variable pall
    ei.adapt: no visible binding for global variable pall
    entropy.adapt: no visible binding for global variable pall
    findmin.ConstGP: no visible binding for global variable pall
    findmin.ConstGP: no visible binding for global variable peach
    findmin.GP: no visible binding for global variable pall
    getmap.CGP: no visible binding for global variable peach
    getmap.GP: no visible binding for global variable peach
    ieci.ConstGP: no visible binding for global variable pall
    ieci.GP: no visible binding for global variable pall
    ieci.adapt: no visible binding for global variable pall
    ieci.const.adapt: no visible binding for global variable pall
    init.CGP: no visible binding for global variable pall
    init.GP: no visible binding for global variable pall
    latents.CGP: no visible binding for global variable peach
    latents.CGP: no visible binding for global variable pall
    lpredprob.GP: no visible binding for global variable pall
    mindist.adapt: no visible binding for global variable pall
    papply: no visible binding for global variable peach
    params.CGP: no visible binding for global variable peach
    params.ConstGP: no visible binding for global variable peach
    params.GP: no visible binding for global variable peach
    pred.CGP: no visible binding for global variable pall
    pred.ConstGP: no visible binding for global variable pall
    pred.GP: no visible binding for global variable pall
    pred.mean.GP: no visible binding for global variable pall
    propagate.GP: no visible binding for global variable pall
    resample: no visible binding for global variable peach
    resample: no visible binding for '<<-' assignment to peach
    updat.GP: no visible binding for global variable pall
    util.GP: no visible binding for global variable pall
    util.GP: no visible binding for '<<-' assignment to pall
    var.adapt: no visible binding for global variable pall
Flavors: r-devel-linux-x86_64-fedora-gcc, r-devel-windows-ix86+x86_64, r-patched-solaris-sparc, r-patched-solaris-x86, r-release-osx-x86_64-mavericks, r-release-osx-x86_64-snowleopard, r-release-windows-ix86+x86_64, r-oldrel-windows-ix86+x86_64