CRAN Package Check Results for Package plgp

Last updated on 2015-07-04 16:46:35.

Flavor Version Tinstall Tcheck Ttotal Status Flags
r-devel-linux-x86_64-debian-clang 1.1-7 2.43 13.72 16.14 NOTE
r-devel-linux-x86_64-debian-gcc 1.1-7 2.50 13.98 16.48 NOTE
r-devel-linux-x86_64-fedora-clang 1.1-7 31.07 NOTE
r-devel-linux-x86_64-fedora-gcc 1.1-7 28.32 NOTE
r-devel-osx-x86_64-clang 1.1-7 31.01 NOTE
r-devel-windows-ix86+x86_64 1.1-7 15.00 31.00 46.00 NOTE
r-patched-linux-x86_64 1.1-7 2.55 14.32 16.87 NOTE
r-patched-solaris-sparc 1.1-7 198.90 NOTE
r-patched-solaris-x86 1.1-7 48.50 NOTE
r-release-linux-x86_64 1.1-7 2.52 14.32 16.84 NOTE
r-release-osx-x86_64-mavericks 1.1-7 NOTE
r-release-windows-ix86+x86_64 1.1-7 19.00 33.00 52.00 NOTE
r-oldrel-windows-ix86+x86_64 1.1-7 15.00 61.00 76.00 OK

Check Details

Version: 1.1-7
Check: DESCRIPTION meta-information
Result: NOTE
    Malformed Description field: should contain one or more complete sentences.
Flavors: r-devel-linux-x86_64-debian-clang, r-devel-linux-x86_64-debian-gcc, r-devel-linux-x86_64-fedora-clang, r-devel-linux-x86_64-fedora-gcc, r-devel-osx-x86_64-clang, r-devel-windows-ix86+x86_64, r-patched-linux-x86_64, r-patched-solaris-sparc, r-patched-solaris-x86, r-release-linux-x86_64, r-release-osx-x86_64-mavericks, r-release-windows-ix86+x86_64

Version: 1.1-7
Check: R code for possible problems
Result: NOTE
    EI: no visible global function definition for ‘pt’
    EI: no visible global function definition for ‘dt’
    data.CGP.adapt: no visible global function definition for ‘par’
    data.CGP.adapt: no visible global function definition for ‘image’
    data.CGP.adapt: no visible global function definition for ‘points’
    data.ConstGP.improv: no visible global function definition for ‘par’
    data.ConstGP.improv: no visible global function definition for ‘image’
    data.ConstGP.improv: no visible global function definition for ‘points’
    data.ConstGP.improv: no visible global function definition for ‘plot’
    data.ConstGP.improv: no visible global function definition for ‘legend’
    data.GP.improv: no visible global function definition for ‘par’
    data.GP.improv: no visible global function definition for ‘image’
    data.GP.improv: no visible global function definition for ‘points’
    data.GP.improv: no visible global function definition for ‘plot’
    data.GP.improv: no visible global function definition for ‘legend’
    draw.CGP: no visible global function definition for ‘runif’
    draw.GP: no visible global function definition for ‘runif’
    findmin.ConstGP: no visible global function definition for ‘optim’
    findmin.GP: no visible global function definition for ‘optim’
    init.CGP: no visible global function definition for ‘rnorm’
    lpost.GP: no visible global function definition for ‘dexp’
    lpredprob.GP: no visible global function definition for ‘dt’
    phist: no visible global function definition for ‘par’
    phist: no visible global function definition for ‘hist’
    pred.CGP: no visible global function definition for ‘rt’
    propagate.CGP: no visible global function definition for ‘rt’
    tquants: no visible global function definition for ‘qt’
    unif.propose.pos: no visible global function definition for ‘runif’
    unif.propose.pos: no visible global function definition for ‘dunif’
    Undefined global functions or variables:
     dexp dt dunif hist image legend optim par plot points pt qt rnorm rt
     runif
Flavors: r-devel-linux-x86_64-debian-clang, r-devel-linux-x86_64-debian-gcc, r-devel-linux-x86_64-fedora-clang, r-devel-linux-x86_64-fedora-gcc, r-devel-windows-ix86+x86_64