CRAN Package Check Results for Package phangorn

Last updated on 2015-04-26 19:47:26.

Flavor Version Tinstall Tcheck Ttotal Status Flags
r-devel-linux-x86_64-debian-clang 1.99-13 5.79 120.07 125.86 OK
r-devel-linux-x86_64-debian-gcc 1.99-13 6.24 119.93 126.17 OK
r-devel-linux-x86_64-fedora-clang 1.99-13 253.50 OK
r-devel-linux-x86_64-fedora-gcc 1.99-13 237.07 OK
r-devel-osx-x86_64-clang 1.99-13 223.02 OK
r-devel-windows-ix86+x86_64 1.99-13 23.00 197.00 220.00 OK
r-patched-linux-x86_64 1.99-13 6.29 118.74 125.02 OK
r-patched-solaris-sparc 1.99-13 939.90 OK --no-vignettes
r-patched-solaris-x86 1.99-13 310.90 OK
r-release-linux-x86_64 1.99-13 6.99 117.08 124.08 OK
r-release-osx-x86_64-mavericks 1.99-13 OK
r-release-osx-x86_64-snowleopard 1.99-13 ERROR
r-release-windows-ix86+x86_64 1.99-13 23.00 201.00 224.00 OK
r-oldrel-windows-ix86+x86_64 1.99-13 20.00 203.00 223.00 OK

Check Details

Version: 1.99-13
Check: package dependencies
Result: ERROR
    Package required but not available: ‘igraph’
    
    Packages suggested but not available for checking: ‘seqLogo’ ‘knitr’
    
    VignetteBuilder package required for checking but not installed: ‘knitr’
    
    See section ‘The DESCRIPTION file’ in the ‘Writing R Extensions’
    manual.
Flavor: r-release-osx-x86_64-snowleopard