CRAN Package Check Results for Package phangorn

Last updated on 2014-11-22 01:48:18.

Flavor Version Tinstall Tcheck Ttotal Status Flags
r-devel-linux-x86_64-debian-clang 1.99-11 6.19 129.78 135.97 OK
r-devel-linux-x86_64-debian-gcc 1.99-11 6.87 125.62 132.50 OK
r-devel-linux-x86_64-fedora-clang 1.99-11 300.98 OK
r-devel-linux-x86_64-fedora-gcc 1.99-11 281.94 OK
r-devel-osx-x86_64-clang 1.99-11 242.28 OK
r-devel-windows-ix86+x86_64 1.99-11 21.00 284.00 305.00 OK
r-patched-linux-x86_64 1.99-11 7.48 130.23 137.72 OK
r-patched-solaris-sparc 1.99-11 1042.60 OK --no-vignettes
r-patched-solaris-x86 1.99-11 383.60 OK
r-release-linux-ix86 1.99-11 8.16 153.91 162.07 OK
r-release-linux-x86_64 1.99-11 7.16 130.66 137.83 OK
r-release-osx-x86_64-mavericks 1.99-11 OK
r-release-osx-x86_64-snowleopard 1.99-11 ERROR
r-release-windows-ix86+x86_64 1.99-11 27.00 209.00 236.00 OK
r-oldrel-windows-ix86+x86_64 1.99-11 18.00 215.00 233.00 OK

Check Details

Version: 1.99-11
Check: examples
Result: ERROR
    Running examples in ‘phangorn-Ex.R’ failed
    The error most likely occurred in:
    
    > ### Name: distanceHadamard
    > ### Title: Distance Hadamard
    > ### Aliases: distanceHadamard
    > ### Keywords: cluster
    >
    > ### ** Examples
    >
    > data(yeast)
    > dm = dist.hamming(yeast)
    > dm = as.matrix(dm)
    > fit = distanceHadamard(dm)
    > lento(fit)
    > plot(as.networx(fit))
    Fri Nov 21 11:32:33 hagal.research.att.com R[61724] <Error>: unknown error code: invalid pixel format
    Fri Nov 21 11:32:33 hagal.research.att.com R[61724] <Error>: kCGErrorFailure: Set a breakpoint @ CGErrorBreakpoint() to catch errors as they are logged.
    X Error of failed request: GLXBadContext
     Major opcode of failed request: 0 ()
     Serial number of failed request: 27
     Current serial number in output stream: 27
Flavor: r-release-osx-x86_64-snowleopard