CRAN Package Check Results for Package phangorn

Last updated on 2014-07-30 11:49:53.

Flavor Version Tinstall Tcheck Ttotal Status Flags
r-devel-linux-x86_64-debian-clang 1.99-7 5.73 132.89 138.62 NOTE
r-devel-linux-x86_64-debian-gcc 1.99-7 6.86 129.73 136.60 NOTE
r-devel-linux-x86_64-fedora-clang 1.99-7 312.74 NOTE
r-devel-linux-x86_64-fedora-gcc 1.99-7 290.00 NOTE
r-devel-osx-x86_64-clang 1.99-7 242.59 NOTE
r-devel-windows-ix86+x86_64 1.99-7 22.00 215.00 237.00 NOTE
r-patched-linux-x86_64 1.99-7 8.68 131.01 139.70 NOTE
r-patched-solaris-sparc 1.99-7 1115.80 NOTE --no-vignettes
r-patched-solaris-x86 1.99-7 372.10 NOTE
r-release-linux-ix86 1.99-7 7.98 159.77 167.74 NOTE
r-release-linux-x86_64 1.99-7 8.15 135.58 143.72 NOTE
r-release-osx-x86_64-mavericks 1.99-7 NOTE
r-release-osx-x86_64-snowleopard 1.99-7 NOTE
r-release-windows-ix86+x86_64 1.99-7 21.00 217.00 238.00 NOTE
r-oldrel-windows-ix86+x86_64 1.99-7 22.00 210.00 232.00 OK

Check Details

Version: 1.99-7
Check: foreign function calls
Result: NOTE
    Calls with DUP = FALSE:
     .C("C_reorder", edge[, 1], edge[, 2], as.integer(l + 2L), as.integer(m +
     2L), integer(l + 2L), as.integer(nTips + 1L), DUP = FALSE,
     PACKAGE = "phangorn")
     .C("C_cisort", as.integer(x), as.integer(y), k, l, integer(k +
     l), DUP = FALSE)
     .C("get_single_index_integer", as.integer(edge[, 2L]), as.integer(tip),
     integer(1L), PACKAGE = "phangorn", NAOK = TRUE, DUP = FALSE)
     .C("get_two_index_integer", as.integer(edge[, 1L]), as.integer(node),
     integer(2L), PACKAGE = "phangorn", NAOK = TRUE, DUP = FALSE)
     .C("C_reorder", parents, child, as.integer(n), as.integer(m),
     integer(n), as.integer(root - 1L), DUP = FALSE, PACKAGE = "phangorn")
    DUP = FALSE is deprecated and may be disabled in future versions of R.
Flavors: r-devel-linux-x86_64-debian-clang, r-devel-linux-x86_64-debian-gcc, r-devel-linux-x86_64-fedora-clang, r-devel-linux-x86_64-fedora-gcc, r-devel-osx-x86_64-clang, r-devel-windows-ix86+x86_64, r-patched-linux-x86_64, r-patched-solaris-x86, r-release-linux-ix86, r-release-linux-x86_64, r-release-osx-x86_64-mavericks, r-release-windows-ix86+x86_64

Version: 1.99-7
Flags: --no-vignettes
Check: foreign function calls
Result: NOTE
    Calls with DUP = FALSE:
     .C("C_reorder", edge[, 1], edge[, 2], as.integer(l + 2L), as.integer(m +
     2L), integer(l + 2L), as.integer(nTips + 1L), DUP = FALSE,
     PACKAGE = "phangorn")
     .C("C_cisort", as.integer(x), as.integer(y), k, l, integer(k +
     l), DUP = FALSE)
     .C("get_single_index_integer", as.integer(edge[, 2L]), as.integer(tip),
     integer(1L), PACKAGE = "phangorn", NAOK = TRUE, DUP = FALSE)
     .C("get_two_index_integer", as.integer(edge[, 1L]), as.integer(node),
     integer(2L), PACKAGE = "phangorn", NAOK = TRUE, DUP = FALSE)
     .C("C_reorder", parents, child, as.integer(n), as.integer(m),
     integer(n), as.integer(root - 1L), DUP = FALSE, PACKAGE = "phangorn")
    DUP = FALSE is deprecated and may be disabled in future versions of R.
Flavor: r-patched-solaris-sparc

Version: 1.99-7
Check: package dependencies
Result: NOTE
    Package suggested but not available for checking: seqLogo
Flavor: r-release-osx-x86_64-mavericks

Version: 1.99-7
Check: re-building of vignette outputs
Result: NOTE
    Error in re-building vignettes:
     ...
    Loading required package: ape
    
    Attaching package: phangorn
    
    The following object is masked from package:ape :
    
     as.prop.part
    
    Loading required package: seqLogo
    Warning in library(package, lib.loc = lib.loc, character.only = TRUE, logical.return = TRUE, :
     there is no package called seqLogo
    Loading required package: seqLogo
    Warning in library(package, lib.loc = lib.loc, character.only = TRUE, logical.return = TRUE, :
     there is no package called seqLogo
    Error in texi2dvi(file = file, pdf = TRUE, clean = clean, quiet = quiet, :
     Running 'texi2dvi' on 'Ancestral.tex' failed.
    LaTeX errors:
    !pdfTeX error: pdflatex (file ./Ancestral-figLOGO.pdf): PDF inclusion: required
     page does not exist <0>
     ==> Fatal error occurred, no output PDF file produced!
    Calls: buildVignettes -> texi2pdf -> texi2dvi
    Execution halted
Flavor: r-release-osx-x86_64-mavericks

Version: 1.99-7
Check: package dependencies
Result: NOTE
    Packages suggested but not available for checking: seqLogo phytools
Flavor: r-release-osx-x86_64-snowleopard

Version: 1.99-7
Check: re-building of vignette outputs
Result: NOTE
    Error in re-building vignettes:
     ...
    Loading required package: ape
    Loading required package: seqLogo
    Warning in library(package, lib.loc = lib.loc, character.only = TRUE, logical.return = TRUE, :
     there is no package called seqLogo
    Loading required package: seqLogo
    Warning in library(package, lib.loc = lib.loc, character.only = TRUE, logical.return = TRUE, :
     there is no package called seqLogo
    Error in texi2dvi(file = file, pdf = TRUE, clean = clean, quiet = quiet, :
     Running 'texi2dvi' on 'Ancestral.tex' failed.
    LaTeX errors:
    !pdfTeX error: pdflatex (file ./Ancestral-figLOGO.pdf): PDF inclusion: required
     page does not exist <0>
     ==> Fatal error occurred, no output PDF file produced!
    Calls: buildVignettes -> texi2pdf -> texi2dvi
    Execution halted
Flavor: r-release-osx-x86_64-snowleopard