CRAN Package Check Results for Package phangorn

Last updated on 2014-12-17 19:48:52.

Flavor Version Tinstall Tcheck Ttotal Status Flags
r-devel-linux-x86_64-debian-clang 1.99-11 6.45 132.32 138.77 OK
r-devel-linux-x86_64-debian-gcc 1.99-11 7.08 127.73 134.81 OK
r-devel-linux-x86_64-fedora-clang 1.99-11 301.75 OK
r-devel-linux-x86_64-fedora-gcc 1.99-11 262.84 OK
r-devel-osx-x86_64-clang 1.99-11 246.71 OK
r-devel-windows-ix86+x86_64 1.99-11 25.00 208.00 233.00 OK
r-patched-linux-x86_64 1.99-11 7.18 131.66 138.84 OK
r-patched-solaris-sparc 1.99-11 1042.60 OK --no-vignettes
r-patched-solaris-x86 1.99-11 380.10 OK
r-release-linux-ix86 1.99-11 8.14 153.63 161.77 OK
r-release-linux-x86_64 1.99-11 7.63 130.49 138.12 OK
r-release-osx-x86_64-mavericks 1.99-11 OK
r-release-osx-x86_64-snowleopard 1.99-11 ERROR
r-release-windows-ix86+x86_64 1.99-11 23.00 234.00 257.00 OK
r-oldrel-windows-ix86+x86_64 1.99-11 22.00 213.00 235.00 OK

Check Details

Version: 1.99-11
Check: examples
Result: ERROR
    Running examples in ‘phangorn-Ex.R’ failed
    The error most likely occurred in:
    
    > ### Name: distanceHadamard
    > ### Title: Distance Hadamard
    > ### Aliases: distanceHadamard
    > ### Keywords: cluster
    >
    > ### ** Examples
    >
    > data(yeast)
    > dm = dist.hamming(yeast)
    > dm = as.matrix(dm)
    > fit = distanceHadamard(dm)
    > lento(fit)
    > plot(as.networx(fit))
    Wed Dec 17 12:25:54 hagal.research.att.com R[54982] <Error>: unknown error code: invalid pixel format
    Wed Dec 17 12:25:54 hagal.research.att.com R[54982] <Error>: kCGErrorFailure: Set a breakpoint @ CGErrorBreakpoint() to catch errors as they are logged.
    X Error of failed request: GLXBadContext
     Major opcode of failed request: 0 ()
     Serial number of failed request: 27
     Current serial number in output stream: 27
Flavor: r-release-osx-x86_64-snowleopard