CRAN Package Check Results for Package phangorn

Last updated on 2015-05-22 17:46:45.

Flavor Version Tinstall Tcheck Ttotal Status Flags
r-devel-linux-x86_64-debian-clang 1.99-13 5.90 120.07 125.97 OK
r-devel-linux-x86_64-debian-gcc 1.99-13 6.46 119.54 126.00 OK
r-devel-linux-x86_64-fedora-clang 1.99-13 246.37 OK
r-devel-linux-x86_64-fedora-gcc 1.99-13 238.83 OK
r-devel-osx-x86_64-clang 1.99-13 223.24 OK
r-devel-windows-ix86+x86_64 1.99-13 31.00 186.00 217.00 OK
r-patched-linux-x86_64 1.99-13 6.51 115.72 122.24 OK
r-patched-solaris-sparc 1.99-13 939.90 OK --no-vignettes
r-patched-solaris-x86 1.99-13 328.70 OK
r-release-linux-x86_64 1.99-13 6.59 122.73 129.32 OK
r-release-osx-x86_64-mavericks 1.99-13 OK
r-release-osx-x86_64-snowleopard 1.99-13 ERROR
r-release-windows-ix86+x86_64 1.99-13 22.00 194.00 216.00 OK
r-oldrel-windows-ix86+x86_64 1.99-13 25.00 212.00 237.00 OK

Check Details

Version: 1.99-13
Check: package dependencies
Result: ERROR
    Package required but not available: ‘igraph’
    
    Packages suggested but not available for checking: ‘seqLogo’ ‘knitr’
    
    VignetteBuilder package required for checking but not installed: ‘knitr’
    
    See section ‘The DESCRIPTION file’ in the ‘Writing R Extensions’
    manual.
Flavor: r-release-osx-x86_64-snowleopard