CRAN Package Check Results for Package phangorn

Last updated on 2015-02-02 01:47:53.

Flavor Version Tinstall Tcheck Ttotal Status Flags
r-devel-linux-x86_64-debian-clang 1.99-11 6.08 118.88 124.96 OK
r-devel-linux-x86_64-debian-gcc 1.99-11 5.92 113.70 119.62 OK
r-devel-linux-x86_64-fedora-clang 1.99-11 254.51 OK
r-devel-linux-x86_64-fedora-gcc 1.99-11 241.03 OK
r-devel-osx-x86_64-clang 1.99-11 228.12 OK
r-devel-windows-ix86+x86_64 1.99-11 34.00 190.00 224.00 OK
r-patched-linux-x86_64 1.99-11 7.56 131.74 139.30 OK
r-patched-solaris-sparc 1.99-11 1116.90 OK --no-vignettes
r-patched-solaris-x86 1.99-11 376.90 OK
r-release-linux-ix86 1.99-11 8.20 158.14 166.34 OK
r-release-linux-x86_64 1.99-11 7.12 131.07 138.19 OK
r-release-osx-x86_64-mavericks 1.99-11 OK
r-release-osx-x86_64-snowleopard 1.99-11 ERROR
r-release-windows-ix86+x86_64 1.99-11 23.00 228.00 251.00 OK
r-oldrel-windows-ix86+x86_64 1.99-11 23.00 222.00 245.00 OK

Check Details

Version: 1.99-11
Check: examples
Result: ERROR
    Running examples in ‘phangorn-Ex.R’ failed
    The error most likely occurred in:
    
    > ### Name: distanceHadamard
    > ### Title: Distance Hadamard
    > ### Aliases: distanceHadamard
    > ### Keywords: cluster
    >
    > ### ** Examples
    >
    > data(yeast)
    > dm = dist.hamming(yeast)
    > dm = as.matrix(dm)
    > fit = distanceHadamard(dm)
    > lento(fit)
    > plot(as.networx(fit))
    Sun Feb 1 11:27:16 hagal.research.att.com R[52836] <Error>: unknown error code: invalid pixel format
    Sun Feb 1 11:27:16 hagal.research.att.com R[52836] <Error>: kCGErrorFailure: Set a breakpoint @ CGErrorBreakpoint() to catch errors as they are logged.
    X Error of failed request: GLXBadContext
     Major opcode of failed request: 0 ()
     Serial number of failed request: 27
     Current serial number in output stream: 27
Flavor: r-release-osx-x86_64-snowleopard