CRAN Package Check Results for Package phangorn

Last updated on 2015-03-01 19:48:11.

Flavor Version Tinstall Tcheck Ttotal Status Flags
r-devel-linux-x86_64-debian-clang 1.99-12 5.50 124.06 129.56 OK
r-devel-linux-x86_64-debian-gcc 1.99-12 6.10 123.38 129.48 OK
r-devel-linux-x86_64-fedora-clang 1.99-12 258.80 OK
r-devel-linux-x86_64-fedora-gcc 1.99-12 245.83 OK
r-devel-osx-x86_64-clang 1.99-12 230.30 OK
r-devel-windows-ix86+x86_64 1.99-12 20.00 203.00 223.00 OK
r-patched-linux-x86_64 1.99-12 7.65 136.62 144.26 OK
r-patched-solaris-sparc 1.99-12 1071.10 OK --no-vignettes
r-patched-solaris-x86 1.99-12 393.80 OK
r-release-linux-ix86 1.99-12 8.32 164.02 172.34 OK
r-release-linux-x86_64 1.99-12 7.47 137.80 145.27 OK
r-release-osx-x86_64-mavericks 1.99-12 OK
r-release-osx-x86_64-snowleopard 1.99-12 ERROR
r-release-windows-ix86+x86_64 1.99-12 24.00 234.00 258.00 OK
r-oldrel-windows-ix86+x86_64 1.99-12 25.00 235.00 260.00 OK

Check Details

Version: 1.99-12
Check: examples
Result: ERROR
    Running examples in ‘phangorn-Ex.R’ failed
    The error most likely occurred in:
    
    > ### Name: distanceHadamard
    > ### Title: Distance Hadamard
    > ### Aliases: distanceHadamard
    > ### Keywords: cluster
    >
    > ### ** Examples
    >
    > data(yeast)
    > dm = dist.hamming(yeast)
    > dm = as.matrix(dm)
    > fit = distanceHadamard(dm)
    > lento(fit)
    > plot(as.networx(fit))
    Loading required package: rgl
    Sun Mar 1 11:28:27 hagal.research.att.com R[63677] <Error>: unknown error code: invalid pixel format
    Sun Mar 1 11:28:27 hagal.research.att.com R[63677] <Error>: kCGErrorFailure: Set a breakpoint @ CGErrorBreakpoint() to catch errors as they are logged.
    X Error of failed request: GLXBadContext
     Major opcode of failed request: 0 ()
     Serial number of failed request: 27
     Current serial number in output stream: 27
Flavor: r-release-osx-x86_64-snowleopard