CRAN Package Check Results for Package pcaPP

Last updated on 2015-04-21 23:49:36.

Flavor Version Tinstall Tcheck Ttotal Status Flags
r-devel-linux-x86_64-debian-clang 1.9-60 4.95 23.74 28.69 NOTE
r-devel-linux-x86_64-debian-gcc 1.9-60 6.01 24.03 30.04 NOTE
r-devel-linux-x86_64-fedora-clang 1.9-60 54.32 NOTE
r-devel-linux-x86_64-fedora-gcc 1.9-60 55.07 NOTE
r-devel-osx-x86_64-clang 1.9-60 75.48 NOTE
r-devel-windows-ix86+x86_64 1.9-60 30.00 64.00 94.00 NOTE
r-patched-linux-x86_64 1.9-60 6.09 23.52 29.62 NOTE
r-patched-solaris-sparc 1.9-60 380.80 NOTE
r-patched-solaris-x86 1.9-60 74.40 NOTE
r-release-linux-x86_64 1.9-60 6.02 23.78 29.80 NOTE
r-release-osx-x86_64-mavericks 1.9-60 NOTE
r-release-osx-x86_64-snowleopard 1.9-60 NOTE
r-release-windows-ix86+x86_64 1.9-60 27.00 65.00 92.00 NOTE
r-oldrel-windows-ix86+x86_64 1.9-60 41.00 66.00 107.00 NOTE

Check Details

Version: 1.9-60
Check: DESCRIPTION meta-information
Result: NOTE
    Malformed Description field: should contain one or more complete sentences.
Flavors: r-devel-linux-x86_64-debian-clang, r-devel-linux-x86_64-debian-gcc, r-devel-linux-x86_64-fedora-clang, r-devel-linux-x86_64-fedora-gcc, r-devel-osx-x86_64-clang, r-devel-windows-ix86+x86_64, r-patched-linux-x86_64, r-patched-solaris-sparc, r-patched-solaris-x86, r-release-linux-x86_64, r-release-osx-x86_64-mavericks, r-release-osx-x86_64-snowleopard, r-release-windows-ix86+x86_64

Version: 1.9-60
Check: dependencies in R code
Result: NOTE
    'library' or 'require' call to ‘graphics’ in package code.
     Please use :: or requireNamespace() instead.
     See section 'Suggested packages' in the 'Writing R Extensions' manual.
Flavors: r-devel-linux-x86_64-debian-clang, r-devel-linux-x86_64-debian-gcc, r-devel-linux-x86_64-fedora-clang, r-devel-linux-x86_64-fedora-gcc, r-devel-osx-x86_64-clang, r-devel-windows-ix86+x86_64, r-patched-linux-x86_64, r-patched-solaris-sparc, r-patched-solaris-x86, r-release-linux-x86_64, r-release-osx-x86_64-mavericks, r-release-osx-x86_64-snowleopard, r-release-windows-ix86+x86_64, r-oldrel-windows-ix86+x86_64

Version: 1.9-60
Check: Rd cross-references
Result: NOTE
    Package unavailable to check Rd xrefs: ‘robustbase’
Flavor: r-release-osx-x86_64-mavericks