CRAN Package Check Results for Package pcaPP

Last updated on 2015-07-04 09:48:08.

Flavor Version Tinstall Tcheck Ttotal Status Flags
r-devel-linux-x86_64-debian-clang 1.9-60 4.94 23.07 28.01 NOTE
r-devel-linux-x86_64-debian-gcc 1.9-60 6.20 22.96 29.16 NOTE
r-devel-linux-x86_64-fedora-clang 1.9-60 52.19 NOTE
r-devel-linux-x86_64-fedora-gcc 1.9-60 52.39 NOTE
r-devel-osx-x86_64-clang 1.9-60 54.91 NOTE
r-devel-windows-ix86+x86_64 1.9-60 47.00 80.00 127.00 NOTE
r-patched-linux-x86_64 1.9-60 6.02 23.66 29.68 NOTE
r-patched-solaris-sparc 1.9-60 385.60 NOTE
r-patched-solaris-x86 1.9-60 76.20 NOTE
r-release-linux-x86_64 1.9-60 6.42 23.85 30.27 NOTE
r-release-osx-x86_64-mavericks 1.9-60 NOTE
r-release-windows-ix86+x86_64 1.9-60 32.00 72.00 104.00 NOTE
r-oldrel-windows-ix86+x86_64 1.9-60 41.00 66.00 107.00 NOTE

Check Details

Version: 1.9-60
Check: DESCRIPTION meta-information
Result: NOTE
    Malformed Description field: should contain one or more complete sentences.
Flavors: r-devel-linux-x86_64-debian-clang, r-devel-linux-x86_64-debian-gcc, r-devel-linux-x86_64-fedora-clang, r-devel-linux-x86_64-fedora-gcc, r-devel-osx-x86_64-clang, r-devel-windows-ix86+x86_64, r-patched-linux-x86_64, r-patched-solaris-sparc, r-patched-solaris-x86, r-release-linux-x86_64, r-release-osx-x86_64-mavericks, r-release-windows-ix86+x86_64

Version: 1.9-60
Check: dependencies in R code
Result: NOTE
    'library' or 'require' call to ‘graphics’ in package code.
     Please use :: or requireNamespace() instead.
     See section 'Suggested packages' in the 'Writing R Extensions' manual.
Flavors: r-devel-linux-x86_64-debian-clang, r-devel-linux-x86_64-debian-gcc, r-devel-linux-x86_64-fedora-clang, r-devel-linux-x86_64-fedora-gcc, r-devel-osx-x86_64-clang, r-devel-windows-ix86+x86_64, r-patched-linux-x86_64, r-patched-solaris-sparc, r-patched-solaris-x86, r-release-linux-x86_64, r-release-osx-x86_64-mavericks, r-release-windows-ix86+x86_64, r-oldrel-windows-ix86+x86_64

Version: 1.9-60
Check: R code for possible problems
Result: NOTE
    .colMedians: no visible global function definition for ‘median’
    .colMedians: no visible binding for global variable ‘median’
    .colSds: no visible binding for global variable ‘sd’
    .doEllipses: no visible global function definition for ‘cov2cor’
    .doEllipses: no visible global function definition for ‘lines’
    .flush.cat: no visible global function definition for ‘flush.console’
    .getScaleFunction: no visible binding for global variable ‘sd’
    .getScaleFunction: no visible binding for global variable ‘mad’
    .getVtext: no visible global function definition for
     ‘installed.packages’
    .objplot: no visible global function definition for ‘plot’
    .objplot: no visible global function definition for ‘abline’
    .opt.summary: no visible global function definition for ‘mtext’
    .plot.opt: no visible global function definition for ‘plot’
    .plot.opt: no visible global function definition for ‘abline’
    .plotcomp: no visible global function definition for ‘plot.new’
    .plotcomp: no visible global function definition for ‘par’
    .plotcomp: no visible global function definition for ‘plot.window’
    .plotcomp: no visible global function definition for ‘text’
    .plotcomp: no visible global function definition for ‘lines’
    .plotsingle: no visible global function definition for ‘plot.new’
    .plotsingle: no visible global function definition for ‘par’
    .plotsingle: no visible global function definition for ‘plot.window’
    .plotsingle: no visible global function definition for ‘text’
    .plotsingle: no visible global function definition for ‘lines’
    .sPCAgrid.R: no visible binding for global variable ‘mad’
    .sPCAgrid.R: no visible global function definition for ‘cov’
    PCAproj: no visible global function definition for ‘runif’
    PCdiagplot: no visible global function definition for ‘qchisq’
    PCdiagplot: no visible global function definition for ‘median’
    PCdiagplot: no visible global function definition for ‘mad’
    PCdiagplot: no visible global function definition for ‘qnorm’
    PCdiagplot: no visible global function definition for ‘gray’
    PCdiagplot: no visible global function definition for ‘rainbow’
    PCdiagplot: no visible global function definition for ‘par’
    PCdiagplot: no visible global function definition for ‘title’
    PCdiagplot: no visible global function definition for ‘rect’
    ScaleAdv: no visible binding for global variable ‘sd’
    data.Zou: no visible global function definition for ‘rnorm’
    l1median: no visible global function definition for ‘median’
    qn: no visible global function definition for ‘qnorm’
    Undefined global functions or variables:
     abline cov cov2cor flush.console gray installed.packages lines mad
     median mtext par plot plot.new plot.window qchisq qnorm rainbow rect
     rnorm runif sd text title
Flavors: r-devel-linux-x86_64-debian-clang, r-devel-linux-x86_64-debian-gcc, r-devel-linux-x86_64-fedora-clang, r-devel-linux-x86_64-fedora-gcc