CRAN Package Check Results for Package parfm

Last updated on 2015-01-26 16:46:48.

Flavor Version Tinstall Tcheck Ttotal Status Flags
r-devel-linux-x86_64-debian-clang 2.5.6 3.59 84.22 87.80 NOTE
r-devel-linux-x86_64-debian-gcc 2.5.6 3.30 81.74 85.04 NOTE
r-devel-linux-x86_64-fedora-clang 2.5.6 208.82 NOTE
r-devel-linux-x86_64-fedora-gcc 2.5.6 196.06 NOTE
r-devel-osx-x86_64-clang 2.5.6 166.40 NOTE
r-devel-windows-ix86+x86_64 2.5.6 13.00 176.00 189.00 NOTE
r-patched-linux-x86_64 2.5.6 4.04 95.36 99.40 OK
r-patched-solaris-sparc 2.5.6 1145.90 OK
r-patched-solaris-x86 2.5.6 255.80 OK
r-release-linux-ix86 2.5.6 4.35 109.24 113.59 OK
r-release-linux-x86_64 2.5.6 3.74 94.24 97.98 OK
r-release-osx-x86_64-mavericks 2.5.6 OK
r-release-osx-x86_64-snowleopard 2.5.6 OK
r-release-windows-ix86+x86_64 2.5.6 12.00 143.00 155.00 OK
r-oldrel-windows-ix86+x86_64 2.5.6 14.00 207.00 221.00 OK

Check Details

Version: 2.5.6
Check: dependencies in R code
Result: NOTE
    'library' or 'require' call to ‘graphics’ in package code.
     Please use :: or requireNamespace() instead.
     See section 'Suggested packages' in the 'Writing R Extensions' manual.
Flavors: r-devel-linux-x86_64-debian-clang, r-devel-linux-x86_64-debian-gcc, r-devel-linux-x86_64-fedora-clang, r-devel-linux-x86_64-fedora-gcc, r-devel-osx-x86_64-clang, r-devel-windows-ix86+x86_64

Version: 2.5.6
Check: S3 generic/method consistency
Result: NOTE
    Found the following apparent S3 methods exported but not registered:
     plot.parfm anova.parfm
    See section ‘Registering S3 methods’ in the ‘Writing R Extensions’
    manual.
Flavors: r-devel-linux-x86_64-fedora-clang, r-devel-linux-x86_64-fedora-gcc, r-devel-osx-x86_64-clang