CRAN Package Check Results for Package parfm

Last updated on 2015-07-04 09:48:08.

Flavor Version Tinstall Tcheck Ttotal Status Flags
r-devel-linux-x86_64-debian-clang 2.5.8 2.91 79.11 82.02 NOTE
r-devel-linux-x86_64-debian-gcc 2.5.8 2.84 78.84 81.68 NOTE
r-devel-linux-x86_64-fedora-clang 2.5.8 164.51 NOTE
r-devel-linux-x86_64-fedora-gcc 2.5.8 159.01 NOTE
r-devel-osx-x86_64-clang 2.5.8 131.43 OK
r-devel-windows-ix86+x86_64 2.5.8 13.00 122.00 135.00 NOTE
r-patched-linux-x86_64 2.5.8 3.44 75.47 78.91 OK
r-patched-solaris-sparc 2.5.8 866.90 OK
r-patched-solaris-x86 2.5.8 206.30 OK
r-release-linux-x86_64 2.5.8 2.77 75.72 78.49 OK
r-release-osx-x86_64-mavericks 2.5.8 OK
r-release-windows-ix86+x86_64 2.5.8 10.00 113.00 123.00 OK
r-oldrel-windows-ix86+x86_64 2.5.8 10.00 213.00 223.00 OK

Check Details

Version: 2.5.8
Check: R code for possible problems
Result: NOTE
    Mloglikelihood: no visible global function definition for ‘aggregate’
    anova.parfm: no visible global function definition for ‘update.formula’
    anova.parfm: no visible global function definition for ‘pchisq’
    anova.parfmlist : <anonymous>: no visible global function definition
     for ‘formula’
    anova.parfmlist : tfun: no visible global function definition for
     ‘delete.response’
    anova.parfmlist : tfun: no visible global function definition for
     ‘terms’
    anova.parfmlist : tfun: no visible global function definition for
     ‘formula’
    anova.parfmlist: no visible global function definition for ‘pchisq’
    ci.parfm: no visible global function definition for ‘qnorm’
    fr.ingau: no visible global function definition for ‘integrate’
    fr.lognormal: no visible global function definition for ‘nlm’
    lognormal: no visible global function definition for ‘plnorm’
    lognormal: no visible global function definition for ‘dlnorm’
    parfm: no visible global function definition for ‘model.matrix’
    parfm: no visible global function definition for ‘aggregate’
    parfm: no visible global function definition for ‘xtabs’
    parfm: no visible global function definition for ‘pnorm’
    parfm: no visible global function definition for ‘terms’
    select.parfm: no visible global function definition for ‘AIC’
    select.parfm: no visible global function definition for ‘BIC’
    Undefined global functions or variables:
     AIC BIC aggregate delete.response dlnorm formula integrate
     model.matrix nlm pchisq plnorm pnorm qnorm terms update.formula xtabs
Flavors: r-devel-linux-x86_64-debian-clang, r-devel-linux-x86_64-debian-gcc, r-devel-linux-x86_64-fedora-clang, r-devel-linux-x86_64-fedora-gcc, r-devel-windows-ix86+x86_64