CRAN Package Check Results for Package packdep

Last updated on 2014-08-23 06:48:38.

Flavor Version Tinstall Tcheck Ttotal Status Flags
r-devel-linux-x86_64-debian-clang 0.3.1 0.70 11.60 12.31 NOTE
r-devel-linux-x86_64-debian-gcc 0.3.1 0.71 11.36 12.07 NOTE
r-devel-linux-x86_64-fedora-clang 0.3.1 26.09 NOTE
r-devel-linux-x86_64-fedora-gcc 0.3.1 24.15 NOTE
r-devel-osx-x86_64-clang 0.3.1 25.99 NOTE
r-devel-windows-ix86+x86_64 0.3.1 3.00 20.00 23.00 OK
r-patched-linux-x86_64 0.3.1 0.72 12.13 12.86 OK
r-patched-solaris-sparc 0.3.1 180.50 OK
r-patched-solaris-x86 0.3.1 44.30 OK
r-release-linux-ix86 0.3.1 1.06 19.12 20.18 OK
r-release-linux-x86_64 0.3.1 0.74 12.80 13.54 OK
r-release-osx-x86_64-mavericks 0.3.1 NOTE
r-release-osx-x86_64-snowleopard 0.3.1 NOTE
r-release-windows-ix86+x86_64 0.3.1 3.00 21.00 24.00 OK
r-oldrel-windows-ix86+x86_64 0.3.1 3.00 21.00 24.00 OK

Check Details

Version: 0.3.1
Check: R code for possible problems
Result: NOTE
    centrality: no visible global function definition for ‘V’
    dependencies: no visible global function definition for ‘V’
    map.depends: no visible global function definition for
     ‘graph.adjacency’
    related.packages: no visible global function definition for ‘V’
    related.packages: no visible global function definition for
     ‘neighborhood’
    related.packages: no visible global function definition for ‘subgraph’
    related.packages: no visible global function definition for ‘V<-’
    related.packages: no visible global function definition for
     ‘layout.kamada.kawai’
    related.packages: no visible global function definition for
     ‘igraph.to.graphNEL’
    related.packages: no visible global function definition for
     ‘layoutGraph’
    related.packages: no visible global function definition for
     ‘renderGraph’
Flavors: r-devel-linux-x86_64-debian-clang, r-devel-linux-x86_64-debian-gcc, r-devel-linux-x86_64-fedora-clang, r-devel-linux-x86_64-fedora-gcc, r-devel-osx-x86_64-clang

Version: 0.3.1
Check: package dependencies
Result: NOTE
    Package suggested but not available for checking: ‘Rgraphviz’
Flavors: r-release-osx-x86_64-mavericks, r-release-osx-x86_64-snowleopard

Version: 0.3.1
Check: R code for possible problems
Result: NOTE
    related.packages: no visible global function definition for
     ‘layoutGraph’
    related.packages: no visible global function definition for
     ‘renderGraph’
Flavors: r-release-osx-x86_64-mavericks, r-release-osx-x86_64-snowleopard