CRAN Package Check Results for Package packdep

Last updated on 2014-04-16 18:47:52.

Flavor Version Tinstall Tcheck Ttotal Status Flags
r-devel-linux-x86_64-debian-clang 0.3.1 0.77 12.93 13.70 OK
r-devel-linux-x86_64-debian-gcc 0.3.1 0.92 12.93 13.84 OK
r-devel-linux-x86_64-fedora-clang 0.3.1 27.66 OK
r-devel-linux-x86_64-fedora-gcc 0.3.1 26.10 OK
r-devel-macosx-x86_64-clang 0.3.1 29.46 OK
r-devel-macosx-x86_64-gcc 0.3.1 ERROR
r-devel-windows-ix86+x86_64 0.3.1 2.00 20.00 22.00 OK
r-patched-linux-x86_64 0.3.1 0.78 12.85 13.63 OK
r-patched-solaris-sparc 0.3.1 160.80 OK
r-patched-solaris-x86 0.3.1 41.00 OK
r-release-linux-ix86 0.3.1 2.00 28.00 30.00 OK
r-release-linux-x86_64 0.3.1 0.77 12.88 13.66 OK
r-release-macosx-x86_64 0.3.1 NOTE
r-release-windows-ix86+x86_64 0.3.1 3.00 21.00 24.00 OK
r-oldrel-windows-ix86+x86_64 0.3.1 3.00 23.00 26.00 OK

Check Details

Version: 0.3.1
Check: package dependencies
Result: ERROR
    Package required but not available: ‘igraph’
    
    Package suggested but not available for checking: ‘Rgraphviz’
    
    See the information on DESCRIPTION files in the chapter ‘Creating R
    packages’ of the ‘Writing R Extensions’ manual.
Flavor: r-devel-macosx-x86_64-gcc

Version: 0.3.1
Check: package dependencies
Result: NOTE
    Package suggested but not available for checking: ‘Rgraphviz’
Flavor: r-release-macosx-x86_64

Version: 0.3.1
Check: R code for possible problems
Result: NOTE
    related.packages: no visible global function definition for
     ‘layoutGraph’
    related.packages: no visible global function definition for
     ‘renderGraph’
Flavor: r-release-macosx-x86_64