CRAN Package Check Results for Package packdep

Last updated on 2014-10-23 13:47:55.

Flavor Version Tinstall Tcheck Ttotal Status Flags
r-devel-linux-x86_64-debian-clang 0.3.1 0.74 12.40 13.15 NOTE
r-devel-linux-x86_64-debian-gcc 0.3.1 0.72 12.42 13.14 NOTE
r-devel-linux-x86_64-fedora-clang 0.3.1 27.42 NOTE
r-devel-linux-x86_64-fedora-gcc 0.3.1 25.06 NOTE
r-devel-osx-x86_64-clang 0.3.1 29.03 NOTE
r-devel-windows-ix86+x86_64 0.3.1 2.00 21.00 23.00 NOTE
r-patched-linux-x86_64 0.3.1 0.75 12.26 13.01 NOTE
r-patched-solaris-sparc 0.3.1 168.60 NOTE
r-patched-solaris-x86 0.3.1 39.70 NOTE
r-release-linux-ix86 0.3.1 1.17 19.36 20.53 OK
r-release-linux-x86_64 0.3.1 0.76 13.14 13.89 OK
r-release-osx-x86_64-mavericks 0.3.1 NOTE
r-release-osx-x86_64-snowleopard 0.3.1 NOTE
r-release-windows-ix86+x86_64 0.3.1 3.00 21.00 24.00 OK
r-oldrel-windows-ix86+x86_64 0.3.1 3.00 24.00 27.00 OK

Check Details

Version: 0.3.1
Check: R code for possible problems
Result: NOTE
    centrality: no visible global function definition for ‘V’
    dependencies: no visible global function definition for ‘V’
    map.depends: no visible global function definition for
     ‘graph.adjacency’
    related.packages: no visible global function definition for ‘V’
    related.packages: no visible global function definition for
     ‘neighborhood’
    related.packages: no visible global function definition for ‘subgraph’
    related.packages: no visible global function definition for ‘V<-’
    related.packages: no visible global function definition for
     ‘layout.kamada.kawai’
    related.packages: no visible global function definition for
     ‘igraph.to.graphNEL’
    related.packages: no visible global function definition for
     ‘layoutGraph’
    related.packages: no visible global function definition for
     ‘renderGraph’
Flavors: r-devel-linux-x86_64-debian-clang, r-devel-linux-x86_64-debian-gcc, r-devel-linux-x86_64-fedora-clang, r-devel-linux-x86_64-fedora-gcc, r-devel-osx-x86_64-clang, r-devel-windows-ix86+x86_64, r-patched-linux-x86_64, r-patched-solaris-sparc, r-patched-solaris-x86

Version: 0.3.1
Check: package dependencies
Result: NOTE
    Package suggested but not available for checking: ‘Rgraphviz’
Flavors: r-release-osx-x86_64-mavericks, r-release-osx-x86_64-snowleopard

Version: 0.3.1
Check: R code for possible problems
Result: NOTE
    related.packages: no visible global function definition for
     ‘layoutGraph’
    related.packages: no visible global function definition for
     ‘renderGraph’
Flavors: r-release-osx-x86_64-mavericks, r-release-osx-x86_64-snowleopard