CRAN Package Check Results for Package packdep

Last updated on 2015-03-04 23:47:25.

Flavor Version Tinstall Tcheck Ttotal Status Flags
r-devel-linux-x86_64-debian-clang 0.3.1 0.62 11.38 11.99 NOTE
r-devel-linux-x86_64-debian-gcc 0.3.1 0.80 11.30 12.11 NOTE
r-devel-linux-x86_64-fedora-clang 0.3.1 23.35 NOTE
r-devel-linux-x86_64-fedora-gcc 0.3.1 21.61 NOTE
r-devel-osx-x86_64-clang 0.3.1 25.75 NOTE
r-devel-windows-ix86+x86_64 0.3.1 2.00 20.00 22.00 NOTE
r-patched-linux-x86_64 0.3.1 0.73 12.42 13.15 NOTE
r-patched-solaris-sparc 0.3.1 177.40 NOTE
r-patched-solaris-x86 0.3.1 41.80 NOTE
r-release-linux-ix86 0.3.1 1.12 18.74 19.86 NOTE
r-release-linux-x86_64 0.3.1 0.96 12.55 13.51 NOTE
r-release-osx-x86_64-mavericks 0.3.1 NOTE
r-release-osx-x86_64-snowleopard 0.3.1 NOTE
r-release-windows-ix86+x86_64 0.3.1 3.00 23.00 26.00 NOTE
r-oldrel-windows-ix86+x86_64 0.3.1 3.00 23.00 26.00 OK

Check Details

Version: 0.3.1
Check: dependencies in R code
Result: NOTE
    'library' or 'require' call to ‘Rgraphviz’ in package code.
     Please use :: or requireNamespace() instead.
     See section 'Suggested packages' in the 'Writing R Extensions' manual.
Flavors: r-devel-linux-x86_64-debian-clang, r-devel-linux-x86_64-debian-gcc, r-devel-linux-x86_64-fedora-clang, r-devel-linux-x86_64-fedora-gcc, r-devel-osx-x86_64-clang, r-devel-windows-ix86+x86_64, r-patched-linux-x86_64, r-patched-solaris-sparc, r-patched-solaris-x86

Version: 0.3.1
Check: R code for possible problems
Result: NOTE
    centrality: no visible global function definition for ‘V’
    dependencies: no visible global function definition for ‘V’
    map.depends: no visible global function definition for
     ‘graph.adjacency’
    related.packages: no visible global function definition for ‘V’
    related.packages: no visible global function definition for
     ‘neighborhood’
    related.packages: no visible global function definition for ‘subgraph’
    related.packages: no visible global function definition for ‘V<-’
    related.packages: no visible global function definition for
     ‘layout.kamada.kawai’
    related.packages: no visible global function definition for
     ‘igraph.to.graphNEL’
    related.packages: no visible global function definition for
     ‘layoutGraph’
    related.packages: no visible global function definition for
     ‘renderGraph’
Flavors: r-devel-linux-x86_64-debian-clang, r-devel-linux-x86_64-debian-gcc, r-devel-linux-x86_64-fedora-clang, r-devel-linux-x86_64-fedora-gcc, r-devel-osx-x86_64-clang, r-devel-windows-ix86+x86_64, r-patched-linux-x86_64, r-patched-solaris-sparc, r-patched-solaris-x86, r-release-linux-ix86, r-release-linux-x86_64, r-release-osx-x86_64-mavericks, r-release-windows-ix86+x86_64

Version: 0.3.1
Check: package dependencies
Result: NOTE
    Package suggested but not available for checking: ‘Rgraphviz’
Flavor: r-release-osx-x86_64-snowleopard

Version: 0.3.1
Check: R code for possible problems
Result: NOTE
    related.packages: no visible global function definition for
     ‘layoutGraph’
    related.packages: no visible global function definition for
     ‘renderGraph’
Flavor: r-release-osx-x86_64-snowleopard