CRAN Package Check Results for Package packdep

Last updated on 2015-04-21 02:48:39.

Flavor Version Tinstall Tcheck Ttotal Status Flags
r-devel-linux-x86_64-debian-clang 0.3.1 0.60 11.16 11.77 NOTE
r-devel-linux-x86_64-debian-gcc 0.3.1 0.62 11.94 12.55 NOTE
r-devel-linux-x86_64-fedora-clang 0.3.1 23.23 NOTE
r-devel-linux-x86_64-fedora-gcc 0.3.1 21.72 NOTE
r-devel-osx-x86_64-clang 0.3.1 25.52 NOTE
r-devel-windows-ix86+x86_64 0.3.1 3.00 19.00 22.00 NOTE
r-patched-linux-x86_64 0.3.1 0.61 11.06 11.67 NOTE
r-patched-solaris-sparc 0.3.1 150.70 NOTE
r-patched-solaris-x86 0.3.1 37.60 NOTE
r-release-linux-x86_64 0.3.1 0.62 11.07 11.69 NOTE
r-release-osx-x86_64-mavericks 0.3.1 NOTE
r-release-osx-x86_64-snowleopard 0.3.1 ERROR
r-release-windows-ix86+x86_64 0.3.1 1.00 17.00 18.00 NOTE
r-oldrel-windows-ix86+x86_64 0.3.1 2.00 26.00 28.00 NOTE

Check Details

Version: 0.3.1
Check: dependencies in R code
Result: NOTE
    'library' or 'require' call to ‘Rgraphviz’ in package code.
     Please use :: or requireNamespace() instead.
     See section 'Suggested packages' in the 'Writing R Extensions' manual.
Flavors: r-devel-linux-x86_64-debian-clang, r-devel-linux-x86_64-debian-gcc, r-devel-linux-x86_64-fedora-clang, r-devel-linux-x86_64-fedora-gcc, r-devel-osx-x86_64-clang, r-devel-windows-ix86+x86_64, r-patched-linux-x86_64, r-patched-solaris-sparc, r-patched-solaris-x86, r-release-linux-x86_64, r-release-osx-x86_64-mavericks, r-release-windows-ix86+x86_64, r-oldrel-windows-ix86+x86_64

Version: 0.3.1
Check: R code for possible problems
Result: NOTE
    centrality: no visible global function definition for ‘V’
    dependencies: no visible global function definition for ‘V’
    map.depends: no visible global function definition for
     ‘graph.adjacency’
    related.packages: no visible global function definition for ‘V’
    related.packages: no visible global function definition for
     ‘neighborhood’
    related.packages: no visible global function definition for ‘subgraph’
    related.packages: no visible global function definition for ‘V<-’
    related.packages: no visible global function definition for
     ‘layout.kamada.kawai’
    related.packages: no visible global function definition for
     ‘igraph.to.graphNEL’
    related.packages: no visible global function definition for
     ‘layoutGraph’
    related.packages: no visible global function definition for
     ‘renderGraph’
Flavors: r-devel-linux-x86_64-debian-clang, r-devel-linux-x86_64-debian-gcc, r-devel-linux-x86_64-fedora-clang, r-devel-linux-x86_64-fedora-gcc, r-devel-osx-x86_64-clang, r-devel-windows-ix86+x86_64, r-patched-linux-x86_64, r-patched-solaris-sparc, r-patched-solaris-x86, r-release-linux-x86_64, r-release-osx-x86_64-mavericks, r-release-windows-ix86+x86_64, r-oldrel-windows-ix86+x86_64

Version: 0.3.1
Check: package dependencies
Result: ERROR
    Package required but not available: ‘igraph’
    
    Package suggested but not available for checking: ‘Rgraphviz’
    
    See section ‘The DESCRIPTION file’ in the ‘Writing R Extensions’
    manual.
Flavor: r-release-osx-x86_64-snowleopard