CRAN Package Check Results for Package orthopolynom

Last updated on 2014-09-21 21:47:43.

Flavor Version Tinstall Tcheck Ttotal Status Flags
r-devel-linux-x86_64-debian-clang 1.0-5 1.36 19.40 20.75 NOTE
r-devel-linux-x86_64-debian-gcc 1.0-5 1.32 19.95 21.27 NOTE
r-devel-linux-x86_64-fedora-clang 1.0-5 40.62 NOTE
r-devel-linux-x86_64-fedora-gcc 1.0-5 37.30 NOTE
r-devel-osx-x86_64-clang 1.0-5 40.66 NOTE
r-devel-windows-ix86+x86_64 1.0-5 4.00 30.00 34.00 NOTE
r-patched-linux-x86_64 1.0-5 1.36 19.77 21.13 NOTE
r-patched-solaris-sparc 1.0-5 261.60 NOTE
r-patched-solaris-x86 1.0-5 50.60 NOTE
r-release-linux-ix86 1.0-5 1.83 26.74 28.57 NOTE
r-release-linux-x86_64 1.0-5 1.40 19.76 21.16 NOTE
r-release-osx-x86_64-mavericks 1.0-5 NOTE
r-release-windows-ix86+x86_64 1.0-5 6.00 32.00 38.00 NOTE
r-oldrel-windows-ix86+x86_64 1.0-5 5.00 36.00 41.00 NOTE

Check Details

Version: 1.0-5
Check: dependencies in R code
Result: NOTE
    'library' or 'require' call to ‘polynom’ which was already attached by Depends.
     Please remove these calls from your code.
    Package in Depends field not imported from: ‘polynom’
     These packages need to be imported from (in the NAMESPACE file)
     for when this namespace is loaded but not attached.
    See the information on DESCRIPTION files in the chapter ‘Creating R
    packages’ of the ‘Writing R Extensions’ manual.
Flavors: r-devel-linux-x86_64-debian-clang, r-devel-linux-x86_64-debian-gcc, r-devel-linux-x86_64-fedora-clang, r-devel-linux-x86_64-fedora-gcc, r-devel-osx-x86_64-clang, r-devel-windows-ix86+x86_64, r-patched-linux-x86_64, r-patched-solaris-sparc, r-patched-solaris-x86, r-release-linux-ix86, r-release-linux-x86_64, r-release-osx-x86_64-mavericks, r-release-windows-ix86+x86_64, r-oldrel-windows-ix86+x86_64

Version: 1.0-5
Check: R code for possible problems
Result: NOTE
    chebyshev.c.polynomials: no visible global function definition for
     ‘polynomial’
    chebyshev.s.polynomials: no visible global function definition for
     ‘polynomial’
    chebyshev.t.polynomials: no visible global function definition for
     ‘polynomial’
    chebyshev.u.polynomials: no visible global function definition for
     ‘polynomial’
    gegenbauer.polynomials: no visible global function definition for
     ‘polynomial’
    ghermite.h.polynomials: no visible global function definition for
     ‘polynomial’
    glaguerre.polynomials: no visible global function definition for
     ‘polynomial’
    hermite.h.polynomials: no visible global function definition for
     ‘polynomial’
    hermite.he.polynomials: no visible global function definition for
     ‘polynomial’
    jacobi.g.polynomials: no visible global function definition for
     ‘polynomial’
    jacobi.p.polynomials: no visible global function definition for
     ‘polynomial’
    legendre.polynomials: no visible global function definition for
     ‘polynomial’
    monic.polynomials: no visible global function definition for
     ‘polynomial’
    orthogonal.polynomials: no visible global function definition for
     ‘polynomial’
    orthonormal.polynomials: no visible global function definition for
     ‘polynomial’
    polynomial.integrals: no visible global function definition for
     ‘integral’
    schebyshev.t.polynomials: no visible global function definition for
     ‘polynomial’
    schebyshev.u.polynomials: no visible global function definition for
     ‘polynomial’
    slegendre.polynomials: no visible global function definition for
     ‘polynomial’
Flavors: r-devel-linux-x86_64-debian-clang, r-devel-linux-x86_64-debian-gcc, r-devel-linux-x86_64-fedora-clang, r-devel-linux-x86_64-fedora-gcc, r-devel-osx-x86_64-clang, r-devel-windows-ix86+x86_64