CRAN Package Check Results for Package orthopolynom

Last updated on 2014-07-22 17:48:34.

Flavor Version Tinstall Tcheck Ttotal Status Flags
r-devel-linux-x86_64-debian-clang 1.0-5 1.50 19.28 20.78 NOTE
r-devel-linux-x86_64-debian-gcc 1.0-5 1.52 19.08 20.60 NOTE
r-devel-linux-x86_64-fedora-clang 1.0-5 43.70 NOTE
r-devel-linux-x86_64-fedora-gcc 1.0-5 40.52 NOTE
r-devel-osx-x86_64-clang 1.0-5 41.62 NOTE
r-devel-windows-ix86+x86_64 1.0-5 5.00 32.00 37.00 NOTE
r-patched-linux-x86_64 1.0-5 1.46 18.90 20.36 NOTE
r-patched-solaris-sparc 1.0-5 233.60 NOTE
r-patched-solaris-x86 1.0-5 51.10 NOTE
r-release-linux-ix86 1.0-5 1.82 28.90 30.72 NOTE
r-release-linux-x86_64 1.0-5 1.40 19.85 21.25 NOTE
r-release-osx-x86_64-mavericks 1.0-5 NOTE
r-release-windows-ix86+x86_64 1.0-5 6.00 32.00 38.00 NOTE
r-oldrel-windows-ix86+x86_64 1.0-5 5.00 36.00 41.00 NOTE

Check Details

Version: 1.0-5
Check: dependencies in R code
Result: NOTE
    'library' or 'require' call to ‘polynom’ which was already attached by Depends.
     Please remove these calls from your code.
    Package in Depends field not imported from: ‘polynom’
     These packages need to be imported from (in the NAMESPACE file)
     for when this namespace is loaded but not attached.
    See the information on DESCRIPTION files in the chapter ‘Creating R
    packages’ of the ‘Writing R Extensions’ manual.
Flavors: r-devel-linux-x86_64-debian-clang, r-devel-linux-x86_64-debian-gcc, r-devel-linux-x86_64-fedora-clang, r-devel-linux-x86_64-fedora-gcc, r-devel-osx-x86_64-clang, r-devel-windows-ix86+x86_64, r-patched-linux-x86_64, r-patched-solaris-sparc, r-patched-solaris-x86, r-release-linux-ix86, r-release-linux-x86_64, r-release-osx-x86_64-mavericks, r-release-windows-ix86+x86_64, r-oldrel-windows-ix86+x86_64