CRAN Package Check Results for Package optimx

Last updated on 2014-04-23 18:47:33.

Flavor Version Tinstall Tcheck Ttotal Status Flags
r-devel-linux-x86_64-debian-clang 2013.8.6 0.70 14.61 15.31 NOTE
r-devel-linux-x86_64-debian-gcc 2013.8.6 0.68 14.53 15.22 NOTE
r-devel-linux-x86_64-fedora-clang 2013.8.6 28.64 NOTE
r-devel-linux-x86_64-fedora-gcc 2013.8.6 27.67 NOTE
r-devel-osx-x86_64-clang 2013.8.6 31.20 NOTE
r-devel-osx-x86_64-gcc 2013.8.6 NOTE
r-devel-windows-ix86+x86_64 2013.8.6 3.00 22.00 25.00 NOTE
r-patched-linux-x86_64 2013.8.6 0.64 14.85 15.49 NOTE
r-patched-solaris-sparc 2013.8.6 180.00 NOTE
r-patched-solaris-x86 2013.8.6 41.30 NOTE
r-release-linux-ix86 2013.8.6 1.00 29.00 30.00 NOTE
r-release-linux-x86_64 2013.8.6 0.64 15.10 15.74 NOTE
r-release-osx-x86_64-mavericks 2013.8.6 WARN
r-release-windows-ix86+x86_64 2013.8.6 2.00 22.00 24.00 NOTE
r-oldrel-windows-ix86+x86_64 2013.8.6 3.00 23.00 26.00 NOTE

Check Details

Version: 2013.8.6
Check: dependencies in R code
Result: NOTE
    'library' or 'require' call to ‘numDeriv’ which was already attached by Depends.
     Please remove these calls from your code.
    Package in Depends field not imported from: ‘numDeriv’
     These packages need to be imported from (in the NAMESPACE file)
     for when this namespace is loaded but not attached.
    See the information on DESCRIPTION files in the chapter ‘Creating R
    packages’ of the ‘Writing R Extensions’ manual.
Flavors: r-devel-linux-x86_64-debian-clang, r-devel-linux-x86_64-debian-gcc, r-devel-linux-x86_64-fedora-clang, r-devel-linux-x86_64-fedora-gcc, r-devel-osx-x86_64-clang, r-devel-osx-x86_64-gcc, r-devel-windows-ix86+x86_64, r-patched-linux-x86_64, r-patched-solaris-sparc, r-patched-solaris-x86, r-release-linux-ix86, r-release-linux-x86_64, r-release-osx-x86_64-mavericks, r-release-windows-ix86+x86_64, r-oldrel-windows-ix86+x86_64

Version: 2013.8.6
Check: PDF version of manual
Result: WARNING
    LaTeX errors when creating PDF version.
    This typically indicates Rd problems.
    LaTeX errors found:
    ! LaTeX Error: File `upquote.sty' not found.
    
    Type X to quit or <RETURN> to proceed,
    or enter new name. (Default extension: sty)
    
    2ca2c0d7/Rd2.tex:8: ==> Fatal error occurred, no output PDF file produced!
Flavor: r-release-osx-x86_64-mavericks