CRAN Package Check Results for Package oncomodel

Last updated on 2014-12-22 14:48:46.

Flavor Version Tinstall Tcheck Ttotal Status Flags
r-devel-linux-x86_64-debian-clang 1.0 0.66 13.02 13.68 NOTE
r-devel-linux-x86_64-debian-gcc 1.0 0.63 12.64 13.28 NOTE
r-devel-linux-x86_64-fedora-clang 1.0 27.36 NOTE
r-devel-linux-x86_64-fedora-gcc 1.0 25.54 NOTE
r-devel-osx-x86_64-clang 1.0 30.20 NOTE
r-devel-windows-ix86+x86_64 1.0 3.00 22.00 25.00 OK
r-patched-linux-x86_64 1.0 0.67 12.88 13.55 NOTE
r-patched-solaris-sparc 1.0 154.30 NOTE
r-patched-solaris-x86 1.0 39.10 NOTE
r-release-linux-ix86 1.0 0.92 18.91 19.83 NOTE
r-release-linux-x86_64 1.0 0.66 12.66 13.32 NOTE
r-release-osx-x86_64-mavericks 1.0 OK
r-release-osx-x86_64-snowleopard 1.0 OK
r-release-windows-ix86+x86_64 1.0 3.00 22.00 25.00 OK
r-oldrel-windows-ix86+x86_64 1.0 3.00 21.00 24.00 OK

Check Details

Version: 1.0
Check: R code for possible problems
Result: NOTE
    Found an obsolete/platform-specific call in the following function:
     ‘comp.freq’
    Found the platform-specific device:
     ‘x11’
    dev.new() is the preferred way to open a new device, in the unlikely
    event one is needed.
Flavors: r-devel-linux-x86_64-debian-clang, r-devel-linux-x86_64-debian-gcc, r-devel-linux-x86_64-fedora-clang, r-devel-linux-x86_64-fedora-gcc, r-devel-osx-x86_64-clang, r-patched-linux-x86_64, r-patched-solaris-sparc, r-patched-solaris-x86, r-release-linux-ix86, r-release-linux-x86_64

Version: 1.0
Check: Rd line widths
Result: NOTE
    Rd file 'oncomodel-package.Rd':
     \examples lines wider than 100 characters:
     #plot.phylog(y.phyl, cnodes =1, clabel.n=0.6, f=0.75, sub="Oncogenetic tree of given aberrations")
    
    These lines will be truncated in the PDF manual.
Flavors: r-devel-linux-x86_64-debian-clang, r-devel-linux-x86_64-debian-gcc, r-devel-linux-x86_64-fedora-clang, r-devel-linux-x86_64-fedora-gcc, r-patched-linux-x86_64, r-release-linux-x86_64