CRAN Package Check Results for Package oncomodel

Last updated on 2014-11-01 11:49:08.

Flavor Version Tinstall Tcheck Ttotal Status Flags
r-devel-linux-x86_64-debian-clang 1.0 0.66 12.67 13.33 NOTE
r-devel-linux-x86_64-debian-gcc 1.0 0.82 12.56 13.38 NOTE
r-devel-linux-x86_64-fedora-clang 1.0 26.49 NOTE
r-devel-linux-x86_64-fedora-gcc 1.0 25.14 NOTE
r-devel-osx-x86_64-clang 1.0 27.42 NOTE
r-devel-windows-ix86+x86_64 1.0 2.00 21.00 23.00 OK
r-patched-linux-x86_64 1.0 0.67 12.86 13.53 NOTE
r-patched-solaris-sparc 1.0 148.80 NOTE
r-patched-solaris-x86 1.0 39.30 NOTE
r-release-linux-ix86 1.0 0.94 18.03 18.97 NOTE
r-release-linux-x86_64 1.0 0.65 12.38 13.03 NOTE
r-release-osx-x86_64-mavericks 1.0 OK
r-release-osx-x86_64-snowleopard 1.0 OK
r-release-windows-ix86+x86_64 1.0 2.00 21.00 23.00 OK
r-oldrel-windows-ix86+x86_64 1.0 2.00 23.00 25.00 OK

Check Details

Version: 1.0
Check: R code for possible problems
Result: NOTE
    Found an obsolete/platform-specific call in the following function:
     ‘comp.freq’
    Found the platform-specific device:
     ‘x11’
    dev.new() is the preferred way to open a new device, in the unlikely
    event one is needed.
Flavors: r-devel-linux-x86_64-debian-clang, r-devel-linux-x86_64-debian-gcc, r-devel-linux-x86_64-fedora-clang, r-devel-linux-x86_64-fedora-gcc, r-devel-osx-x86_64-clang, r-patched-linux-x86_64, r-patched-solaris-sparc, r-patched-solaris-x86, r-release-linux-ix86, r-release-linux-x86_64

Version: 1.0
Check: Rd line widths
Result: NOTE
    Rd file 'oncomodel-package.Rd':
     \examples lines wider than 100 characters:
     #plot.phylog(y.phyl, cnodes =1, clabel.n=0.6, f=0.75, sub="Oncogenetic tree of given aberrations")
    
    These lines will be truncated in the PDF manual.
Flavors: r-devel-linux-x86_64-debian-clang, r-devel-linux-x86_64-debian-gcc, r-devel-linux-x86_64-fedora-clang, r-devel-linux-x86_64-fedora-gcc, r-patched-linux-x86_64, r-release-linux-x86_64