CRAN Package Check Results for Package normalp

Last updated on 2015-01-30 03:49:08.

Flavor Version Tinstall Tcheck Ttotal Status Flags
r-devel-linux-x86_64-debian-clang 0.7.0 0.73 11.66 12.38 NOTE
r-devel-linux-x86_64-debian-gcc 0.7.0 0.89 11.52 12.41 NOTE
r-devel-linux-x86_64-fedora-clang 0.7.0 25.90 NOTE
r-devel-linux-x86_64-fedora-gcc 0.7.0 25.05 NOTE
r-devel-osx-x86_64-clang 0.7.0 27.82 NOTE
r-devel-windows-ix86+x86_64 0.7.0 5.00 21.00 26.00 OK
r-patched-linux-x86_64 0.7.0 0.68 12.16 12.84 OK
r-patched-solaris-sparc 0.7.0 147.20 OK
r-patched-solaris-x86 0.7.0 36.70 OK
r-release-linux-ix86 0.7.0 0.95 17.75 18.70 OK
r-release-linux-x86_64 0.7.0 0.67 12.24 12.92 OK
r-release-osx-x86_64-mavericks 0.7.0 OK
r-release-osx-x86_64-snowleopard 0.7.0 OK
r-release-windows-ix86+x86_64 0.7.0 2.00 20.00 22.00 OK
r-oldrel-windows-ix86+x86_64 0.7.0 3.00 21.00 24.00 OK

Check Details

Version: 0.7.0
Check: S3 generic/method consistency
Result: NOTE
    Found the following apparent S3 methods exported but not registered:
     lmp.default paramp.default qqnormp.default print.paramp
     print.simul.mp print.summary.lmp print.summary.simul.lmp summary.lmp
     summary.simul.lmp plot.lmp plot.simul.lmp plot.simul.mp
    See section ‘Registering S3 methods’ in the ‘Writing R Extensions’
    manual.
Flavors: r-devel-linux-x86_64-debian-clang, r-devel-linux-x86_64-debian-gcc, r-devel-linux-x86_64-fedora-clang, r-devel-linux-x86_64-fedora-gcc, r-devel-osx-x86_64-clang