CRAN Package Check Results for Package metacor

Last updated on 2014-04-24 11:48:49.

Flavor Version Tinstall Tcheck Ttotal Status Flags
r-devel-linux-x86_64-debian-clang 1.0-2 0.72 10.78 11.50 NOTE
r-devel-linux-x86_64-debian-gcc 1.0-2 0.68 11.19 11.87 NOTE
r-devel-linux-x86_64-fedora-clang 1.0-2 22.38 NOTE
r-devel-linux-x86_64-fedora-gcc 1.0-2 21.90 NOTE
r-devel-osx-x86_64-clang 1.0-2 24.06 NOTE
r-devel-osx-x86_64-gcc 1.0-2 NOTE
r-devel-windows-ix86+x86_64 1.0-2 3.00 18.00 21.00 NOTE
r-patched-linux-x86_64 1.0-2 0.76 10.52 11.27 NOTE
r-patched-solaris-sparc 1.0-2 128.50 NOTE
r-patched-solaris-x86 1.0-2 33.50 NOTE
r-release-linux-ix86 1.0-2 1.00 24.00 25.00 NOTE
r-release-linux-x86_64 1.0-2 0.72 10.59 11.31 NOTE
r-release-osx-x86_64-mavericks 1.0-2 ERROR
r-release-osx-x86_64-snowleopard 1.0-2 WARN
r-release-windows-ix86+x86_64 1.0-2 6.00 26.00 32.00 NOTE
r-oldrel-windows-ix86+x86_64 1.0-2 3.00 18.00 21.00 NOTE

Check Details

Version: 1.0-2
Check: dependencies in R code
Result: NOTE
    Packages in Depends field not imported from:
     ‘gsl’ ‘rmeta’
     These packages need to be imported from (in the NAMESPACE file)
     for when this namespace is loaded but not attached.
    See the information on DESCRIPTION files in the chapter ‘Creating R
    packages’ of the ‘Writing R Extensions’ manual.
Flavors: r-devel-linux-x86_64-debian-clang, r-devel-linux-x86_64-debian-gcc, r-devel-linux-x86_64-fedora-clang, r-devel-linux-x86_64-fedora-gcc, r-devel-osx-x86_64-clang, r-devel-osx-x86_64-gcc, r-devel-windows-ix86+x86_64, r-patched-linux-x86_64, r-patched-solaris-sparc, r-patched-solaris-x86, r-release-linux-ix86, r-release-linux-x86_64, r-release-windows-ix86+x86_64, r-oldrel-windows-ix86+x86_64

Version: 1.0-2
Check: package dependencies
Result: ERROR
    Package required but not available: ‘gsl’
    
    See the information on DESCRIPTION files in the chapter ‘Creating R
    packages’ of the ‘Writing R Extensions’ manual.
Flavor: r-release-osx-x86_64-mavericks

Version: 1.0-2
Check: examples
Result: WARNING
    checking a package with encoding 'latin1' in an ASCII locale
    
     OK
Flavor: r-release-osx-x86_64-snowleopard