CRAN Package Check Results for Package marginalmodelplots

Last updated on 2014-09-03 08:53:33.

Flavor Version Tinstall Tcheck Ttotal Status Flags
r-devel-linux-x86_64-debian-clang 0.4.2 0.69 12.01 12.70 NOTE
r-devel-linux-x86_64-debian-gcc 0.4.2 0.77 11.84 12.60 NOTE
r-devel-linux-x86_64-fedora-clang 0.4.2 26.63 NOTE
r-devel-linux-x86_64-fedora-gcc 0.4.2 25.25 NOTE
r-devel-osx-x86_64-clang 0.4.2 28.81 NOTE
r-devel-windows-ix86+x86_64 0.4.2 3.00 23.00 26.00 NOTE
r-patched-linux-x86_64 0.4.2 0.74 12.65 13.39 NOTE
r-patched-solaris-sparc 0.4.2 171.60 NOTE
r-patched-solaris-x86 0.4.2 38.60 NOTE
r-release-linux-ix86 0.4.2 1.06 19.72 20.78 NOTE
r-release-linux-x86_64 0.4.2 0.79 13.34 14.13 NOTE
r-release-osx-x86_64-mavericks 0.4.2 NOTE
r-release-osx-x86_64-snowleopard 0.4.2 NOTE
r-release-windows-ix86+x86_64 0.4.2 3.00 22.00 25.00 NOTE
r-oldrel-windows-ix86+x86_64 0.4.2 3.00 24.00 27.00 NOTE

Check Details

Version: 0.4.2
Check: dependencies in R code
Result: NOTE
    'library' or 'require' calls to packages already attached by Depends:
     ‘grid’ ‘locfit’
     Please remove these calls from your code.
    Packages in Depends field not imported from:
     ‘grid’ ‘locfit’
     These packages need to be imported from (in the NAMESPACE file)
     for when this namespace is loaded but not attached.
    See the information on DESCRIPTION files in the chapter ‘Creating R
    packages’ of the ‘Writing R Extensions’ manual.
Flavors: r-devel-linux-x86_64-debian-clang, r-devel-linux-x86_64-debian-gcc, r-devel-linux-x86_64-fedora-clang, r-devel-linux-x86_64-fedora-gcc, r-devel-osx-x86_64-clang, r-devel-windows-ix86+x86_64, r-patched-linux-x86_64, r-patched-solaris-sparc, r-patched-solaris-x86

Version: 0.4.2
Check: R code for possible problems
Result: NOTE
    mmpdualslider.glm : g: no visible binding for global variable ‘lp’
    mmpdualslider.glm : g: no visible global function definition for
     ‘locfit’
    mmpdualslider.glm : g: no visible global function definition for ‘aic’
    mmpdualslider.glm: no visible global function definition for
     ‘grid.newpage’
    mmpdualslider.glm: no visible global function definition for
     ‘grobHeight’
    mmpdualslider.glm: no visible global function definition for ‘textGrob’
    mmpdualslider.glm: no visible global function definition for
     ‘grid.layout’
    mmpdualslider.glm: no visible global function definition for ‘unit.c’
    mmpdualslider.glm: no visible global function definition for ‘unit’
    mmpdualslider.glm: no visible global function definition for ‘viewport’
    mmpdualslider.glm: no visible global function definition for
     ‘pushViewport’
    mmpdualslider.glm: no visible global function definition for ‘vpTree’
    mmpdualslider.glm: no visible global function definition for ‘vpList’
    mmpdualslider.glm: no visible global function definition for
     ‘seekViewport’
    mmpdualslider.glm: no visible global function definition for
     ‘grid.rect’
    mmpdualslider.glm: no visible global function definition for
     ‘grid.xaxis’
    mmpdualslider.glm: no visible global function definition for
     ‘grid.yaxis’
    mmpdualslider.glm: no visible global function definition for
     ‘grid.text’
    mmpdualslider.glm: no visible global function definition for
     ‘grid.points’
    mmpdualslider.glm: no visible global function definition for ‘gpar’
    mmpdualslider.glm: no visible global function definition for
     ‘grid.lines’
    mmpdualslider.glm: no visible global function definition for
     ‘grobWidth’
    mmpdualslider.glm: no visible global function definition for
     ‘grid.remove’
    mmpdualslider.glm: no visible global function definition for ‘rectGrob’
    mmpdualslider.glm: no visible global function definition for ‘gTree’
    mmpdualslider.glm: no visible global function definition for ‘gList’
    mmpdualslider.glm: no visible global function definition for
     ‘grid.draw’
    mmpdualslider.glm: no visible global function definition for ‘locfit’
    mmpdualslider.glm: no visible global function definition for
     ‘grid.locator’
    mmplot1.glm : gh: no visible binding for global variable ‘lp’
    mmplot1.glm : gh: no visible global function definition for ‘locfit’
    mmplot1.glm : gn: no visible binding for global variable ‘lp’
    mmplot1.glm : gn: no visible global function definition for ‘locfit’
    mmplot1.glm: no visible binding for global variable ‘lp’
    mmplot1.glm: no visible global function definition for ‘locfit’
    mmplot1.glm : gh2: no visible binding for global variable ‘lp’
    mmplot1.glm : gh2: no visible global function definition for ‘locfit’
    mmplot1.glm : gn2: no visible binding for global variable ‘lp’
    mmplot1.glm : gn2: no visible global function definition for ‘locfit’
    mmpslider.glm : g: no visible binding for global variable ‘lp’
    mmpslider.glm : g: no visible global function definition for ‘locfit’
    mmpslider.glm : g: no visible global function definition for ‘aic’
    mmpslider.glm: no visible global function definition for ‘grid.newpage’
    mmpslider.glm: no visible global function definition for ‘grid.layout’
    mmpslider.glm: no visible global function definition for ‘unit’
    mmpslider.glm: no visible global function definition for ‘viewport’
    mmpslider.glm: no visible global function definition for ‘pushViewport’
    mmpslider.glm: no visible global function definition for ‘vpTree’
    mmpslider.glm: no visible global function definition for ‘vpList’
    mmpslider.glm: no visible global function definition for ‘seekViewport’
    mmpslider.glm: no visible global function definition for ‘grid.rect’
    mmpslider.glm: no visible global function definition for ‘grid.xaxis’
    mmpslider.glm: no visible global function definition for ‘grid.yaxis’
    mmpslider.glm: no visible global function definition for ‘grid.text’
    mmpslider.glm: no visible global function definition for ‘grid.points’
    mmpslider.glm: no visible global function definition for ‘gpar’
    mmpslider.glm: no visible global function definition for ‘grid.lines’
    mmpslider.glm: no visible global function definition for ‘grobWidth’
    mmpslider.glm: no visible global function definition for ‘textGrob’
    mmpslider.glm: no visible global function definition for ‘rectGrob’
    mmpslider.glm: no visible global function definition for ‘gTree’
    mmpslider.glm: no visible global function definition for ‘gList’
    mmpslider.glm: no visible global function definition for ‘grid.draw’
    mmpslider.glm: no visible global function definition for ‘grid.remove’
    mmpslider.glm: no visible global function definition for ‘locfit’
    mmpslider.glm: no visible global function definition for ‘grid.locator’
Flavors: r-devel-linux-x86_64-debian-clang, r-devel-linux-x86_64-debian-gcc, r-devel-linux-x86_64-fedora-clang, r-devel-linux-x86_64-fedora-gcc, r-devel-osx-x86_64-clang, r-devel-windows-ix86+x86_64

Version: 0.4.2
Check: Rd \usage sections
Result: NOTE
    S3 methods shown with full name in documentation object 'mmplot':
     ‘mmplot1.lm’ ‘mmplot1.glm’
    
    S3 methods shown with full name in documentation object 'mmpslider':
     ‘mmpslider.lm’ ‘mmpslider.glm’
    
    The \usage entries for S3 methods should use the \method markup and not
    their full name.
    See the chapter ‘Writing R documentation files’ in the ‘Writing R
    Extensions’ manual.
Flavors: r-devel-linux-x86_64-debian-clang, r-devel-linux-x86_64-debian-gcc, r-devel-linux-x86_64-fedora-clang, r-devel-linux-x86_64-fedora-gcc, r-devel-osx-x86_64-clang, r-devel-windows-ix86+x86_64, r-patched-linux-x86_64, r-patched-solaris-sparc, r-patched-solaris-x86, r-release-linux-ix86, r-release-linux-x86_64, r-release-osx-x86_64-mavericks, r-release-osx-x86_64-snowleopard, r-release-windows-ix86+x86_64, r-oldrel-windows-ix86+x86_64

Version: 0.4.2
Check: Rd line widths
Result: NOTE
    Rd file 'mmpslider.Rd':
     \usage lines wider than 90 characters:
     mmpslider.lm(m,pred=predict(m), bw=NULL , label=deparse(substitute(u)), colors=c('blue','red'),...)
     mmpslider.glm(m,pred=predict(m), bw=NULL , label=deparse(substitute(u)), colors=c('blue','red'), family=NULL , link=NULL, ...)
    
    These lines will be truncated in the PDF manual.
Flavors: r-devel-linux-x86_64-fedora-clang, r-devel-linux-x86_64-fedora-gcc

Version: 0.4.2
Check: dependencies in R code
Result: NOTE
    'library' or 'require' calls to packages already attached by Depends:
     ‘grid’ ‘locfit’
     Please remove these calls from your code.
    Package in Depends field not imported from: ‘locfit’
     These packages need to be imported from (in the NAMESPACE file)
     for when this namespace is loaded but not attached.
    See the information on DESCRIPTION files in the chapter ‘Creating R
    packages’ of the ‘Writing R Extensions’ manual.
Flavors: r-release-linux-ix86, r-release-linux-x86_64, r-release-osx-x86_64-mavericks, r-release-windows-ix86+x86_64, r-oldrel-windows-ix86+x86_64

Version: 0.4.2
Check: dependencies in R code
Result: NOTE
    'library' or 'require' calls to packages already attached by Depends:
     'grid' 'locfit'
     Please remove these calls from your code.
    See the information on DESCRIPTION files in the chapter 'Creating R
    packages' of the 'Writing R Extensions' manual.
Flavor: r-release-osx-x86_64-snowleopard