CRAN Package Check Results for Package lmmfit

Last updated on 2014-07-24 05:48:27.

Flavor Version Tinstall Tcheck Ttotal Status Flags
r-devel-linux-x86_64-debian-clang 1.0 0.82 16.58 17.40 NOTE
r-devel-linux-x86_64-debian-gcc 1.0 0.82 16.44 17.26 NOTE
r-devel-linux-x86_64-fedora-clang 1.0 35.08 NOTE
r-devel-linux-x86_64-fedora-gcc 1.0 33.50 NOTE
r-devel-osx-x86_64-clang 1.0 33.84 NOTE
r-devel-windows-ix86+x86_64 1.0 4.00 25.00 29.00 NOTE
r-patched-linux-x86_64 1.0 0.84 16.16 17.00 NOTE
r-patched-solaris-sparc 1.0 192.10 NOTE
r-patched-solaris-x86 1.0 45.40 NOTE
r-release-linux-ix86 1.0 1.15 23.72 24.87 NOTE
r-release-linux-x86_64 1.0 0.92 17.36 18.27 NOTE
r-release-osx-x86_64-mavericks 1.0 NOTE
r-release-osx-x86_64-snowleopard 1.0 OK
r-release-windows-ix86+x86_64 1.0 3.00 27.00 30.00 NOTE
r-oldrel-windows-ix86+x86_64 1.0 4.00 29.00 33.00 NOTE

Check Details

Version: 1.0
Check: dependencies in R code
Result: NOTE
    Packages in Depends field not imported from:
     ‘MASS’ ‘nlme’
     These packages need to be imported from (in the NAMESPACE file)
     for when this namespace is loaded but not attached.
    See the information on DESCRIPTION files in the chapter ‘Creating R
    packages’ of the ‘Writing R Extensions’ manual.
Flavors: r-devel-linux-x86_64-debian-clang, r-devel-linux-x86_64-debian-gcc, r-devel-linux-x86_64-fedora-clang, r-devel-linux-x86_64-fedora-gcc, r-devel-osx-x86_64-clang, r-devel-windows-ix86+x86_64, r-patched-linux-x86_64, r-patched-solaris-sparc, r-patched-solaris-x86, r-release-linux-ix86, r-release-linux-x86_64, r-release-osx-x86_64-mavericks, r-release-windows-ix86+x86_64, r-oldrel-windows-ix86+x86_64

Version: 1.0
Check: Rd line widths
Result: NOTE
    Rd file 'structStep.Rd':
     \usage lines wider than 90 characters:
     structStep(model, k = 2, p = 1, q = 1, structChange = "both", trace = TRUE, type = "marginal")
    
    Rd file 'structStepR2.Rd':
     \usage lines wider than 90 characters:
     structStepR2(model, crit = lmmCCC, type = "marginal", adjust = "none", p = 1, q = 1, structChange = "both", trace = TRUE)
    
    These lines will be truncated in the PDF manual.
Flavors: r-devel-linux-x86_64-fedora-clang, r-devel-linux-x86_64-fedora-gcc