CRAN Package Check Results for Package lmmfit

Last updated on 2014-09-01 14:46:31.

Flavor Version Tinstall Tcheck Ttotal Status Flags
r-devel-linux-x86_64-debian-clang 1.0 0.79 15.68 16.47 NOTE
r-devel-linux-x86_64-debian-gcc 1.0 0.98 15.85 16.83 NOTE
r-devel-linux-x86_64-fedora-clang 1.0 32.24 NOTE
r-devel-linux-x86_64-fedora-gcc 1.0 30.39 NOTE
r-devel-osx-x86_64-clang 1.0 31.47 NOTE
r-devel-windows-ix86+x86_64 1.0 4.00 26.00 30.00 NOTE
r-patched-linux-x86_64 1.0 0.83 16.71 17.54 NOTE
r-patched-solaris-sparc 1.0 230.30 NOTE
r-patched-solaris-x86 1.0 45.40 NOTE
r-release-linux-ix86 1.0 1.16 23.64 24.80 NOTE
r-release-linux-x86_64 1.0 0.86 16.32 17.19 NOTE
r-release-osx-x86_64-mavericks 1.0 NOTE
r-release-osx-x86_64-snowleopard 1.0 OK
r-release-windows-ix86+x86_64 1.0 3.00 28.00 31.00 NOTE
r-oldrel-windows-ix86+x86_64 1.0 3.00 31.00 34.00 NOTE

Check Details

Version: 1.0
Check: dependencies in R code
Result: NOTE
    Packages in Depends field not imported from:
     ‘MASS’ ‘nlme’
     These packages need to be imported from (in the NAMESPACE file)
     for when this namespace is loaded but not attached.
    See the information on DESCRIPTION files in the chapter ‘Creating R
    packages’ of the ‘Writing R Extensions’ manual.
Flavors: r-devel-linux-x86_64-debian-clang, r-devel-linux-x86_64-debian-gcc, r-devel-linux-x86_64-fedora-clang, r-devel-linux-x86_64-fedora-gcc, r-devel-osx-x86_64-clang, r-devel-windows-ix86+x86_64, r-patched-linux-x86_64, r-patched-solaris-sparc, r-patched-solaris-x86, r-release-linux-ix86, r-release-linux-x86_64, r-release-osx-x86_64-mavericks, r-release-windows-ix86+x86_64, r-oldrel-windows-ix86+x86_64

Version: 1.0
Check: R code for possible problems
Result: NOTE
    GIC: no visible global function definition for ‘getGroupsFormula’
    GIC: no visible global function definition for ‘fixef’
    lmmCCC: no visible global function definition for ‘getGroupsFormula’
    lmmCCC: no visible global function definition for ‘getResponse’
    lmmCCC: no visible global function definition for ‘getGroups’
    lmmCCC: no visible global function definition for ‘fixef’
    lmmCCC: no visible global function definition for ‘getData’
    lmmCCC: no visible global function definition for ‘ranef’
    lmmPRESS: no visible global function definition for ‘getGroupsFormula’
    lmmPRESS: no visible global function definition for ‘getGroups’
    lmmPRESS: no visible global function definition for ‘getResponse’
    lmmPRESS: no visible global function definition for ‘getData’
    lmmPRESS: no visible global function definition for ‘getVarCov’
    lmmPRESS: no visible global function definition for ‘ginv’
    lmmR2: no visible global function definition for ‘getGroupsFormula’
    lmmR2: no visible global function definition for ‘getResponse’
    lmmR2: no visible global function definition for ‘fixef’
    lmmR2: no visible global function definition for ‘getData’
    lmmR2: no visible global function definition for ‘getGroups’
    lmmR2: no visible global function definition for ‘ranef’
    lmmR2LR: no visible global function definition for ‘getGroupsFormula’
    lmmR2LR: no visible global function definition for ‘getData’
    lmmR2W: no visible global function definition for ‘getGroupsFormula’
    lmmR2W: no visible global function definition for ‘getGroups’
    lmmR2W: no visible global function definition for ‘getResponse’
    lmmR2W: no visible global function definition for ‘getVarCov’
    lmmR2W: no visible global function definition for ‘ginv’
    lmmR2W: no visible global function definition for ‘ranef’
    nxtcor: no visible global function definition for ‘getData’
    nxtcor: no visible global function definition for ‘corCompSymm’
    nxtcor: no visible global function definition for ‘corARMA’
    nxtcor: no visible global function definition for ‘corAR1’
    nxtcor: no visible global function definition for ‘corSymm’
    nxtrand: no visible global function definition for ‘getData’
    nxtrand: no visible global function definition for ‘getGroups’
    nxtrand: no visible global function definition for ‘groupedData’
    nxtrand: no visible global function definition for ‘pdDiag’
    nxtrand: no visible global function definition for ‘pdCompSymm’
    nxtrand: no visible global function definition for ‘pdSymm’
    prvcor: no visible global function definition for ‘getData’
    prvcor: no visible global function definition for ‘corCompSymm’
    prvcor: no visible global function definition for ‘corARMA’
    prvcor: no visible global function definition for ‘corAR1’
    prvrand: no visible global function definition for ‘getData’
    prvrand: no visible global function definition for ‘getGroups’
    prvrand: no visible global function definition for ‘groupedData’
    prvrand: no visible global function definition for ‘pdDiag’
    prvrand: no visible global function definition for ‘pdCompSymm’
    prvrand: no visible global function definition for ‘pdIdent’
    structStep: no visible global function definition for
     ‘getGroupsFormula’
    structStepR2: no visible global function definition for
     ‘getGroupsFormula’
Flavors: r-devel-linux-x86_64-debian-clang, r-devel-linux-x86_64-debian-gcc, r-devel-linux-x86_64-fedora-clang, r-devel-linux-x86_64-fedora-gcc, r-devel-osx-x86_64-clang, r-devel-windows-ix86+x86_64

Version: 1.0
Check: Rd line widths
Result: NOTE
    Rd file 'structStep.Rd':
     \usage lines wider than 90 characters:
     structStep(model, k = 2, p = 1, q = 1, structChange = "both", trace = TRUE, type = "marginal")
    
    Rd file 'structStepR2.Rd':
     \usage lines wider than 90 characters:
     structStepR2(model, crit = lmmCCC, type = "marginal", adjust = "none", p = 1, q = 1, structChange = "both", trace = TRUE)
    
    These lines will be truncated in the PDF manual.
Flavors: r-devel-linux-x86_64-fedora-clang, r-devel-linux-x86_64-fedora-gcc