CRAN Package Check Results for Package ldlasso

Last updated on 2014-11-01 13:49:52.

Flavor Version Tinstall Tcheck Ttotal Status Flags
r-devel-linux-x86_64-debian-clang 3.2 1.60 22.42 24.01 NOTE
r-devel-linux-x86_64-debian-gcc 3.2 1.56 21.56 23.11 NOTE
r-devel-linux-x86_64-fedora-clang 3.2 49.72 NOTE
r-devel-linux-x86_64-fedora-gcc 3.2 44.84 NOTE
r-devel-osx-x86_64-clang 3.2 45.57 OK
r-devel-windows-ix86+x86_64 3.2 5.00 35.00 40.00 OK
r-patched-linux-x86_64 3.2 1.68 22.03 23.70 NOTE
r-patched-solaris-sparc 3.2 281.40 OK
r-patched-solaris-x86 3.2 62.50 OK
r-release-linux-ix86 3.2 2.16 30.05 32.21 OK
r-release-linux-x86_64 3.2 1.84 22.56 24.40 NOTE
r-release-osx-x86_64-mavericks 3.2 OK
r-release-osx-x86_64-snowleopard 3.2 OK
r-release-windows-ix86+x86_64 3.2 6.00 51.00 57.00 OK
r-oldrel-windows-ix86+x86_64 3.2 6.00 35.00 41.00 OK

Check Details

Version: 3.2
Check: top-level files
Result: NOTE
    Non-standard file/directory found at top level:
     ‘doc’
Flavors: r-devel-linux-x86_64-debian-clang, r-devel-linux-x86_64-debian-gcc, r-devel-linux-x86_64-fedora-clang, r-devel-linux-x86_64-fedora-gcc, r-patched-linux-x86_64, r-release-linux-x86_64

Version: 3.2
Check: Rd line widths
Result: NOTE
    Rd file 'get.cp.Rd':
     \usage lines wider than 90 characters:
     get.cp(s2low, s2high, s2.vec.length, block.obj, Xa = NA, Y = NA, s1, r2.cut, block.cood, B = 20)
    
    Rd file 'ld_lasso_method.Rd':
     \usage lines wider than 90 characters:
     maxcol = 5e3, p.frac = 0.10, B = 5, s2low = 5e-3, s2high = 5e1, s2.vec.length = 4, null = FALSE)
    
    Rd file 'p0tos1.Rd':
     \usage lines wider than 90 characters:
     p0tos1(p0, block.obj, Xa = NA, Y = NA, r2.cut = 0.01, s1high, s1low, max.iter = 100, tol = 0.1)
    
    These lines will be truncated in the PDF manual.
Flavors: r-devel-linux-x86_64-debian-clang, r-devel-linux-x86_64-debian-gcc, r-devel-linux-x86_64-fedora-clang, r-devel-linux-x86_64-fedora-gcc, r-patched-linux-x86_64, r-release-linux-x86_64