CRAN Package Check Results for Package lazyWeave

Last updated on 2015-04-27 14:46:48.

Flavor Version Tinstall Tcheck Ttotal Status Flags
r-devel-linux-x86_64-debian-clang 2.2.5 1.78 28.02 29.79 NOTE
r-devel-linux-x86_64-debian-gcc 2.2.5 1.92 26.12 28.03 NOTE
r-devel-linux-x86_64-fedora-clang 2.2.5 56.02 NOTE
r-devel-linux-x86_64-fedora-gcc 2.2.5 53.28 NOTE
r-devel-osx-x86_64-clang 2.2.5 52.03 NOTE
r-devel-windows-ix86+x86_64 2.2.5 7.00 45.00 52.00 OK
r-patched-linux-x86_64 2.2.5 1.75 25.56 27.30 NOTE
r-patched-solaris-sparc 2.2.5 366.60 OK
r-patched-solaris-x86 2.2.5 73.40 NOTE
r-release-linux-x86_64 2.2.5 1.82 25.61 27.42 NOTE
r-release-osx-x86_64-mavericks 2.2.5 OK
r-release-osx-x86_64-snowleopard 2.2.5 ERROR
r-release-windows-ix86+x86_64 2.2.5 11.00 57.00 68.00 OK
r-oldrel-windows-ix86+x86_64 2.2.5 11.00 65.00 76.00 OK

Check Details

Version: 2.2.5
Check: S3 generic/method consistency
Result: NOTE
    Found the following apparent S3 methods exported but not registered:
     print.ctable
    See section ‘Registering S3 methods’ in the ‘Writing R Extensions’
    manual.
Flavors: r-devel-linux-x86_64-debian-clang, r-devel-linux-x86_64-debian-gcc, r-devel-linux-x86_64-fedora-clang, r-devel-linux-x86_64-fedora-gcc, r-devel-osx-x86_64-clang, r-patched-solaris-x86, r-release-linux-x86_64

Version: 2.2.5
Check: package dependencies
Result: ERROR
    Package required but not available: ‘Hmisc’
    
    See section ‘The DESCRIPTION file’ in the ‘Writing R Extensions’
    manual.
Flavor: r-release-osx-x86_64-snowleopard