CRAN Package Check Results for Package lazyWeave

Last updated on 2014-04-23 12:48:21.

Flavor Version Tinstall Tcheck Ttotal Status Flags
r-devel-linux-x86_64-debian-clang 2.2.0 1.48 26.13 27.62 NOTE
r-devel-linux-x86_64-debian-gcc 2.2.0 1.48 25.25 26.73 NOTE
r-devel-linux-x86_64-fedora-clang 2.2.0 51.53 NOTE
r-devel-linux-x86_64-fedora-gcc 2.2.0 49.60 NOTE
r-devel-osx-x86_64-clang 2.2.0 50.24 NOTE
r-devel-osx-x86_64-gcc 2.2.0 ERROR
r-devel-windows-ix86+x86_64 2.2.0 5.00 39.00 44.00 NOTE
r-patched-linux-x86_64 2.2.0 1.54 25.42 26.96 NOTE
r-patched-solaris-sparc 2.2.0 289.20 NOTE
r-patched-solaris-x86 2.2.0 67.30 NOTE
r-release-linux-ix86 2.2.0 3.00 45.00 48.00 NOTE
r-release-linux-x86_64 2.2.0 1.59 25.51 27.10 NOTE
r-release-osx-x86_64-mavericks 2.2.0 WARN
r-release-osx-x86_64-snowleopard 2.2.0 NOTE
r-release-windows-ix86+x86_64 2.2.0 5.00 38.00 43.00 NOTE
r-oldrel-windows-ix86+x86_64 2.2.0 6.00 45.00 51.00 NOTE

Check Details

Version: 2.2.0
Check: dependencies in R code
Result: NOTE
    'library' or 'require' call to ‘Hmisc’ which was already attached by Depends.
     Please remove these calls from your code.
    Package in Depends field not imported from: ‘survival’
     These packages need to be imported from (in the NAMESPACE file)
     for when this namespace is loaded but not attached.
    See the information on DESCRIPTION files in the chapter ‘Creating R
    packages’ of the ‘Writing R Extensions’ manual.
Flavors: r-devel-linux-x86_64-debian-clang, r-devel-linux-x86_64-debian-gcc, r-devel-linux-x86_64-fedora-clang, r-devel-linux-x86_64-fedora-gcc, r-devel-osx-x86_64-clang, r-devel-windows-ix86+x86_64, r-patched-linux-x86_64, r-patched-solaris-sparc, r-patched-solaris-x86, r-release-linux-ix86, r-release-linux-x86_64, r-release-osx-x86_64-mavericks, r-release-windows-ix86+x86_64, r-oldrel-windows-ix86+x86_64

Version: 2.2.0
Check: R code for possible problems
Result: NOTE
    Found the following assignments to the global environment:
    File ‘lazyWeave/R/lazy.counter.R’:
     assign(".HTML.COUNTER.TABLE.", value, envir = .GlobalEnv)
     assign(".HTML.COUNTER.FIGURE.", value, envir = .GlobalEnv)
     assign(".HTML.COUNTER.FOOTNOTE.", value, envir = .GlobalEnv)
     assign(".HTML.COUNTER.CHAPTER.", value, envir = .GlobalEnv)
     assign(".HTML.COUNTER.SECTION.", value, envir = .GlobalEnv)
     assign(".HTML.COUNTER.SUBSECTION.", value, envir = .GlobalEnv)
     assign(".HTML.COUNTER.SUBSUBSECTION.", value, envir = .GlobalEnv)
     assign(paste(".HTML.COUNTER.", counter, ".", sep = ""), value,
     envir = .GlobalEnv)
     assign(paste(".HTML.COUNTER.", counter, ".", sep = ""), value,
     envir = .GlobalEnv)
    File ‘lazyWeave/R/lazy.file.start.R’:
     assign(".HTML.FOOTNOTES.", NULL, envir = .GlobalEnv)
    File ‘lazyWeave/R/lazy.footnote.R’:
     assign(".HTML.FOOTNOTES.", paste(get(".HTML.FOOTNOTES.", envir = .GlobalEnv),
     to.add, sep = "\n"), envir = .GlobalEnv)
    File ‘lazyWeave/R/lazy.write.R’:
     assign(".HTML.FOOTNOTES.", NULL, envir = .GlobalEnv)
    File ‘lazyWeave/R/setHtmlOptions.R’:
     assign(".HTML.COUNTER.TABLE.", table, envir = .GlobalEnv)
     assign(".HTML.COUNTER.FIGURE.", figure, envir = .GlobalEnv)
     assign(".HTML.COUNTER.FOOTNOTE.", footnote, envir = .GlobalEnv)
     assign(".HTML.COUNTER.CHAPTER.", chapter, envir = .GlobalEnv)
     assign(".HTML.COUNTER.SECTION.", section, envir = .GlobalEnv)
     assign(".HTML.COUNTER.SUBSECTION.", subsection, envir = .GlobalEnv)
     assign(".HTML.COUNTER.SUBSUBSECTION.", subsubsection, envir = .GlobalEnv)
     assign(".HTML.FONT.FAMILY.", font.family, envir = .GlobalEnv)
     assign(".HTML.FONT.FONT.", font, envir = .GlobalEnv)
     assign(".HTML.FONT.SIZE.", font.size, envir = .GlobalEnv)
    File ‘lazyWeave/R/zzz.R’:
     assign(".HTML.COUNTER.TABLE.", 1, envir = .GlobalEnv)
     assign(".HTML.COUNTER.FIGURE.", 1, envir = .GlobalEnv)
     assign(".HTML.COUNTER.FOOTNOTE.", 1, envir = .GlobalEnv)
     assign(".HTML.COUNTER.CHAPTER.", 1, envir = .GlobalEnv)
     assign(".HTML.COUNTER.SECTION.", 1, envir = .GlobalEnv)
     assign(".HTML.COUNTER.SUBSECTION.", 1, envir = .GlobalEnv)
     assign(".HTML.COUNTER.SUBSUBSECTION.", 1, envir = .GlobalEnv)
     assign(".HTML.FOOTNOTES.", NULL, envir = .GlobalEnv)
     assign(".HTML.FONT.FAMILY.", "serif", envir = .GlobalEnv)
     assign(".HTML.FONT.FONT.", "helvetica", envir = .GlobalEnv)
     assign(".HTML.FONT.SIZE.", 11, envir = .GlobalEnv)
Flavors: r-devel-linux-x86_64-debian-clang, r-devel-linux-x86_64-debian-gcc, r-devel-linux-x86_64-fedora-clang, r-devel-osx-x86_64-clang, r-patched-linux-x86_64, r-release-linux-ix86, r-release-linux-x86_64

Version: 2.2.0
Check: Rd line widths
Result: NOTE
    Rd file 'WritePrintCtable.Rd':
     \usage lines wider than 90 characters:
     total = TRUE, descriptive = TRUE, missing=FALSE, missing.perc=FALSE, testStat = TRUE,
    
    Rd file 'lazy.toc.Rd':
     \usage lines wider than 90 characters:
     withPage=TRUE, sec_unit=c("chapter", "section", "subsection", "subsubsection", "part"))
    
    These lines will be truncated in the PDF manual.
Flavors: r-devel-linux-x86_64-fedora-clang, r-devel-linux-x86_64-fedora-gcc

Version: 2.2.0
Check: package dependencies
Result: ERROR
    Package required but not available: ‘Hmisc’
    
    See the information on DESCRIPTION files in the chapter ‘Creating R
    packages’ of the ‘Writing R Extensions’ manual.
Flavor: r-devel-osx-x86_64-gcc

Version: 2.2.0
Check: PDF version of manual
Result: WARNING
    LaTeX errors when creating PDF version.
    This typically indicates Rd problems.
    LaTeX errors found:
    ! LaTeX Error: File `upquote.sty' not found.
    
    Type X to quit or <RETURN> to proceed,
    or enter new name. (Default extension: sty)
    
    f35d4f1/Rd2.tex:8: ==> Fatal error occurred, no output PDF file produced!
Flavor: r-release-osx-x86_64-mavericks

Version: 2.2.0
Check: dependencies in R code
Result: NOTE
    'library' or 'require' call to 'Hmisc' which was already attached by Depends.
     Please remove these calls from your code.
    Package in Depends field not imported from: 'survival'
     These packages need to be imported from for the case when
     this namespace is loaded but not attached.
    See the information on DESCRIPTION files in the chapter 'Creating R
    packages' of the 'Writing R Extensions' manual.
Flavor: r-release-osx-x86_64-snowleopard