CRAN Package Check Results for Package lawstat

Last updated on 2015-07-06 06:46:46.

Flavor Version Tinstall Tcheck Ttotal Status Flags
r-devel-linux-x86_64-debian-clang 2.5 2.17 36.87 39.04 NOTE
r-devel-linux-x86_64-debian-gcc 2.5 2.74 36.08 38.82 NOTE
r-devel-linux-x86_64-fedora-clang 2.5 78.23 NOTE
r-devel-linux-x86_64-fedora-gcc 2.5 74.16 NOTE
r-devel-osx-x86_64-clang 2.5 67.16 OK
r-devel-windows-ix86+x86_64 2.5 8.00 60.00 68.00 NOTE
r-patched-linux-x86_64 2.5 2.33 37.15 39.48 OK
r-patched-solaris-sparc 2.5 464.00 OK
r-patched-solaris-x86 2.5 108.60 OK
r-release-linux-x86_64 2.5 2.21 35.90 38.11 OK
r-release-osx-x86_64-mavericks 2.5 OK
r-release-windows-ix86+x86_64 2.5 17.00 58.00 75.00 OK
r-oldrel-windows-ix86+x86_64 2.5 24.00 139.00 163.00 OK

Check Details

Version: 2.5
Check: R code for possible problems
Result: NOTE
    lorenz.curve: no visible global function definition for ‘par’
    lorenz.curve: no visible global function definition for ‘plot’
    lorenz.curve: no visible global function definition for ‘abline’
    lorenz.curve: no visible global function definition for ‘segments’
    lorenz.curve: no visible global function definition for ‘legend’
    rqq: no visible global function definition for ‘abline’
    runs.test: no visible global function definition for ‘plot’
    runs.test: no visible global function definition for ‘points’
    runs.test: no visible global function definition for ‘abline’
    Undefined global functions or variables:
     abline legend par plot points segments
Flavors: r-devel-linux-x86_64-debian-clang, r-devel-linux-x86_64-debian-gcc, r-devel-linux-x86_64-fedora-clang, r-devel-linux-x86_64-fedora-gcc, r-devel-windows-ix86+x86_64