CRAN Package Check Results for Package lawstat

Last updated on 2015-04-19 05:49:50.

Flavor Version Tinstall Tcheck Ttotal Status Flags
r-devel-linux-x86_64-debian-clang 2.5 2.13 36.28 38.42 OK
r-devel-linux-x86_64-debian-gcc 2.5 2.39 35.94 38.33 OK
r-devel-linux-x86_64-fedora-clang 2.5 79.20 OK
r-devel-linux-x86_64-fedora-gcc 2.5 73.61 OK
r-devel-osx-x86_64-clang 2.5 68.59 OK
r-patched-linux-x86_64 2.5 2.40 36.71 39.10 OK
r-patched-solaris-sparc 2.5 506.50 OK
r-patched-solaris-x86 2.5 101.90 OK
r-release-linux-x86_64 2.5 2.04 37.52 39.56 OK
r-release-osx-x86_64-mavericks 2.5 OK
r-release-osx-x86_64-snowleopard 2.5 ERROR
r-release-windows-ix86+x86_64 2.5 7.00 69.00 76.00 OK
r-oldrel-windows-ix86+x86_64 2.5 18.00 123.00 141.00 OK

Check Details

Version: 2.5
Check: package dependencies
Result: ERROR
    Package required but not available: ‘Hmisc’
    
    See section ‘The DESCRIPTION file’ in the ‘Writing R Extensions’
    manual.
Flavor: r-release-osx-x86_64-snowleopard