CRAN Package Check Results for Package lawstat

Last updated on 2015-01-25 23:52:14.

Flavor Version Tinstall Tcheck Ttotal Status Flags
r-devel-linux-x86_64-debian-clang 2.4.1 1.38 30.64 32.01 NOTE
r-devel-linux-x86_64-debian-gcc 2.4.1 1.51 30.72 32.24 NOTE
r-devel-linux-x86_64-fedora-clang 2.4.1 73.43 NOTE
r-devel-linux-x86_64-fedora-gcc 2.4.1 68.13 NOTE
r-devel-osx-x86_64-clang 2.4.1 63.11 NOTE
r-devel-windows-ix86+x86_64 2.4.1 8.00 65.00 73.00 NOTE
r-patched-linux-x86_64 2.4.1 1.46 32.35 33.81 NOTE
r-patched-solaris-sparc 2.4.1 412.00 NOTE
r-patched-solaris-x86 2.4.1 90.80 NOTE
r-release-linux-ix86 2.4.1 1.84 40.66 42.50 NOTE
r-release-linux-x86_64 2.4.1 1.41 33.16 34.57 NOTE
r-release-osx-x86_64-mavericks 2.4.1 NOTE
r-release-osx-x86_64-snowleopard 2.4.1 OK
r-release-windows-ix86+x86_64 2.4.1 6.00 52.00 58.00 NOTE
r-oldrel-windows-ix86+x86_64 2.4.1 6.00 50.00 56.00 OK

Check Details

Version: 2.4.1
Check: R code for possible problems
Result: NOTE
    lnested.test: no visible global function definition for ‘Kendall’
    lnested.test: no visible global function definition for ‘spearman.test’
    ltrend.test: no visible global function definition for ‘Kendall’
    ltrend.test: no visible global function definition for ‘spearman.test’
Flavors: r-devel-linux-x86_64-debian-clang, r-devel-linux-x86_64-debian-gcc, r-devel-linux-x86_64-fedora-clang, r-devel-linux-x86_64-fedora-gcc, r-devel-osx-x86_64-clang, r-devel-windows-ix86+x86_64, r-patched-linux-x86_64, r-patched-solaris-sparc, r-patched-solaris-x86, r-release-linux-ix86, r-release-linux-x86_64, r-release-osx-x86_64-mavericks, r-release-windows-ix86+x86_64