CRAN Package Check Results for Package lawstat

Last updated on 2014-10-31 21:47:56.

Flavor Version Tinstall Tcheck Ttotal Status Flags
r-devel-linux-x86_64-debian-clang 2.4.1 1.40 31.29 32.69 NOTE
r-devel-linux-x86_64-debian-gcc 2.4.1 1.38 30.71 32.08 NOTE
r-devel-linux-x86_64-fedora-clang 2.4.1 70.54 NOTE
r-devel-linux-x86_64-fedora-gcc 2.4.1 66.40 NOTE
r-devel-osx-x86_64-clang 2.4.1 62.31 NOTE
r-devel-windows-ix86+x86_64 2.4.1 4.00 46.00 50.00 NOTE
r-patched-linux-x86_64 2.4.1 1.45 33.21 34.66 NOTE
r-patched-solaris-sparc 2.4.1 424.50 NOTE
r-patched-solaris-x86 2.4.1 89.00 NOTE
r-release-linux-ix86 2.4.1 1.95 45.21 47.16 OK
r-release-linux-x86_64 2.4.1 1.50 34.82 36.32 OK
r-release-osx-x86_64-mavericks 2.4.1 OK
r-release-osx-x86_64-snowleopard 2.4.1 OK
r-release-windows-ix86+x86_64 2.4.1 6.00 50.00 56.00 OK
r-oldrel-windows-ix86+x86_64 2.4.1 6.00 50.00 56.00 OK

Check Details

Version: 2.4.1
Check: R code for possible problems
Result: NOTE
    lnested.test: no visible global function definition for ‘Kendall’
    lnested.test: no visible global function definition for ‘spearman.test’
    ltrend.test: no visible global function definition for ‘Kendall’
    ltrend.test: no visible global function definition for ‘spearman.test’
Flavors: r-devel-linux-x86_64-debian-clang, r-devel-linux-x86_64-debian-gcc, r-devel-linux-x86_64-fedora-clang, r-devel-linux-x86_64-fedora-gcc, r-devel-osx-x86_64-clang, r-devel-windows-ix86+x86_64, r-patched-linux-x86_64, r-patched-solaris-sparc, r-patched-solaris-x86