CRAN Package Check Results for Package jmec

Last updated on 2014-04-24 17:49:46.

Flavor Version Tinstall Tcheck Ttotal Status Flags
r-devel-linux-x86_64-debian-clang 1.0-4 1.24 30.41 31.65 OK
r-devel-linux-x86_64-debian-gcc 1.0-4 1.21 30.06 31.27 OK
r-devel-linux-x86_64-fedora-clang 1.0-4 60.70 NOTE
r-devel-linux-x86_64-fedora-gcc 1.0-4 59.81 NOTE
r-devel-osx-x86_64-clang 1.0-4 47.56 OK
r-devel-osx-x86_64-gcc 1.0-4 OK
r-devel-windows-ix86+x86_64 1.0-4 5.00 71.00 76.00 OK
r-patched-linux-x86_64 1.0-4 1.22 30.01 31.23 OK
r-patched-solaris-sparc 1.0-4 359.20 OK
r-patched-solaris-x86 1.0-4 78.60 OK
r-release-linux-ix86 1.0-4 2.00 51.00 53.00 OK
r-release-linux-x86_64 1.0-4 1.20 29.90 31.10 OK
r-release-osx-x86_64-mavericks 1.0-4 WARN
r-release-osx-x86_64-snowleopard 1.0-4 WARN
r-release-windows-ix86+x86_64 1.0-4 6.00 75.00 81.00 OK
r-oldrel-windows-ix86+x86_64 1.0-4 6.00 99.00 105.00 OK

Check Details

Version: 1.0-4
Check: top-level files
Result: NOTE
    Non-standard file/directory found at top level:
     ‘jmec-Ex.R’
Flavors: r-devel-linux-x86_64-fedora-clang, r-devel-linux-x86_64-fedora-gcc

Version: 1.0-4
Check: PDF version of manual
Result: WARNING
    LaTeX errors when creating PDF version.
    This typically indicates Rd problems.
    LaTeX errors found:
    ! LaTeX Error: File `upquote.sty' not found.
    
    Type X to quit or <RETURN> to proceed,
    or enter new name. (Default extension: sty)
    
    c6a4751/Rd2.tex:8: ==> Fatal error occurred, no output PDF file produced!
Flavor: r-release-osx-x86_64-mavericks

Version: 1.0-4
Check: examples
Result: WARNING
    checking a package with encoding 'latin1' in an ASCII locale
    
     OK
Flavor: r-release-osx-x86_64-snowleopard