CRAN Package Check Results for Package irr

Last updated on 2014-04-25 05:47:17.

Flavor Version Tinstall Tcheck Ttotal Status Flags
r-devel-linux-x86_64-debian-clang 0.84 0.86 15.32 16.18 NOTE
r-devel-linux-x86_64-debian-gcc 0.84 0.81 15.33 16.14 NOTE
r-devel-linux-x86_64-fedora-clang 0.84 31.76 NOTE
r-devel-linux-x86_64-fedora-gcc 0.84 29.73 NOTE
r-devel-osx-x86_64-clang 0.84 31.19 NOTE
r-devel-osx-x86_64-gcc 0.84 NOTE
r-devel-windows-ix86+x86_64 0.84 2.00 26.00 28.00 NOTE
r-patched-linux-x86_64 0.84 0.81 15.62 16.43 NOTE
r-patched-solaris-sparc 0.84 177.50 NOTE
r-patched-solaris-x86 0.84 41.80 NOTE
r-release-linux-ix86 0.84 2.00 33.00 35.00 NOTE
r-release-linux-x86_64 0.84 0.81 15.26 16.08 NOTE
r-release-osx-x86_64-mavericks 0.84 NOTE
r-release-windows-ix86+x86_64 0.84 5.00 33.00 38.00 NOTE
r-oldrel-windows-ix86+x86_64 0.84 3.00 26.00 29.00 NOTE

Check Details

Version: 0.84
Check: dependencies in R code
Result: NOTE
    'library' or 'require' call to ‘lpSolve’ which was already attached by Depends.
     Please remove these calls from your code.
    See the information on DESCRIPTION files in the chapter ‘Creating R
    packages’ of the ‘Writing R Extensions’ manual.
Flavors: r-devel-linux-x86_64-debian-clang, r-devel-linux-x86_64-debian-gcc, r-devel-linux-x86_64-fedora-clang, r-devel-linux-x86_64-fedora-gcc, r-devel-osx-x86_64-clang, r-devel-osx-x86_64-gcc, r-devel-windows-ix86+x86_64, r-patched-linux-x86_64, r-patched-solaris-sparc, r-patched-solaris-x86, r-release-linux-ix86, r-release-linux-x86_64, r-release-osx-x86_64-mavericks, r-release-windows-ix86+x86_64, r-oldrel-windows-ix86+x86_64

Version: 0.84
Check: Rd line widths
Result: NOTE
    Rd file 'N2.cohen.kappa.Rd':
     \examples lines wider than 100 characters:
     N2.cohen.kappa(c(0.2, 0.25, 0.55), k1=0.6, k0=0.4)
    
    These lines will be truncated in the PDF manual.
Flavors: r-devel-linux-x86_64-fedora-clang, r-devel-linux-x86_64-fedora-gcc