CRAN Package Check Results for Package irr

Last updated on 2015-07-03 10:46:45.

Flavor Version Tinstall Tcheck Ttotal Status Flags
r-devel-linux-x86_64-debian-clang 0.84 0.82 13.42 14.24 NOTE
r-devel-linux-x86_64-debian-gcc 0.84 0.75 12.90 13.65 NOTE
r-devel-linux-x86_64-fedora-clang 0.84 26.32 NOTE
r-devel-linux-x86_64-fedora-gcc 0.84 24.11 NOTE
r-devel-osx-x86_64-clang 0.84 27.60 NOTE
r-devel-windows-ix86+x86_64 0.84 5.00 35.00 40.00 NOTE
r-patched-linux-x86_64 0.84 0.72 13.71 14.43 NOTE
r-patched-solaris-sparc 0.84 172.20 NOTE
r-patched-solaris-x86 0.84 37.50 NOTE
r-release-linux-x86_64 0.84 0.72 13.72 14.44 NOTE
r-release-osx-x86_64-mavericks 0.84 NOTE
r-release-windows-ix86+x86_64 0.84 3.00 24.00 27.00 NOTE
r-oldrel-windows-ix86+x86_64 0.84 6.00 34.00 40.00 NOTE

Check Details

Version: 0.84
Check: dependencies in R code
Result: NOTE
    'library' or 'require' call to ‘lpSolve’ which was already attached by Depends.
     Please remove these calls from your code.
Flavors: r-devel-linux-x86_64-debian-clang, r-devel-linux-x86_64-debian-gcc, r-devel-linux-x86_64-fedora-clang, r-devel-linux-x86_64-fedora-gcc, r-devel-osx-x86_64-clang, r-devel-windows-ix86+x86_64, r-patched-linux-x86_64, r-patched-solaris-sparc, r-patched-solaris-x86, r-release-linux-x86_64, r-release-osx-x86_64-mavericks, r-release-windows-ix86+x86_64, r-oldrel-windows-ix86+x86_64

Version: 0.84
Check: S3 generic/method consistency
Result: NOTE
    Found the following apparent S3 methods exported but not registered:
     print.icclist print.irrlist
    See section ‘Registering S3 methods’ in the ‘Writing R Extensions’
    manual.
Flavors: r-devel-linux-x86_64-debian-clang, r-devel-linux-x86_64-debian-gcc, r-devel-linux-x86_64-fedora-clang, r-devel-linux-x86_64-fedora-gcc, r-devel-osx-x86_64-clang, r-patched-linux-x86_64, r-patched-solaris-sparc, r-patched-solaris-x86, r-release-linux-x86_64

Version: 0.84
Check: R code for possible problems
Result: NOTE
    N.cohen.kappa: no visible global function definition for ‘qnorm’
    N2.cohen.kappa: no visible global function definition for ‘qnorm’
    agree: no visible global function definition for ‘na.omit’
    bhapkar: no visible global function definition for ‘na.omit’
    bhapkar: no visible global function definition for ‘pchisq’
    finn: no visible global function definition for ‘na.omit’
    finn: no visible global function definition for ‘var’
    finn: no visible binding for global variable ‘var’
    finn: no visible global function definition for ‘pf’
    icc: no visible global function definition for ‘na.omit’
    icc: no visible global function definition for ‘var’
    icc: no visible binding for global variable ‘var’
    icc: no visible global function definition for ‘pf’
    icc: no visible global function definition for ‘qf’
    iota: no visible global function definition for ‘na.omit’
    iota: no visible global function definition for ‘sd’
    iota: no visible global function definition for ‘var’
    iota: no visible binding for global variable ‘var’
    kappa2: no visible global function definition for ‘na.omit’
    kappa2: no visible global function definition for ‘pnorm’
    kappam.fleiss: no visible global function definition for ‘na.omit’
    kappam.fleiss: no visible binding for global variable ‘var’
    kappam.fleiss: no visible global function definition for ‘pnorm’
    kappam.light: no visible global function definition for ‘na.omit’
    kappam.light: no visible global function definition for ‘pnorm’
    kendall: no visible global function definition for ‘na.omit’
    kendall: no visible global function definition for ‘var’
    kendall: no visible global function definition for ‘pchisq’
    maxwell: no visible global function definition for ‘na.omit’
    meancor: no visible global function definition for ‘na.omit’
    meancor: no visible global function definition for ‘cor’
    meancor: no visible global function definition for ‘pnorm’
    meanrho: no visible global function definition for ‘na.omit’
    meanrho: no visible global function definition for ‘cor’
    meanrho: no visible global function definition for ‘pnorm’
    rater.bias: no visible global function definition for ‘pchisq’
    relInterIntra: no visible global function definition for ‘aov’
    relInterIntra: no visible global function definition for ‘pf’
    relInterIntra: no visible global function definition for ‘qf’
    robinson: no visible global function definition for ‘na.omit’
    robinson: no visible global function definition for ‘var’
    stuart.maxwell.mh: no visible global function definition for ‘pchisq’
    Undefined global functions or variables:
     aov cor na.omit pchisq pf pnorm qf qnorm sd var
Flavors: r-devel-linux-x86_64-debian-clang, r-devel-linux-x86_64-debian-gcc, r-devel-linux-x86_64-fedora-clang, r-devel-linux-x86_64-fedora-gcc

Version: 0.84
Check: Rd line widths
Result: NOTE
    Rd file 'N2.cohen.kappa.Rd':
     \examples lines wider than 100 characters:
     N2.cohen.kappa(c(0.2, 0.25, 0.55), k1=0.6, k0=0.4)
    
    These lines will be truncated in the PDF manual.
Flavors: r-devel-linux-x86_64-debian-clang, r-devel-linux-x86_64-debian-gcc, r-devel-linux-x86_64-fedora-clang, r-devel-linux-x86_64-fedora-gcc, r-patched-linux-x86_64, r-release-linux-x86_64