CRAN Package Check Results for Package indicspecies

Last updated on 2014-07-26 17:47:11.

Flavor Version Tinstall Tcheck Ttotal Status Flags
r-devel-linux-x86_64-debian-clang 1.7.2 1.61 91.53 93.14 OK
r-devel-linux-x86_64-debian-gcc 1.7.2 1.47 89.30 90.77 OK
r-devel-linux-x86_64-fedora-clang 1.7.2 209.30 OK
r-devel-linux-x86_64-fedora-gcc 1.7.2 200.29 OK
r-devel-osx-x86_64-clang 1.7.2 163.21 OK
r-devel-windows-ix86+x86_64 1.7.2 5.00 139.00 144.00 OK
r-patched-linux-x86_64 1.7.2 1.59 91.53 93.12 OK
r-patched-solaris-sparc 1.7.2 1041.90 OK
r-patched-solaris-x86 1.7.2 219.80 OK
r-release-linux-ix86 1.7.2 2.00 113.35 115.35 OK
r-release-linux-x86_64 1.7.2 1.62 91.32 92.95 OK
r-release-osx-x86_64-mavericks 1.7.2 ERROR
r-release-osx-x86_64-snowleopard 1.7.2 OK
r-release-windows-ix86+x86_64 1.7.2 4.00 135.00 139.00 OK
r-oldrel-windows-ix86+x86_64 1.7.2 5.00 134.00 139.00 OK

Check Details

Version: 1.7.2
Check: package dependencies
Result: ERROR
    Package required but not available: ‘rgeos’
    
    See the information on DESCRIPTION files in the chapter ‘Creating R
    packages’ of the ‘Writing R Extensions’ manual.
Flavor: r-release-osx-x86_64-mavericks