CRAN Package Check Results for Package indicspecies

Last updated on 2015-02-01 10:46:55.

Flavor Version Tinstall Tcheck Ttotal Status Flags
r-devel-linux-x86_64-debian-clang 1.7.4 1.34 81.44 82.78 NOTE
r-devel-linux-x86_64-debian-gcc 1.7.4 1.32 81.71 83.02 NOTE
r-devel-linux-x86_64-fedora-clang 1.7.4 183.51 NOTE
r-devel-linux-x86_64-fedora-gcc 1.7.4 162.81 NOTE
r-devel-osx-x86_64-clang 1.7.4 163.11 NOTE
r-devel-windows-ix86+x86_64 1.7.4 8.00 115.00 123.00 OK
r-patched-linux-x86_64 1.7.4 1.88 93.59 95.47 OK
r-patched-solaris-sparc 1.7.4 1134.30 OK
r-patched-solaris-x86 1.7.4 214.50 OK
r-release-linux-ix86 1.7.4 1.86 113.04 114.90 OK
r-release-linux-x86_64 1.7.4 1.72 92.36 94.08 OK
r-release-osx-x86_64-mavericks 1.7.4 ERROR
r-release-osx-x86_64-snowleopard 1.7.4 OK
r-release-windows-ix86+x86_64 1.7.4 6.00 149.00 155.00 OK
r-oldrel-windows-ix86+x86_64 1.7.4 5.00 131.00 136.00 OK

Check Details

Version: 1.7.4
Check: S3 generic/method consistency
Result: NOTE
    Found the following apparent S3 methods exported but not registered:
     print.indicators summary.multipatt plot.indicators predict.indicators
    See section ‘Registering S3 methods’ in the ‘Writing R Extensions’
    manual.
Flavors: r-devel-linux-x86_64-debian-clang, r-devel-linux-x86_64-debian-gcc, r-devel-linux-x86_64-fedora-clang, r-devel-linux-x86_64-fedora-gcc, r-devel-osx-x86_64-clang

Version: 1.7.4
Check: package dependencies
Result: ERROR
    Package required but not available: ‘rgeos’
    
    See the information on DESCRIPTION files in the chapter ‘Creating R
    packages’ of the ‘Writing R Extensions’ manual.
Flavor: r-release-osx-x86_64-mavericks