CRAN Package Check Results for Package hdrcde

Last updated on 2015-03-05 10:50:01.

Flavor Version Tinstall Tcheck Ttotal Status Flags
r-devel-linux-x86_64-debian-clang 3.1 1.06 20.57 21.63 NOTE
r-devel-linux-x86_64-debian-gcc 3.1 0.98 20.93 21.91 NOTE
r-devel-linux-x86_64-fedora-clang 3.1 42.94 NOTE
r-devel-linux-x86_64-fedora-gcc 3.1 41.88 NOTE
r-devel-osx-x86_64-clang 3.1 38.10 NOTE
r-devel-windows-ix86+x86_64 3.1 5.00 43.00 48.00 NOTE
r-patched-linux-x86_64 3.1 1.08 22.29 23.37 NOTE
r-patched-solaris-sparc 3.1 280.40 NOTE
r-patched-solaris-x86 3.1 59.40 NOTE
r-release-linux-ix86 3.1 1.55 33.70 35.25 NOTE
r-release-linux-x86_64 3.1 1.11 21.60 22.71 NOTE
r-release-osx-x86_64-mavericks 3.1 NOTE
r-release-windows-ix86+x86_64 3.1 6.00 46.00 52.00 NOTE
r-oldrel-windows-ix86+x86_64 3.1 7.00 46.00 53.00 NOTE

Check Details

Version: 3.1
Check: dependencies in R code
Result: NOTE
    Package in Depends field not imported from: ‘mvtnorm’
     These packages need to be imported from (in the NAMESPACE file)
     for when this namespace is loaded but not attached.
Flavors: r-devel-linux-x86_64-debian-clang, r-devel-linux-x86_64-debian-gcc, r-devel-linux-x86_64-fedora-clang, r-devel-linux-x86_64-fedora-gcc, r-devel-osx-x86_64-clang, r-devel-windows-ix86+x86_64, r-patched-linux-x86_64, r-patched-solaris-sparc, r-patched-solaris-x86

Version: 3.1
Check: dependencies in R code
Result: NOTE
    Package in Depends field not imported from: ‘mvtnorm’
     These packages need to be imported from (in the NAMESPACE file)
     for when this namespace is loaded but not attached.
    See the information on DESCRIPTION files in the chapter ‘Creating R
    packages’ of the ‘Writing R Extensions’ manual.
Flavors: r-release-linux-ix86, r-release-linux-x86_64, r-release-osx-x86_64-mavericks, r-release-windows-ix86+x86_64, r-oldrel-windows-ix86+x86_64