CRAN Package Check Results for Package hdrcde

Last updated on 2014-04-23 17:47:45.

Flavor Version Tinstall Tcheck Ttotal Status Flags
r-devel-linux-x86_64-debian-clang 3.1 1.24 21.86 23.10 NOTE
r-devel-linux-x86_64-debian-gcc 3.1 1.23 22.17 23.40 NOTE
r-devel-linux-x86_64-fedora-clang 3.1 47.03 NOTE
r-devel-linux-x86_64-fedora-gcc 3.1 44.82 NOTE
r-devel-osx-x86_64-clang 3.1 36.89 NOTE
r-devel-osx-x86_64-gcc 3.1 NOTE
r-devel-windows-ix86+x86_64 3.1 5.00 42.00 47.00 NOTE
r-patched-linux-x86_64 3.1 1.28 21.76 23.04 NOTE
r-patched-solaris-sparc 3.1 264.50 NOTE
r-patched-solaris-x86 3.1 57.90 NOTE
r-release-linux-ix86 3.1 2.00 47.00 49.00 NOTE
r-release-linux-x86_64 3.1 1.42 22.06 23.49 NOTE
r-release-osx-x86_64-mavericks 3.1 NOTE
r-release-windows-ix86+x86_64 3.1 6.00 46.00 52.00 NOTE
r-oldrel-windows-ix86+x86_64 3.1 6.00 44.00 50.00 NOTE

Check Details

Version: 3.1
Check: dependencies in R code
Result: NOTE
    Package in Depends field not imported from: ‘mvtnorm’
     These packages need to be imported from (in the NAMESPACE file)
     for when this namespace is loaded but not attached.
    See the information on DESCRIPTION files in the chapter ‘Creating R
    packages’ of the ‘Writing R Extensions’ manual.
Flavors: r-devel-linux-x86_64-debian-clang, r-devel-linux-x86_64-debian-gcc, r-devel-linux-x86_64-fedora-clang, r-devel-linux-x86_64-fedora-gcc, r-devel-osx-x86_64-clang, r-devel-osx-x86_64-gcc, r-devel-windows-ix86+x86_64, r-patched-linux-x86_64, r-patched-solaris-sparc, r-patched-solaris-x86, r-release-linux-ix86, r-release-linux-x86_64, r-release-osx-x86_64-mavericks, r-release-windows-ix86+x86_64, r-oldrel-windows-ix86+x86_64