CRAN Package Check Results for Package hdrcde

Last updated on 2014-11-24 05:47:33.

Flavor Version Tinstall Tcheck Ttotal Status Flags
r-devel-linux-x86_64-debian-clang 3.1 1.13 22.20 23.32 NOTE
r-devel-linux-x86_64-debian-gcc 3.1 1.13 21.69 22.82 NOTE
r-devel-linux-x86_64-fedora-clang 3.1 49.38 NOTE
r-devel-linux-x86_64-fedora-gcc 3.1 45.91 NOTE
r-devel-osx-x86_64-clang 3.1 41.83 NOTE
r-devel-windows-ix86+x86_64 3.1 6.00 44.00 50.00 NOTE
r-patched-linux-x86_64 3.1 1.16 21.80 22.96 NOTE
r-patched-solaris-sparc 3.1 271.20 NOTE
r-patched-solaris-x86 3.1 60.10 NOTE
r-release-linux-ix86 3.1 2.00 31.95 33.95 NOTE
r-release-linux-x86_64 3.1 1.13 21.78 22.91 NOTE
r-release-osx-x86_64-mavericks 3.1 NOTE
r-release-windows-ix86+x86_64 3.1 5.00 43.00 48.00 NOTE
r-oldrel-windows-ix86+x86_64 3.1 6.00 44.00 50.00 NOTE

Check Details

Version: 3.1
Check: dependencies in R code
Result: NOTE
    Package in Depends field not imported from: ‘mvtnorm’
     These packages need to be imported from (in the NAMESPACE file)
     for when this namespace is loaded but not attached.
    See the information on DESCRIPTION files in the chapter ‘Creating R
    packages’ of the ‘Writing R Extensions’ manual.
Flavors: r-devel-linux-x86_64-debian-clang, r-devel-linux-x86_64-debian-gcc, r-devel-linux-x86_64-fedora-clang, r-devel-linux-x86_64-fedora-gcc, r-devel-osx-x86_64-clang, r-devel-windows-ix86+x86_64, r-patched-linux-x86_64, r-patched-solaris-sparc, r-patched-solaris-x86, r-release-linux-ix86, r-release-linux-x86_64, r-release-osx-x86_64-mavericks, r-release-windows-ix86+x86_64, r-oldrel-windows-ix86+x86_64