CRAN Package Check Results for Package gridExtra

Last updated on 2015-01-26 08:48:55.

Flavor Version Tinstall Tcheck Ttotal Status Flags
r-devel-linux-x86_64-debian-clang 0.9.1 0.80 14.82 15.63 NOTE
r-devel-linux-x86_64-debian-gcc 0.9.1 0.91 15.32 16.24 NOTE
r-devel-linux-x86_64-fedora-clang 0.9.1 32.36 NOTE
r-devel-linux-x86_64-fedora-gcc 0.9.1 31.78 NOTE
r-devel-osx-x86_64-clang 0.9.1 33.51 NOTE
r-devel-windows-ix86+x86_64 0.9.1 3.00 36.00 39.00 NOTE
r-patched-linux-x86_64 0.9.1 0.90 16.89 17.79 NOTE
r-patched-solaris-sparc 0.9.1 208.70 NOTE
r-patched-solaris-x86 0.9.1 47.00 NOTE
r-release-linux-ix86 0.9.1 1.10 21.64 22.74 NOTE
r-release-linux-x86_64 0.9.1 0.85 16.64 17.50 NOTE
r-release-osx-x86_64-mavericks 0.9.1 NOTE
r-release-windows-ix86+x86_64 0.9.1 3.00 25.00 28.00 NOTE
r-oldrel-windows-ix86+x86_64 0.9.1 5.00 31.00 36.00 NOTE

Check Details

Version: 0.9.1
Check: dependencies in R code
Result: NOTE
    'library' or 'require' call to ‘RGraphics’ in package code.
     Please use :: or requireNamespace() instead.
     See section 'Suggested packages' in the 'Writing R Extensions' manual.
    Unexported object imported by a ':::' call: ‘lattice:::plot.trellis’
     See the note in ?`:::` about the use of this operator.
Flavors: r-devel-linux-x86_64-debian-clang, r-devel-linux-x86_64-debian-gcc, r-devel-linux-x86_64-fedora-clang, r-devel-linux-x86_64-fedora-gcc, r-devel-osx-x86_64-clang, r-devel-windows-ix86+x86_64

Version: 0.9.1
Check: R code for possible problems
Result: NOTE
    arrangeGrob: no visible global function definition for ‘ggplotGrob’
    ebimageGrob: no visible global function definition for ‘imageGrob’
    pixmapGrob: no visible global function definition for ‘imageGrob’
    read.tiff: no visible global function definition for ‘pixmapRGB’
Flavors: r-devel-linux-x86_64-debian-clang, r-devel-linux-x86_64-debian-gcc, r-devel-linux-x86_64-fedora-clang, r-devel-linux-x86_64-fedora-gcc, r-devel-osx-x86_64-clang, r-devel-windows-ix86+x86_64, r-patched-linux-x86_64, r-patched-solaris-sparc, r-patched-solaris-x86, r-release-linux-ix86, r-release-linux-x86_64, r-release-osx-x86_64-mavericks, r-release-windows-ix86+x86_64

Version: 0.9.1
Check: Rd line widths
Result: NOTE
    Rd file 'tableGrob.Rd':
     \examples lines wider than 100 characters:
     lg <- lapply(c("theme.blank", "theme.default", "theme.white", "theme.vertical", "theme.list", "theme.black"),
    
    These lines will be truncated in the PDF manual.
Flavors: r-devel-linux-x86_64-debian-clang, r-devel-linux-x86_64-debian-gcc, r-devel-linux-x86_64-fedora-clang, r-devel-linux-x86_64-fedora-gcc, r-patched-linux-x86_64, r-release-linux-x86_64

Version: 0.9.1
Check: S3 generic/method consistency
Result: NOTE
    Found the following apparent S3 methods exported but not registered:
     print.arrange print.arrangelist drawDetails.lattice
     drawDetails.pattern drawDetails.rpattern drawDetails.table
     drawDetails.virtual grobHeight.virtual grobWidth.virtual
     heightDetails.pattern heightDetails.rpattern heightDetails.table
     heightDetails.virtual widthDetails.pattern widthDetails.rpattern
     widthDetails.table widthDetails.virtual
    See section ‘Registering S3 methods’ in the ‘Writing R Extensions’
    manual.
Flavors: r-devel-linux-x86_64-fedora-clang, r-devel-linux-x86_64-fedora-gcc, r-devel-osx-x86_64-clang

Version: 0.9.1
Check: dependencies in R code
Result: NOTE
    Unexported object imported by a ':::' call: ‘lattice:::plot.trellis’
     See the note in ?`:::` about the use of this operator.
    See the information on DESCRIPTION files in the chapter ‘Creating R
    packages’ of the ‘Writing R Extensions’ manual.
Flavors: r-patched-linux-x86_64, r-patched-solaris-sparc, r-patched-solaris-x86, r-release-linux-ix86, r-release-linux-x86_64, r-release-osx-x86_64-mavericks, r-release-windows-ix86+x86_64, r-oldrel-windows-ix86+x86_64

Version: 0.9.1
Check: package dependencies
Result: NOTE
    Package suggested but not available for checking: ‘EBImage’
Flavors: r-patched-solaris-sparc, r-patched-solaris-x86, r-release-osx-x86_64-mavericks