CRAN Package Check Results for Package gridExtra

Last updated on 2015-03-30 00:48:20.

Flavor Version Tinstall Tcheck Ttotal Status Flags
r-devel-linux-x86_64-debian-clang 0.9.1 1.32 14.48 15.81 NOTE
r-devel-linux-x86_64-debian-gcc 0.9.1 0.76 15.32 16.07 NOTE
r-devel-linux-x86_64-fedora-clang 0.9.1 29.84 NOTE
r-devel-linux-x86_64-fedora-gcc 0.9.1 29.84 NOTE
r-devel-osx-x86_64-clang 0.9.1 35.15 NOTE
r-prerel-windows-ix86+x86_64 0.9.1 4.00 23.00 27.00 NOTE
r-prerel-linux-x86_64 0.9.1 1.06 14.53 15.59 NOTE
r-prerel-solaris-sparc 0.9.1 178.90 NOTE
r-prerel-solaris-x86 0.9.1 40.40 NOTE
r-release-linux-x86_64 0.9.1 0.95 15.82 16.77 NOTE
r-release-osx-x86_64-mavericks 0.9.1 NOTE
r-release-windows-ix86+x86_64 0.9.1 4.00 25.00 29.00 NOTE
r-oldrel-windows-ix86+x86_64 0.9.1 5.00 27.00 32.00 NOTE

Check Details

Version: 0.9.1
Check: DESCRIPTION meta-information
Result: NOTE
    Malformed Description field: should contain one or more complete sentences.
Flavors: r-devel-linux-x86_64-debian-clang, r-devel-linux-x86_64-debian-gcc, r-devel-linux-x86_64-fedora-clang, r-devel-linux-x86_64-fedora-gcc, r-devel-osx-x86_64-clang, r-prerel-windows-ix86+x86_64, r-prerel-linux-x86_64, r-prerel-solaris-sparc, r-prerel-solaris-x86

Version: 0.9.1
Check: dependencies in R code
Result: NOTE
    'library' or 'require' call to ‘RGraphics’ in package code.
     Please use :: or requireNamespace() instead.
     See section 'Suggested packages' in the 'Writing R Extensions' manual.
    Unexported object imported by a ':::' call: ‘lattice:::plot.trellis’
     See the note in ?`:::` about the use of this operator.
Flavors: r-devel-linux-x86_64-debian-clang, r-devel-linux-x86_64-debian-gcc, r-devel-linux-x86_64-fedora-clang, r-devel-linux-x86_64-fedora-gcc, r-devel-osx-x86_64-clang, r-prerel-windows-ix86+x86_64, r-prerel-linux-x86_64, r-prerel-solaris-sparc, r-prerel-solaris-x86, r-release-linux-x86_64, r-release-windows-ix86+x86_64

Version: 0.9.1
Check: S3 generic/method consistency
Result: NOTE
    Found the following apparent S3 methods exported but not registered:
     drawDetails.lattice drawDetails.pattern drawDetails.rpattern
     drawDetails.table drawDetails.virtual grobHeight.virtual
     grobWidth.virtual heightDetails.pattern heightDetails.rpattern
     heightDetails.table heightDetails.virtual print.arrange
     print.arrangelist widthDetails.pattern widthDetails.rpattern
     widthDetails.table widthDetails.virtual
    See section ‘Registering S3 methods’ in the ‘Writing R Extensions’
    manual.
Flavors: r-devel-linux-x86_64-debian-clang, r-devel-linux-x86_64-debian-gcc, r-devel-linux-x86_64-fedora-clang, r-devel-linux-x86_64-fedora-gcc, r-devel-osx-x86_64-clang, r-prerel-linux-x86_64

Version: 0.9.1
Check: R code for possible problems
Result: NOTE
    arrangeGrob: no visible global function definition for ‘ggplotGrob’
    ebimageGrob: no visible global function definition for ‘imageGrob’
    pixmapGrob: no visible global function definition for ‘imageGrob’
    read.tiff: no visible global function definition for ‘pixmapRGB’
Flavors: r-devel-linux-x86_64-debian-clang, r-devel-linux-x86_64-debian-gcc, r-devel-linux-x86_64-fedora-clang, r-devel-linux-x86_64-fedora-gcc, r-devel-osx-x86_64-clang, r-prerel-windows-ix86+x86_64, r-prerel-linux-x86_64, r-prerel-solaris-sparc, r-prerel-solaris-x86, r-release-linux-x86_64, r-release-osx-x86_64-mavericks, r-release-windows-ix86+x86_64

Version: 0.9.1
Check: Rd line widths
Result: NOTE
    Rd file 'tableGrob.Rd':
     \examples lines wider than 100 characters:
     lg <- lapply(c("theme.blank", "theme.default", "theme.white", "theme.vertical", "theme.list", "theme.black"),
    
    These lines will be truncated in the PDF manual.
Flavors: r-devel-linux-x86_64-debian-clang, r-devel-linux-x86_64-debian-gcc, r-devel-linux-x86_64-fedora-clang, r-devel-linux-x86_64-fedora-gcc, r-prerel-linux-x86_64, r-release-linux-x86_64

Version: 0.9.1
Check: package dependencies
Result: NOTE
    Package suggested but not available for checking: ‘EBImage’
Flavors: r-prerel-solaris-sparc, r-prerel-solaris-x86, r-release-osx-x86_64-mavericks

Version: 0.9.1
Check: dependencies in R code
Result: NOTE
    Unexported object imported by a ':::' call: ‘lattice:::plot.trellis’
     See the note in ?`:::` about the use of this operator.
    See the information on DESCRIPTION files in the chapter ‘Creating R
    packages’ of the ‘Writing R Extensions’ manual.
Flavors: r-release-osx-x86_64-mavericks, r-oldrel-windows-ix86+x86_64