CRAN Package Check Results for Package gridExtra

Last updated on 2014-07-29 15:51:29.

Flavor Version Tinstall Tcheck Ttotal Status Flags
r-devel-linux-x86_64-debian-clang 0.9.1 0.79 17.38 18.17 NOTE
r-devel-linux-x86_64-debian-gcc 0.9.1 0.93 16.58 17.52 NOTE
r-devel-linux-x86_64-fedora-clang 0.9.1 37.28 NOTE
r-devel-linux-x86_64-fedora-gcc 0.9.1 34.13 NOTE
r-devel-osx-x86_64-clang 0.9.1 34.44 NOTE
r-devel-windows-ix86+x86_64 0.9.1 3.00 28.00 31.00 NOTE
r-patched-linux-x86_64 0.9.1 0.82 16.54 17.36 NOTE
r-patched-solaris-sparc 0.9.1 193.10 NOTE
r-patched-solaris-x86 0.9.1 45.60 NOTE
r-release-linux-ix86 0.9.1 1.11 23.40 24.51 NOTE
r-release-linux-x86_64 0.9.1 0.84 16.70 17.54 NOTE
r-release-osx-x86_64-mavericks 0.9.1 NOTE
r-release-windows-ix86+x86_64 0.9.1 3.00 27.00 30.00 NOTE
r-oldrel-windows-ix86+x86_64 0.9.1 3.00 29.00 32.00 NOTE

Check Details

Version: 0.9.1
Check: dependencies in R code
Result: NOTE
    Unexported object imported by a ':::' call: lattice:::plot.trellis
     See the note in ?`:::` about the use of this operator.
    See the information on DESCRIPTION files in the chapter Creating R
    packages of the Writing R Extensions manual.
Flavors: r-devel-linux-x86_64-debian-clang, r-devel-linux-x86_64-debian-gcc, r-devel-linux-x86_64-fedora-clang, r-devel-linux-x86_64-fedora-gcc, r-devel-osx-x86_64-clang, r-devel-windows-ix86+x86_64, r-patched-linux-x86_64, r-patched-solaris-sparc, r-patched-solaris-x86, r-release-linux-ix86, r-release-linux-x86_64, r-release-osx-x86_64-mavericks, r-release-windows-ix86+x86_64, r-oldrel-windows-ix86+x86_64

Version: 0.9.1
Check: Rd line widths
Result: NOTE
    Rd file 'tableGrob.Rd':
     \examples lines wider than 100 characters:
     lg <- lapply(c("theme.blank", "theme.default", "theme.white", "theme.vertical", "theme.list", "theme.black"),
    
    These lines will be truncated in the PDF manual.
Flavors: r-devel-linux-x86_64-fedora-clang, r-devel-linux-x86_64-fedora-gcc

Version: 0.9.1
Check: package dependencies
Result: NOTE
    Package suggested but not available for checking: EBImage
Flavors: r-patched-solaris-sparc, r-patched-solaris-x86, r-release-osx-x86_64-mavericks