CRAN Package Check Results for Package gridExtra

Last updated on 2015-07-04 11:49:45.

Flavor Version Tinstall Tcheck Ttotal Status Flags
r-devel-linux-x86_64-debian-clang 0.9.1 0.90 14.38 15.28 NOTE
r-devel-linux-x86_64-debian-gcc 0.9.1 0.76 13.98 14.74 NOTE
r-devel-linux-x86_64-fedora-clang 0.9.1 27.83 NOTE
r-devel-linux-x86_64-fedora-gcc 0.9.1 26.78 NOTE
r-devel-osx-x86_64-clang 0.9.1 28.22 NOTE
r-devel-windows-ix86+x86_64 0.9.1 7.00 23.00 30.00 NOTE
r-patched-linux-x86_64 0.9.1 0.78 14.42 15.20 NOTE
r-patched-solaris-sparc 0.9.1 185.80 NOTE
r-patched-solaris-x86 0.9.1 40.50 NOTE
r-release-linux-x86_64 0.9.1 1.33 14.48 15.81 NOTE
r-release-osx-x86_64-mavericks 0.9.1 NOTE
r-release-windows-ix86+x86_64 0.9.1 5.00 26.00 31.00 NOTE
r-oldrel-windows-ix86+x86_64 0.9.1 5.00 27.00 32.00 NOTE

Check Details

Version: 0.9.1
Check: DESCRIPTION meta-information
Result: NOTE
    Malformed Description field: should contain one or more complete sentences.
Flavors: r-devel-linux-x86_64-debian-clang, r-devel-linux-x86_64-debian-gcc, r-devel-linux-x86_64-fedora-clang, r-devel-linux-x86_64-fedora-gcc, r-devel-osx-x86_64-clang, r-devel-windows-ix86+x86_64, r-patched-linux-x86_64, r-patched-solaris-sparc, r-patched-solaris-x86, r-release-linux-x86_64, r-release-osx-x86_64-mavericks, r-release-windows-ix86+x86_64

Version: 0.9.1
Check: dependencies in R code
Result: NOTE
    'library' or 'require' call to ‘RGraphics’ in package code.
     Please use :: or requireNamespace() instead.
     See section 'Suggested packages' in the 'Writing R Extensions' manual.
    Unexported object imported by a ':::' call: ‘lattice:::plot.trellis’
     See the note in ?`:::` about the use of this operator.
Flavors: r-devel-linux-x86_64-debian-clang, r-devel-linux-x86_64-debian-gcc, r-devel-linux-x86_64-fedora-clang, r-devel-linux-x86_64-fedora-gcc, r-devel-osx-x86_64-clang, r-devel-windows-ix86+x86_64, r-patched-linux-x86_64, r-patched-solaris-sparc, r-patched-solaris-x86, r-release-linux-x86_64, r-release-osx-x86_64-mavericks, r-release-windows-ix86+x86_64, r-oldrel-windows-ix86+x86_64

Version: 0.9.1
Check: S3 generic/method consistency
Result: NOTE
    Found the following apparent S3 methods exported but not registered:
     drawDetails.lattice drawDetails.pattern drawDetails.rpattern
     drawDetails.table drawDetails.virtual grobHeight.virtual
     grobWidth.virtual heightDetails.pattern heightDetails.rpattern
     heightDetails.table heightDetails.virtual print.arrange
     print.arrangelist widthDetails.pattern widthDetails.rpattern
     widthDetails.table widthDetails.virtual
    See section ‘Registering S3 methods’ in the ‘Writing R Extensions’
    manual.
Flavors: r-devel-linux-x86_64-debian-clang, r-devel-linux-x86_64-debian-gcc, r-devel-linux-x86_64-fedora-clang, r-devel-linux-x86_64-fedora-gcc, r-devel-osx-x86_64-clang, r-patched-linux-x86_64, r-patched-solaris-sparc, r-patched-solaris-x86, r-release-linux-x86_64

Version: 0.9.1
Check: R code for possible problems
Result: NOTE
    arrangeGrob: no visible global function definition for ‘n2mfrow’
    arrangeGrob: no visible global function definition for ‘ggplotGrob’
    as.raster.pixmapRGB: no visible global function definition for ‘rgb’
    colorstripGrob: no visible global function definition for ‘rgb’
    colorstripGrob: no visible global function definition for ‘col2rgb’
    ebimageGrob: no visible global function definition for ‘imageGrob’
    marrangeGrob: no visible global function definition for ‘n2mfrow’
    pixmapGrob: no visible global function definition for ‘as.raster’
    pixmapGrob: no visible global function definition for ‘as’
    pixmapGrob: no visible global function definition for ‘imageGrob’
    print.arrangelist : <anonymous>: no visible global function definition
     for ‘dev.interactive’
    print.arrangelist : <anonymous>: no visible global function definition
     for ‘dev.new’
    read.tiff: no visible global function definition for ‘pixmapRGB’
    theme.black: no visible global function definition for ‘modifyList’
    theme.blank: no visible global function definition for ‘modifyList’
    theme.default: no visible global function definition for ‘modifyList’
    theme.grey: no visible global function definition for ‘modifyList’
    theme.list: no visible global function definition for ‘modifyList’
    theme.vertical: no visible global function definition for ‘modifyList’
    theme.white: no visible global function definition for ‘modifyList’
    Undefined global functions or variables:
     as as.raster col2rgb dev.interactive dev.new ggplotGrob imageGrob
     modifyList n2mfrow pixmapRGB rgb
Flavors: r-devel-linux-x86_64-debian-clang, r-devel-linux-x86_64-debian-gcc, r-devel-linux-x86_64-fedora-clang, r-devel-linux-x86_64-fedora-gcc, r-devel-windows-ix86+x86_64

Version: 0.9.1
Check: Rd line widths
Result: NOTE
    Rd file 'tableGrob.Rd':
     \examples lines wider than 100 characters:
     lg <- lapply(c("theme.blank", "theme.default", "theme.white", "theme.vertical", "theme.list", "theme.black"),
    
    These lines will be truncated in the PDF manual.
Flavors: r-devel-linux-x86_64-debian-clang, r-devel-linux-x86_64-debian-gcc, r-devel-linux-x86_64-fedora-clang, r-devel-linux-x86_64-fedora-gcc, r-patched-linux-x86_64, r-release-linux-x86_64

Version: 0.9.1
Check: R code for possible problems
Result: NOTE
    arrangeGrob: no visible global function definition for ‘ggplotGrob’
    ebimageGrob: no visible global function definition for ‘imageGrob’
    pixmapGrob: no visible global function definition for ‘imageGrob’
    read.tiff: no visible global function definition for ‘pixmapRGB’
    Undefined global functions or variables:
     ggplotGrob imageGrob pixmapRGB
Flavor: r-devel-osx-x86_64-clang

Version: 0.9.1
Check: R code for possible problems
Result: NOTE
    arrangeGrob: no visible global function definition for ‘ggplotGrob’
    ebimageGrob: no visible global function definition for ‘imageGrob’
    pixmapGrob: no visible global function definition for ‘imageGrob’
    read.tiff: no visible global function definition for ‘pixmapRGB’
Flavors: r-patched-linux-x86_64, r-patched-solaris-sparc, r-patched-solaris-x86, r-release-linux-x86_64, r-release-osx-x86_64-mavericks, r-release-windows-ix86+x86_64, r-oldrel-windows-ix86+x86_64

Version: 0.9.1
Check: package dependencies
Result: NOTE
    Package suggested but not available for checking: ‘EBImage’
Flavors: r-patched-solaris-sparc, r-patched-solaris-x86, r-release-osx-x86_64-mavericks