CRAN Package Check Results for Package gridExtra

Last updated on 2014-04-20 09:48:16.

Flavor Version Tinstall Tcheck Ttotal Status Flags
r-devel-linux-x86_64-debian-clang 0.9.1 0.88 17.87 18.76 NOTE
r-devel-linux-x86_64-debian-gcc 0.9.1 0.85 17.99 18.84 NOTE
r-devel-linux-x86_64-fedora-clang 0.9.1 36.43 NOTE
r-devel-linux-x86_64-fedora-gcc 0.9.1 34.88 NOTE
r-devel-macosx-x86_64-clang 0.9.1 32.75 NOTE
r-devel-macosx-x86_64-gcc 0.9.1 ERROR
r-devel-windows-ix86+x86_64 0.9.1 3.00 27.00 30.00 NOTE
r-patched-linux-x86_64 0.9.1 0.82 17.69 18.50 NOTE
r-patched-solaris-sparc 0.9.1 193.10 NOTE
r-patched-solaris-x86 0.9.1 47.50 NOTE
r-release-linux-ix86 NOTE
r-release-linux-x86_64 0.9.1 0.83 17.94 18.77 NOTE
r-release-windows-ix86+x86_64 0.9.1 5.00 30.00 35.00 NOTE
r-oldrel-windows-ix86+x86_64 0.9.1 3.00 29.00 32.00 NOTE

Check Details

Version: 0.9.1
Check: dependencies in R code
Result: NOTE
    Unexported object imported by a ':::' call: ‘lattice:::plot.trellis’
     See the note in ?`:::` about the use of this operator.
    See the information on DESCRIPTION files in the chapter ‘Creating R
    packages’ of the ‘Writing R Extensions’ manual.
Flavors: r-devel-linux-x86_64-debian-clang, r-devel-linux-x86_64-debian-gcc, r-devel-linux-x86_64-fedora-clang, r-devel-linux-x86_64-fedora-gcc, r-devel-macosx-x86_64-clang, r-devel-macosx-x86_64-gcc, r-devel-windows-ix86+x86_64, r-patched-linux-x86_64, r-patched-solaris-sparc, r-patched-solaris-x86, r-release-linux-ix86, r-release-linux-x86_64, r-release-windows-ix86+x86_64, r-oldrel-windows-ix86+x86_64

Version: 0.9.1
Check: Rd line widths
Result: NOTE
    Rd file 'tableGrob.Rd':
     \examples lines wider than 100 characters:
     lg <- lapply(c("theme.blank", "theme.default", "theme.white", "theme.vertical", "theme.list", "theme.black"),
    
    These lines will be truncated in the PDF manual.
Flavors: r-devel-linux-x86_64-fedora-clang, r-devel-linux-x86_64-fedora-gcc

Version: 0.9.1
Check: package dependencies
Result: NOTE
    Packages suggested but not available for checking:
     ‘RGraphics’ ‘EBImage’ ‘ggplot2’
Flavor: r-devel-macosx-x86_64-gcc

Version: 0.9.1
Check: R code for possible problems
Result: NOTE
    arrangeGrob: no visible global function definition for ‘ggplotGrob’
    ebimageGrob: no visible global function definition for ‘imageGrob’
    pixmapGrob: no visible global function definition for ‘imageGrob’
Flavor: r-devel-macosx-x86_64-gcc

Version: 0.9.1
Check: examples
Result: ERROR
    Running examples in ‘gridExtra-Ex.R’ failed
    The error most likely occurred in:
    
    > ### Name: pixmapGrob
    > ### Title: create a grob from pixmap object
    > ### Aliases: pixmapGrob
    >
    > ### ** Examples
    >
    > library(pixmap)
    > library(RGraphics)
    Error in library(RGraphics) : there is no package called ‘RGraphics’
    Execution halted
Flavor: r-devel-macosx-x86_64-gcc

Version: 0.9.1
Check: package dependencies
Result: NOTE
    Package suggested but not available for checking: ‘EBImage’
Flavors: r-patched-solaris-sparc, r-patched-solaris-x86