CRAN Package Check Results for Package geometry

Last updated on 2014-04-25 05:47:16.

Flavor Version Tinstall Tcheck Ttotal Status Flags
r-devel-linux-x86_64-debian-clang 0.3-4 6.46 21.46 27.92 OK
r-devel-linux-x86_64-debian-gcc 0.3-4 9.19 21.62 30.81 OK
r-devel-linux-x86_64-fedora-clang 0.3-4 56.54 OK
r-devel-linux-x86_64-fedora-gcc 0.3-4 58.24 OK
r-devel-osx-x86_64-clang 0.3-4 45.38 OK
r-devel-osx-x86_64-gcc 0.3-4 OK
r-devel-windows-ix86+x86_64 0.3-4 39.00 52.00 91.00 OK
r-patched-linux-x86_64 0.3-4 9.29 21.33 30.62 OK
r-patched-solaris-sparc 0.3-4 311.50 ERROR
r-patched-solaris-x86 0.3-4 76.90 ERROR
r-release-linux-ix86 0.3-4 15.00 42.00 57.00 OK
r-release-linux-x86_64 0.3-4 9.46 21.53 30.99 OK
r-release-osx-x86_64-mavericks 0.3-4 WARN
r-release-osx-x86_64-snowleopard 0.3-4 OK
r-release-windows-ix86+x86_64 0.3-4 42.00 51.00 93.00 OK
r-oldrel-windows-ix86+x86_64 0.3-4 42.00 51.00 93.00 OK

Check Details

Version: 0.3-4
Check: tests
Result: ERROR
    Running the tests in ‘tests/parallel.R’ failed.
    Last 13 lines of output:
     > T <- delaunayn(P)
     > print(nrow(T))
     [1] 199966
     >
     > ## Now try out the parallel version.
     > Ts <- mclapply(list(P, P, P, P), delaunayn, mc.cores=mc.cores)
     > print(length(Ts))
     [1] 4
     > print(nrow(Ts[[1]]))
     [1] 199966
     > , P, P), delaunayn, mc.cores=mc.cores)
     Error: unexpected ',' in ","
     Execution halted
Flavors: r-patched-solaris-sparc, r-patched-solaris-x86

Version: 0.3-4
Check: PDF version of manual
Result: WARNING
    LaTeX errors when creating PDF version.
    This typically indicates Rd problems.
    LaTeX errors found:
    ! LaTeX Error: File `upquote.sty' not found.
    
    Type X to quit or <RETURN> to proceed,
    or enter new name. (Default extension: sty)
    
    e031963/Rd2.tex:8: ==> Fatal error occurred, no output PDF file produced!
Flavor: r-release-osx-x86_64-mavericks