CRAN Package Check Results for Package geometry

Last updated on 2015-03-01 19:48:04.

Flavor Version Tinstall Tcheck Ttotal Status Flags
r-devel-linux-x86_64-debian-clang 0.3-5 6.83 17.45 24.28 NOTE
r-devel-linux-x86_64-debian-gcc 0.3-5 9.41 18.16 27.56 NOTE
r-devel-linux-x86_64-fedora-clang 0.3-5 46.29 NOTE
r-devel-linux-x86_64-fedora-gcc 0.3-5 47.82 NOTE
r-devel-osx-x86_64-clang 0.3-5 44.20 NOTE
r-devel-windows-ix86+x86_64 0.3-5 41.00 55.00 96.00 NOTE
r-patched-linux-x86_64 0.3-5 9.27 19.44 28.71 NOTE
r-patched-solaris-sparc 0.3-5 374.70 NOTE
r-patched-solaris-x86 0.3-5 82.20 NOTE
r-release-linux-ix86 0.3-5 12.62 28.77 41.39 OK
r-release-linux-x86_64 0.3-5 9.56 19.46 29.02 OK
r-release-osx-x86_64-mavericks 0.3-5 OK
r-release-osx-x86_64-snowleopard 0.3-5 OK
r-release-windows-ix86+x86_64 0.3-5 45.00 57.00 102.00 OK
r-oldrel-windows-ix86+x86_64 0.3-5 42.00 57.00 99.00 OK

Check Details

Version: 0.3-5
Check: dependencies in R code
Result: NOTE
    'library' or 'require' call to ‘rgl’ in package code.
     Please use :: or requireNamespace() instead.
     See section 'Suggested packages' in the 'Writing R Extensions' manual.
Flavors: r-devel-linux-x86_64-debian-clang, r-devel-linux-x86_64-debian-gcc, r-devel-linux-x86_64-fedora-clang, r-devel-linux-x86_64-fedora-gcc, r-devel-osx-x86_64-clang, r-devel-windows-ix86+x86_64, r-patched-linux-x86_64, r-patched-solaris-sparc, r-patched-solaris-x86