CRAN Package Check Results for Package geometry

Last updated on 2015-04-21 06:47:26.

Flavor Version Tinstall Tcheck Ttotal Status Flags
r-devel-linux-x86_64-debian-clang 0.3-5 7.54 17.49 25.04 NOTE
r-devel-linux-x86_64-debian-gcc 0.3-5 9.32 18.14 27.46 NOTE
r-devel-linux-x86_64-fedora-clang 0.3-5 49.65 NOTE
r-devel-linux-x86_64-fedora-gcc 0.3-5 48.89 NOTE
r-devel-osx-x86_64-clang 0.3-5 44.77 NOTE
r-devel-windows-ix86+x86_64 0.3-5 58.00 55.00 113.00 NOTE
r-patched-linux-x86_64 0.3-5 9.21 17.34 26.55 NOTE
r-patched-solaris-sparc 0.3-5 328.90 NOTE
r-patched-solaris-x86 0.3-5 76.00 NOTE
r-release-linux-x86_64 0.3-5 9.29 18.37 27.66 NOTE
r-release-osx-x86_64-mavericks 0.3-5 NOTE
r-release-osx-x86_64-snowleopard 0.3-5 NOTE
r-release-windows-ix86+x86_64 0.3-5 36.00 50.00 86.00 NOTE
r-oldrel-windows-ix86+x86_64 0.3-5 36.00 50.00 86.00 NOTE

Check Details

Version: 0.3-5
Check: dependencies in R code
Result: NOTE
    'library' or 'require' call to ‘rgl’ in package code.
     Please use :: or requireNamespace() instead.
     See section 'Suggested packages' in the 'Writing R Extensions' manual.
Flavors: r-devel-linux-x86_64-debian-clang, r-devel-linux-x86_64-debian-gcc, r-devel-linux-x86_64-fedora-clang, r-devel-linux-x86_64-fedora-gcc, r-devel-osx-x86_64-clang, r-devel-windows-ix86+x86_64, r-patched-linux-x86_64, r-patched-solaris-sparc, r-patched-solaris-x86, r-release-linux-x86_64, r-release-osx-x86_64-mavericks, r-release-osx-x86_64-snowleopard, r-release-windows-ix86+x86_64, r-oldrel-windows-ix86+x86_64