CRAN Package Check Results for Package geometry

Last updated on 2014-11-01 08:48:16.

Flavor Version Tinstall Tcheck Ttotal Status Flags
r-devel-linux-x86_64-debian-clang 0.3-4 6.90 19.52 26.42 NOTE
r-devel-linux-x86_64-debian-gcc 0.3-4 9.29 19.29 28.58 NOTE
r-devel-linux-x86_64-fedora-clang 0.3-4 53.54 NOTE
r-devel-linux-x86_64-fedora-gcc 0.3-4 53.77 NOTE
r-devel-osx-x86_64-clang 0.3-4 49.11 NOTE
r-devel-windows-ix86+x86_64 0.3-4 36.00 50.00 86.00 NOTE
r-patched-linux-x86_64 0.3-4 9.38 20.18 29.56 NOTE
r-patched-solaris-sparc 0.3-4 338.50 NOTE
r-patched-solaris-x86 0.3-4 82.90 NOTE
r-release-linux-ix86 0.3-4 12.46 30.14 42.60 OK
r-release-linux-x86_64 0.3-4 9.59 20.38 29.97 OK
r-release-osx-x86_64-mavericks 0.3-4 OK
r-release-osx-x86_64-snowleopard 0.3-4 OK
r-release-windows-ix86+x86_64 0.3-4 39.00 51.00 90.00 OK
r-oldrel-windows-ix86+x86_64 0.3-4 41.00 56.00 97.00 OK

Check Details

Version: 0.3-4
Check: R code for possible problems
Result: NOTE
    tetramesh: no visible global function definition for ‘rgl.clear’
    tetramesh: no visible global function definition for ‘rgl.triangles’
Flavors: r-devel-linux-x86_64-debian-clang, r-devel-linux-x86_64-debian-gcc, r-devel-linux-x86_64-fedora-clang, r-devel-linux-x86_64-fedora-gcc, r-devel-osx-x86_64-clang, r-devel-windows-ix86+x86_64, r-patched-linux-x86_64, r-patched-solaris-sparc, r-patched-solaris-x86