CRAN Package Check Results for Package geometry

Last updated on 2015-01-31 16:46:53.

Flavor Version Tinstall Tcheck Ttotal Status Flags
r-devel-linux-x86_64-debian-clang 0.3-5 6.91 17.00 23.91 NOTE
r-devel-linux-x86_64-debian-gcc 0.3-5 9.43 16.98 26.42 NOTE
r-devel-linux-x86_64-fedora-clang 0.3-5 51.01 NOTE
r-devel-linux-x86_64-fedora-gcc 0.3-5 49.96 NOTE
r-devel-osx-x86_64-clang 0.3-5 47.46 NOTE
r-devel-windows-ix86+x86_64 0.3-5 62.00 50.00 112.00 NOTE
r-patched-linux-x86_64 0.3-5 9.42 19.74 29.16 OK
r-patched-solaris-sparc 0.3-5 340.90 OK
r-patched-solaris-x86 0.3-5 81.00 OK
r-release-linux-ix86 0.3-5 11.77 28.12 39.89 OK
r-release-linux-x86_64 0.3-5 9.35 19.29 28.64 OK
r-release-osx-x86_64-mavericks 0.3-5 OK
r-release-osx-x86_64-snowleopard 0.3-5 OK
r-release-windows-ix86+x86_64 0.3-5 45.00 56.00 101.00 OK
r-oldrel-windows-ix86+x86_64 0.3-5 45.00 87.00 132.00 OK

Check Details

Version: 0.3-5
Check: dependencies in R code
Result: NOTE
    'library' or 'require' call to ‘rgl’ in package code.
     Please use :: or requireNamespace() instead.
     See section 'Suggested packages' in the 'Writing R Extensions' manual.
Flavors: r-devel-linux-x86_64-debian-clang, r-devel-linux-x86_64-debian-gcc, r-devel-linux-x86_64-fedora-clang, r-devel-linux-x86_64-fedora-gcc, r-devel-osx-x86_64-clang, r-devel-windows-ix86+x86_64