CRAN Package Check Results for Package geometry

Last updated on 2014-08-27 11:50:51.

Flavor Version Tinstall Tcheck Ttotal Status Flags
r-devel-linux-x86_64-debian-clang 0.3-4 6.36 18.50 24.86 NOTE
r-devel-linux-x86_64-debian-gcc 0.3-4 9.26 18.28 27.55 NOTE
r-devel-linux-x86_64-fedora-clang 0.3-4 48.25 NOTE
r-devel-linux-x86_64-fedora-gcc 0.3-4 50.65 NOTE
r-devel-osx-x86_64-clang 0.3-4 46.24 NOTE
r-devel-windows-ix86+x86_64 0.3-4 40.00 53.00 93.00 NOTE
r-patched-linux-x86_64 0.3-4 9.32 19.34 28.66 OK
r-patched-solaris-sparc 0.3-4 317.40 OK
r-patched-solaris-x86 0.3-4 72.10 OK
r-release-linux-ix86 0.3-4 12.37 29.61 41.98 OK
r-release-linux-x86_64 0.3-4 9.32 19.44 28.76 OK
r-release-osx-x86_64-mavericks 0.3-4 OK
r-release-osx-x86_64-snowleopard 0.3-4 OK
r-release-windows-ix86+x86_64 0.3-4 42.00 56.00 98.00 OK
r-oldrel-windows-ix86+x86_64 0.3-4 46.00 54.00 100.00 OK

Check Details

Version: 0.3-4
Check: R code for possible problems
Result: NOTE
    tetramesh: no visible global function definition for ‘rgl.clear’
    tetramesh: no visible global function definition for ‘rgl.triangles’
Flavors: r-devel-linux-x86_64-debian-clang, r-devel-linux-x86_64-debian-gcc, r-devel-linux-x86_64-fedora-clang, r-devel-linux-x86_64-fedora-gcc, r-devel-osx-x86_64-clang, r-devel-windows-ix86+x86_64