CRAN Package Check Results for Package gaussquad

Last updated on 2014-07-26 19:50:21.

Flavor Version Tinstall Tcheck Ttotal Status Flags
r-devel-linux-x86_64-debian-clang 1.0-2 1.04 20.49 21.52 NOTE
r-devel-linux-x86_64-debian-gcc 1.0-2 1.02 20.36 21.38 NOTE
r-devel-linux-x86_64-fedora-clang 1.0-2 45.54 NOTE
r-devel-linux-x86_64-fedora-gcc 1.0-2 43.21 NOTE
r-devel-osx-x86_64-clang 1.0-2 41.40 NOTE
r-devel-windows-ix86+x86_64 1.0-2 4.00 35.00 39.00 NOTE
r-patched-linux-x86_64 1.0-2 1.03 20.16 21.18 NOTE
r-patched-solaris-sparc 1.0-2 242.80 NOTE
r-patched-solaris-x86 1.0-2 53.20 NOTE
r-release-linux-ix86 1.0-2 1.42 27.37 28.79 NOTE
r-release-linux-x86_64 1.0-2 1.04 20.60 21.63 NOTE
r-release-osx-x86_64-mavericks 1.0-2 NOTE
r-release-osx-x86_64-snowleopard 1.0-2 NOTE
r-release-windows-ix86+x86_64 1.0-2 4.00 53.00 57.00 NOTE
r-oldrel-windows-ix86+x86_64 1.0-2 4.00 45.00 49.00 NOTE

Check Details

Version: 1.0-2
Check: dependencies in R code
Result: NOTE
    'library' or 'require' call to ‘orthopolynom’ which was already attached by Depends.
     Please remove these calls from your code.
    Packages in Depends field not imported from:
     ‘orthopolynom’ ‘polynom’
     These packages need to be imported from (in the NAMESPACE file)
     for when this namespace is loaded but not attached.
    See the information on DESCRIPTION files in the chapter ‘Creating R
    packages’ of the ‘Writing R Extensions’ manual.
Flavors: r-devel-linux-x86_64-debian-clang, r-devel-linux-x86_64-debian-gcc, r-devel-linux-x86_64-fedora-clang, r-devel-linux-x86_64-fedora-gcc, r-devel-osx-x86_64-clang, r-devel-windows-ix86+x86_64, r-patched-linux-x86_64, r-patched-solaris-sparc, r-patched-solaris-x86, r-release-linux-ix86, r-release-linux-x86_64, r-release-osx-x86_64-mavericks, r-release-windows-ix86+x86_64, r-oldrel-windows-ix86+x86_64

Version: 1.0-2
Check: dependencies in R code
Result: NOTE
    'library' or 'require' call to 'orthopolynom' which was already attached by Depends.
     Please remove these calls from your code.
    See the information on DESCRIPTION files in the chapter 'Creating R
    packages' of the 'Writing R Extensions' manual.
Flavor: r-release-osx-x86_64-snowleopard