CRAN Package Check Results for Package gaussquad

Last updated on 2014-04-23 17:47:44.

Flavor Version Tinstall Tcheck Ttotal Status Flags
r-devel-linux-x86_64-debian-clang 1.0-2 1.12 22.05 23.16 NOTE
r-devel-linux-x86_64-debian-gcc 1.0-2 1.05 21.91 22.96 NOTE
r-devel-linux-x86_64-fedora-clang 1.0-2 46.06 NOTE
r-devel-linux-x86_64-fedora-gcc 1.0-2 43.41 NOTE
r-devel-osx-x86_64-clang 1.0-2 38.58 NOTE
r-devel-osx-x86_64-gcc 1.0-2 NOTE
r-devel-windows-ix86+x86_64 1.0-2 3.00 34.00 37.00 NOTE
r-patched-linux-x86_64 1.0-2 1.06 21.60 22.65 NOTE
r-patched-solaris-sparc 1.0-2 242.80 NOTE
r-patched-solaris-x86 1.0-2 55.00 NOTE
r-release-linux-ix86 1.0-2 2.00 38.00 40.00 NOTE
r-release-linux-x86_64 1.0-2 1.06 22.09 23.16 NOTE
r-release-osx-x86_64-mavericks 1.0-2 NOTE
r-release-osx-x86_64-snowleopard 1.0-2 NOTE
r-release-windows-ix86+x86_64 1.0-2 6.00 48.00 54.00 NOTE
r-oldrel-windows-ix86+x86_64 1.0-2 4.00 45.00 49.00 NOTE

Check Details

Version: 1.0-2
Check: dependencies in R code
Result: NOTE
    'library' or 'require' call to ‘orthopolynom’ which was already attached by Depends.
     Please remove these calls from your code.
    Packages in Depends field not imported from:
     ‘orthopolynom’ ‘polynom’
     These packages need to be imported from (in the NAMESPACE file)
     for when this namespace is loaded but not attached.
    See the information on DESCRIPTION files in the chapter ‘Creating R
    packages’ of the ‘Writing R Extensions’ manual.
Flavors: r-devel-linux-x86_64-debian-clang, r-devel-linux-x86_64-debian-gcc, r-devel-linux-x86_64-fedora-clang, r-devel-linux-x86_64-fedora-gcc, r-devel-osx-x86_64-clang, r-devel-osx-x86_64-gcc, r-devel-windows-ix86+x86_64, r-patched-linux-x86_64, r-patched-solaris-sparc, r-patched-solaris-x86, r-release-linux-ix86, r-release-linux-x86_64, r-release-osx-x86_64-mavericks, r-release-windows-ix86+x86_64, r-oldrel-windows-ix86+x86_64

Version: 1.0-2
Check: dependencies in R code
Result: NOTE
    'library' or 'require' call to 'orthopolynom' which was already attached by Depends.
     Please remove these calls from your code.
    See the information on DESCRIPTION files in the chapter 'Creating R
    packages' of the 'Writing R Extensions' manual.
Flavor: r-release-osx-x86_64-snowleopard