CRAN Package Check Results for Package gaussquad

Last updated on 2014-10-30 17:49:15.

Flavor Version Tinstall Tcheck Ttotal Status Flags
r-devel-linux-x86_64-debian-clang 1.0-2 1.03 20.94 21.97 NOTE
r-devel-linux-x86_64-debian-gcc 1.0-2 1.00 20.62 21.62 NOTE
r-devel-linux-x86_64-fedora-clang 1.0-2 46.70 NOTE
r-devel-linux-x86_64-fedora-gcc 1.0-2 41.68 NOTE
r-devel-osx-x86_64-clang 1.0-2 42.37 NOTE
r-devel-windows-ix86+x86_64 1.0-2 4.00 32.00 36.00 NOTE
r-patched-linux-x86_64 1.0-2 1.05 21.34 22.39 NOTE
r-patched-solaris-sparc 1.0-2 253.10 NOTE
r-patched-solaris-x86 1.0-2 56.00 NOTE
r-release-linux-ix86 1.0-2 1.45 28.05 29.50 NOTE
r-release-linux-x86_64 1.0-2 1.05 22.30 23.35 NOTE
r-release-osx-x86_64-mavericks 1.0-2 NOTE
r-release-osx-x86_64-snowleopard 1.0-2 NOTE
r-release-windows-ix86+x86_64 1.0-2 4.00 53.00 57.00 NOTE
r-oldrel-windows-ix86+x86_64 1.0-2 4.00 45.00 49.00 NOTE

Check Details

Version: 1.0-2
Check: dependencies in R code
Result: NOTE
    'library' or 'require' call to ‘orthopolynom’ which was already attached by Depends.
     Please remove these calls from your code.
    Packages in Depends field not imported from:
     ‘orthopolynom’ ‘polynom’
     These packages need to be imported from (in the NAMESPACE file)
     for when this namespace is loaded but not attached.
    See the information on DESCRIPTION files in the chapter ‘Creating R
    packages’ of the ‘Writing R Extensions’ manual.
Flavors: r-devel-linux-x86_64-debian-clang, r-devel-linux-x86_64-debian-gcc, r-devel-linux-x86_64-fedora-clang, r-devel-linux-x86_64-fedora-gcc, r-devel-osx-x86_64-clang, r-devel-windows-ix86+x86_64, r-patched-linux-x86_64, r-patched-solaris-sparc, r-patched-solaris-x86, r-release-linux-ix86, r-release-linux-x86_64, r-release-osx-x86_64-mavericks, r-release-windows-ix86+x86_64, r-oldrel-windows-ix86+x86_64

Version: 1.0-2
Check: R code for possible problems
Result: NOTE
    chebyshev.c.quadrature : <anonymous>: no visible global function
     definition for ‘chebyshev.c.weight’
    chebyshev.c.quadrature.rules: no visible global function definition for
     ‘chebyshev.c.recurrences’
    chebyshev.c.quadrature.rules: no visible global function definition for
     ‘chebyshev.c.inner.products’
    chebyshev.s.quadrature : <anonymous>: no visible global function
     definition for ‘chebyshev.s.weight’
    chebyshev.s.quadrature.rules: no visible global function definition for
     ‘chebyshev.s.recurrences’
    chebyshev.s.quadrature.rules: no visible global function definition for
     ‘chebyshev.s.inner.products’
    chebyshev.t.quadrature : <anonymous>: no visible global function
     definition for ‘chebyshev.t.weight’
    chebyshev.t.quadrature.rules: no visible global function definition for
     ‘chebyshev.t.recurrences’
    chebyshev.t.quadrature.rules: no visible global function definition for
     ‘chebyshev.t.inner.products’
    chebyshev.u.quadrature : <anonymous>: no visible global function
     definition for ‘chebyshev.u.weight’
    chebyshev.u.quadrature.rules: no visible global function definition for
     ‘chebyshev.u.recurrences’
    chebyshev.u.quadrature.rules: no visible global function definition for
     ‘chebyshev.u.inner.products’
    gegenbauer.quadrature : <anonymous>: no visible global function
     definition for ‘gegenbauer.weight’
    gegenbauer.quadrature.rules: no visible global function definition for
     ‘gegenbauer.recurrences’
    gegenbauer.quadrature.rules: no visible global function definition for
     ‘gegenbauer.inner.products’
    ghermite.h.quadrature : <anonymous>: no visible global function
     definition for ‘ghermite.h.weight’
    ghermite.h.quadrature.rules: no visible global function definition for
     ‘ghermite.h.recurrences’
    ghermite.h.quadrature.rules: no visible global function definition for
     ‘ghermite.h.inner.products’
    glaguerre.quadrature : <anonymous>: no visible global function
     definition for ‘glaguerre.weight’
    glaguerre.quadrature.rules: no visible global function definition for
     ‘glaguerre.recurrences’
    glaguerre.quadrature.rules: no visible global function definition for
     ‘glaguerre.inner.products’
    hermite.h.quadrature : <anonymous>: no visible global function
     definition for ‘hermite.h.weight’
    hermite.h.quadrature.rules: no visible global function definition for
     ‘hermite.h.recurrences’
    hermite.h.quadrature.rules: no visible global function definition for
     ‘hermite.h.inner.products’
    hermite.he.quadrature : <anonymous>: no visible global function
     definition for ‘hermite.he.weight’
    hermite.he.quadrature.rules: no visible global function definition for
     ‘hermite.he.recurrences’
    hermite.he.quadrature.rules: no visible global function definition for
     ‘hermite.he.inner.products’
    jacobi.g.quadrature : <anonymous>: no visible global function
     definition for ‘jacobi.g.weight’
    jacobi.g.quadrature.rules: no visible global function definition for
     ‘jacobi.g.recurrences’
    jacobi.g.quadrature.rules: no visible global function definition for
     ‘jacobi.g.inner.products’
    jacobi.p.quadrature : <anonymous>: no visible global function
     definition for ‘jacobi.p.weight’
    jacobi.p.quadrature.rules: no visible global function definition for
     ‘jacobi.p.recurrences’
    jacobi.p.quadrature.rules: no visible global function definition for
     ‘jacobi.p.inner.products’
    laguerre.quadrature : <anonymous>: no visible global function
     definition for ‘laguerre.weight’
    legendre.quadrature : <anonymous>: no visible global function
     definition for ‘legendre.weight’
    legendre.quadrature.rules: no visible global function definition for
     ‘legendre.recurrences’
    legendre.quadrature.rules: no visible global function definition for
     ‘legendre.inner.products’
    quadrature.rules: no visible global function definition for
     ‘monic.polynomial.recurrences’
    quadrature.rules: no visible global function definition for
     ‘jacobi.matrices’
    quadrature.rules: no visible global function definition for
     ‘polynomial.roots’
    schebyshev.t.quadrature : <anonymous>: no visible global function
     definition for ‘schebyshev.t.weight’
    schebyshev.t.quadrature.rules: no visible global function definition
     for ‘schebyshev.t.recurrences’
    schebyshev.t.quadrature.rules: no visible global function definition
     for ‘schebyshev.t.inner.products’
    schebyshev.u.quadrature : <anonymous>: no visible global function
     definition for ‘schebyshev.u.weight’
    schebyshev.u.quadrature.rules: no visible global function definition
     for ‘schebyshev.u.recurrences’
    schebyshev.u.quadrature.rules: no visible global function definition
     for ‘schebyshev.u.inner.products’
    slegendre.quadrature : <anonymous>: no visible global function
     definition for ‘slegendre.weight’
    slegendre.quadrature.rules: no visible global function definition for
     ‘slegendre.recurrences’
    slegendre.quadrature.rules: no visible global function definition for
     ‘slegendre.inner.products’
    spherical.quadrature : <anonymous>: no visible global function
     definition for ‘spherical.weight’
    ultraspherical.quadrature : <anonymous>: no visible global function
     definition for ‘ultraspherical.weight’
Flavors: r-devel-linux-x86_64-debian-clang, r-devel-linux-x86_64-debian-gcc, r-devel-linux-x86_64-fedora-clang, r-devel-linux-x86_64-fedora-gcc, r-devel-osx-x86_64-clang, r-devel-windows-ix86+x86_64, r-patched-linux-x86_64, r-patched-solaris-sparc, r-patched-solaris-x86

Version: 1.0-2
Check: dependencies in R code
Result: NOTE
    'library' or 'require' call to 'orthopolynom' which was already attached by Depends.
     Please remove these calls from your code.
    See the information on DESCRIPTION files in the chapter 'Creating R
    packages' of the 'Writing R Extensions' manual.
Flavor: r-release-osx-x86_64-snowleopard