CRAN Package Check Results for Package gammSlice

Last updated on 2015-01-28 05:48:44.

Flavor Version Tinstall Tcheck Ttotal Status Flags
r-devel-linux-x86_64-debian-clang 1.3 4.67 37.26 41.93 NOTE
r-devel-linux-x86_64-debian-gcc 1.3 4.45 37.14 41.59 NOTE
r-devel-linux-x86_64-fedora-clang 1.3 104.39 NOTE
r-devel-linux-x86_64-fedora-gcc 1.3 102.79 NOTE
r-devel-osx-x86_64-clang 1.3 89.26 NOTE
r-devel-windows-ix86+x86_64 1.3 27.00 70.00 97.00 OK
r-patched-linux-x86_64 1.3 4.99 41.80 46.80 OK
r-patched-solaris-sparc 1.3 527.00 OK
r-patched-solaris-x86 1.3 140.50 OK
r-release-linux-ix86 1.3 5.96 50.42 56.38 OK
r-release-linux-x86_64 1.3 5.44 41.76 47.20 OK
r-release-osx-x86_64-mavericks 1.3 OK
r-release-osx-x86_64-snowleopard 1.3 OK
r-release-windows-ix86+x86_64 1.3 22.00 81.00 103.00 OK
r-oldrel-windows-ix86+x86_64 1.3 22.00 79.00 101.00 OK

Check Details

Version: 1.3
Check: S3 generic/method consistency
Result: NOTE
    Found the following apparent S3 methods exported but not registered:
     summary.gSlc plot.gSlc
    See section ‘Registering S3 methods’ in the ‘Writing R Extensions’
    manual.
Flavors: r-devel-linux-x86_64-debian-clang, r-devel-linux-x86_64-debian-gcc, r-devel-linux-x86_64-fedora-clang, r-devel-linux-x86_64-fedora-gcc, r-devel-osx-x86_64-clang