CRAN Package Check Results for Package gammSlice

Last updated on 2015-04-01 23:49:13.

Flavor Version Tinstall Tcheck Ttotal Status Flags
r-devel-linux-x86_64-debian-clang 1.3 4.16 33.79 37.95 NOTE
r-devel-linux-x86_64-debian-gcc 1.3 4.24 33.33 37.58 NOTE
r-devel-linux-x86_64-fedora-clang 1.3 77.67 NOTE
r-devel-linux-x86_64-fedora-gcc 1.3 78.32 NOTE
r-devel-osx-x86_64-clang 1.3 76.07 NOTE
r-prerel-windows-ix86+x86_64 1.3 22.00 69.00 91.00 OK
r-prerel-linux-x86_64 1.3 4.11 33.64 37.75 NOTE
r-prerel-solaris-sparc 1.3 473.60 OK
r-prerel-solaris-x86 1.3 100.70 OK
r-release-linux-x86_64 1.3 5.12 42.88 48.00 OK
r-release-osx-x86_64-mavericks 1.3 OK
r-release-osx-x86_64-snowleopard 1.3 OK
r-release-windows-ix86+x86_64 1.3 22.00 81.00 103.00 OK
r-oldrel-windows-ix86+x86_64 1.3 23.00 75.00 98.00 OK

Check Details

Version: 1.3
Check: S3 generic/method consistency
Result: NOTE
    Found the following apparent S3 methods exported but not registered:
     plot.gSlc summary.gSlc
    See section ‘Registering S3 methods’ in the ‘Writing R Extensions’
    manual.
Flavors: r-devel-linux-x86_64-debian-clang, r-devel-linux-x86_64-debian-gcc, r-devel-linux-x86_64-fedora-clang, r-devel-linux-x86_64-fedora-gcc, r-devel-osx-x86_64-clang, r-prerel-linux-x86_64