CRAN Package Check Results for Package gammSlice

Last updated on 2015-05-23 09:48:24.

Flavor Version Tinstall Tcheck Ttotal Status Flags
r-devel-linux-x86_64-debian-clang 1.3 4.48 34.65 39.13 NOTE
r-devel-linux-x86_64-debian-gcc 1.3 4.08 35.08 39.15 NOTE
r-devel-linux-x86_64-fedora-clang 1.3 78.77 NOTE
r-devel-linux-x86_64-fedora-gcc 1.3 75.82 NOTE
r-devel-osx-x86_64-clang 1.3 69.30 NOTE
r-devel-windows-ix86+x86_64 1.3 20.00 65.00 85.00 OK
r-patched-linux-x86_64 1.3 4.24 35.11 39.35 NOTE
r-patched-solaris-sparc 1.3 482.40 NOTE
r-patched-solaris-x86 1.3 107.90 NOTE
r-release-linux-x86_64 1.3 4.19 34.57 38.76 NOTE
r-release-osx-x86_64-mavericks 1.3 OK
r-release-osx-x86_64-snowleopard 1.3 OK
r-release-windows-ix86+x86_64 1.3 19.00 67.00 86.00 OK
r-oldrel-windows-ix86+x86_64 1.3 21.00 81.00 102.00 OK

Check Details

Version: 1.3
Check: S3 generic/method consistency
Result: NOTE
    Found the following apparent S3 methods exported but not registered:
     plot.gSlc summary.gSlc
    See section ‘Registering S3 methods’ in the ‘Writing R Extensions’
    manual.
Flavors: r-devel-linux-x86_64-debian-clang, r-devel-linux-x86_64-debian-gcc, r-devel-linux-x86_64-fedora-clang, r-devel-linux-x86_64-fedora-gcc, r-devel-osx-x86_64-clang, r-patched-linux-x86_64, r-patched-solaris-sparc, r-patched-solaris-x86, r-release-linux-x86_64