CRAN Package Check Results for Package gammSlice

Last updated on 2015-07-04 21:46:32.

Flavor Version Tinstall Tcheck Ttotal Status Flags
r-devel-linux-x86_64-debian-clang 1.3 4.25 34.62 38.88 NOTE
r-devel-linux-x86_64-debian-gcc 1.3 4.18 33.83 38.00 NOTE
r-devel-linux-x86_64-fedora-clang 1.3 77.31 NOTE
r-devel-linux-x86_64-fedora-gcc 1.3 71.35 NOTE
r-devel-osx-x86_64-clang 1.3 64.46 NOTE
r-devel-windows-ix86+x86_64 1.3 29.00 62.00 91.00 NOTE
r-patched-linux-x86_64 1.3 4.12 33.73 37.84 NOTE
r-patched-solaris-sparc 1.3 482.40 NOTE
r-patched-solaris-x86 1.3 106.50 NOTE
r-release-linux-x86_64 1.3 4.05 34.22 38.27 NOTE
r-release-osx-x86_64-mavericks 1.3 OK
r-release-windows-ix86+x86_64 1.3 21.00 64.00 85.00 OK
r-oldrel-windows-ix86+x86_64 1.3 22.00 83.00 105.00 OK

Check Details

Version: 1.3
Check: S3 generic/method consistency
Result: NOTE
    Found the following apparent S3 methods exported but not registered:
     plot.gSlc summary.gSlc
    See section ‘Registering S3 methods’ in the ‘Writing R Extensions’
    manual.
Flavors: r-devel-linux-x86_64-debian-clang, r-devel-linux-x86_64-debian-gcc, r-devel-linux-x86_64-fedora-clang, r-devel-linux-x86_64-fedora-gcc, r-devel-osx-x86_64-clang, r-patched-linux-x86_64, r-patched-solaris-sparc, r-patched-solaris-x86, r-release-linux-x86_64

Version: 1.3
Check: R code for possible problems
Result: NOTE
    gSlc: no visible global function definition for ‘par’
    gSlc : blankPlot: no visible global function definition for ‘plot’
    gSlc: no visible global function definition for ‘text’
    gSlc: no visible global function definition for ‘quantile’
    gSlc: no visible global function definition for ‘rect’
    gSlcSim : getobs: no visible global function definition for ‘rbinom’
    gSlcSim : getobs: no visible global function definition for ‘rpois’
    gSlcSim: no visible global function definition for ‘rnorm’
    gSlcSim: no visible global function definition for ‘runif’
    interpret.gSlc: no visible global function definition for
     ‘terms.formula’
    interpret.gSlc: no visible global function definition for ‘as.formula’
    interpret.gSlc: no visible global function definition for ‘reformulate’
    plot.gSlc : upper.perc: no visible global function definition for
     ‘quantile’
    plot.gSlc : lower.perc: no visible global function definition for
     ‘quantile’
    plot.gSlc: no visible global function definition for ‘quantile’
    plot.gSlc: no visible global function definition for ‘par’
    plot.gSlc: no visible global function definition for ‘plot’
    plot.gSlc: no visible global function definition for ‘polygon’
    plot.gSlc: no visible global function definition for ‘lines’
    summMCMC: no visible global function definition for ‘pdf’
    summMCMC: no visible global function definition for ‘postscript’
    summMCMC: no visible global function definition for ‘par’
    summMCMC : empty.panel: no visible global function definition for
     ‘plot’
    summMCMC: no visible global function definition for ‘text’
    summMCMC: no visible global function definition for ‘dev.new’
    summMCMC: no visible global function definition for ‘plot’
    summMCMC: no visible global function definition for ‘points’
    summMCMC: no visible global function definition for ‘acf’
    summMCMC: no visible global function definition for ‘lines’
    summMCMC: no visible global function definition for ‘quantile’
    summary.gSlc: no visible global function definition for ‘par’
    Undefined global functions or variables:
     acf as.formula dev.new lines par pdf plot points polygon postscript
     quantile rbinom rect reformulate rnorm rpois runif terms.formula text
Flavors: r-devel-linux-x86_64-debian-clang, r-devel-linux-x86_64-debian-gcc, r-devel-linux-x86_64-fedora-clang, r-devel-linux-x86_64-fedora-gcc, r-devel-windows-ix86+x86_64