CRAN Package Check Results for Package ftsa

Last updated on 2015-06-30 15:47:05.

Flavor Version Tinstall Tcheck Ttotal Status Flags
r-devel-linux-x86_64-debian-clang 4.3 2.11 56.45 58.56 NOTE
r-devel-linux-x86_64-debian-gcc 4.3 2.10 54.06 56.16 NOTE
r-devel-linux-x86_64-fedora-clang 4.3 109.17 NOTE
r-devel-linux-x86_64-fedora-gcc 4.3 103.61 OK
r-devel-osx-x86_64-clang 4.3 108.01 OK
r-devel-windows-ix86+x86_64 4.3 8.00 78.00 86.00 NOTE
r-patched-linux-x86_64 4.3 2.04 53.10 55.14 OK
r-patched-solaris-sparc 4.3 698.10 OK
r-patched-solaris-x86 4.3 140.70 OK
r-release-linux-x86_64 4.3 2.26 53.96 56.22 OK
r-release-osx-x86_64-mavericks 4.3 OK
r-release-windows-ix86+x86_64 4.3 9.00 89.00 98.00 OK
r-oldrel-windows-ix86+x86_64 4.3 12.00 117.00 129.00 OK

Check Details

Version: 4.3
Check: R code for possible problems
Result: NOTE
    depth.FM: no visible global function definition for ‘text’
    depth.FM: no visible global function definition for ‘points’
    depth.FM: no visible global function definition for ‘lines’
    depth.FM: no visible global function definition for ‘legend’
    depth.RP: no visible global function definition for ‘text’
    depth.RP: no visible global function definition for ‘points’
    depth.RP: no visible global function definition for ‘lines’
    depth.RP: no visible global function definition for ‘legend’
    depth.RPD: no visible global function definition for ‘points’
    depth.RPD: no visible global function definition for ‘lines’
    depth.RPD: no visible global function definition for ‘legend’
    depth.mode: no visible global function definition for ‘text’
    depth.mode: no visible global function definition for ‘points’
    depth.mode: no visible global function definition for ‘lines’
    depth.mode: no visible global function definition for ‘legend’
    fbootstrap: no visible global function definition for ‘lines’
    fbootstrap: no visible global function definition for ‘legend’
    ftsm: no visible global function definition for ‘head’
    ftsm: no visible global function definition for ‘tail’
    plot.fm: no visible global function definition for ‘par’
    plot.fm: no visible global function definition for ‘title’
    plot.fm: no visible global function definition for ‘points’
    plot.fmres: no visible global function definition for ‘image’
    plot.fmres: no visible global function definition for ‘contour’
    plot.fmres: no visible global function definition for ‘filled.contour’
    plot.fmres: no visible global function definition for ‘persp’
    plot.ftsf: no visible global function definition for ‘abline’
    plot.ftsf: no visible global function definition for ‘lines’
    plot.ftsf: no visible global function definition for ‘par’
    plot.ftsf: no visible global function definition for ‘title’
    plot.ftsf: no visible global function definition for ‘points’
    plot.ftsm: no visible global function definition for ‘par’
    plot.ftsm: no visible global function definition for ‘title’
    plot.ftsm: no visible global function definition for ‘points’
    plotfplsr: no visible global function definition for ‘par’
Flavors: r-devel-linux-x86_64-debian-clang, r-devel-linux-x86_64-debian-gcc, r-devel-linux-x86_64-fedora-clang, r-devel-windows-ix86+x86_64