CRAN Package Check Results for Package ftsa

Last updated on 2015-02-28 12:51:12.

Flavor Version Tinstall Tcheck Ttotal Status Flags
r-devel-linux-x86_64-debian-clang 4.1 2.09 52.36 54.45 NOTE
r-devel-linux-x86_64-debian-gcc 4.1 2.02 51.24 53.26 NOTE
r-devel-linux-x86_64-fedora-clang 4.1 109.15 NOTE
r-devel-linux-x86_64-fedora-gcc 4.1 101.68 NOTE
r-devel-osx-x86_64-clang 4.1 104.02 NOTE
r-devel-windows-ix86+x86_64 4.1 11.00 82.00 93.00 NOTE
r-patched-linux-x86_64 4.1 3.40 68.83 72.23 OK
r-patched-solaris-sparc 4.1 795.40 OK
r-patched-solaris-x86 4.1 173.30 OK
r-release-linux-ix86 4.1 3.36 80.86 84.22 OK
r-release-linux-x86_64 4.1 3.40 67.66 71.06 OK
r-release-osx-x86_64-mavericks 4.1 OK
r-release-osx-x86_64-snowleopard 4.1 OK
r-release-windows-ix86+x86_64 4.1 11.00 104.00 115.00 OK
r-oldrel-windows-ix86+x86_64 4.1 12.00 111.00 123.00 OK

Check Details

Version: 4.1
Check: DESCRIPTION meta-information
Result: NOTE
    Malformed Description field: should contain one or more complete sentences.
Flavors: r-devel-linux-x86_64-debian-clang, r-devel-linux-x86_64-debian-gcc, r-devel-linux-x86_64-fedora-clang, r-devel-linux-x86_64-fedora-gcc, r-devel-osx-x86_64-clang, r-devel-windows-ix86+x86_64

Version: 4.1
Check: S3 generic/method consistency
Result: NOTE
    Found the following apparent S3 methods exported but not registered:
     plot.ftsm sd.default var.default
    See section ‘Registering S3 methods’ in the ‘Writing R Extensions’
    manual.
Flavors: r-devel-linux-x86_64-debian-clang, r-devel-linux-x86_64-debian-gcc, r-devel-linux-x86_64-fedora-clang, r-devel-linux-x86_64-fedora-gcc, r-devel-osx-x86_64-clang