CRAN Package Check Results for Package ftsa

Last updated on 2014-07-25 23:48:36.

Flavor Version Tinstall Tcheck Ttotal Status Flags
r-devel-linux-x86_64-debian-clang 4.0 2.88 56.11 58.99 OK
r-devel-linux-x86_64-debian-gcc 4.0 2.73 55.61 58.34 OK
r-devel-linux-x86_64-fedora-clang 4.0 127.35 OK
r-devel-linux-x86_64-fedora-gcc 4.0 120.87 OK
r-devel-osx-x86_64-clang 4.0 108.14 OK
r-devel-windows-ix86+x86_64 4.0 10.00 89.00 99.00 OK
r-patched-linux-x86_64 4.0 2.79 57.71 60.50 OK
r-patched-solaris-sparc 4.0 646.90 OK
r-patched-solaris-x86 4.0 156.90 OK
r-release-linux-ix86 4.0 3.57 72.24 75.81 OK
r-release-linux-x86_64 4.0 3.18 56.53 59.71 OK
r-release-osx-x86_64-mavericks 4.0 NOTE
r-release-osx-x86_64-snowleopard 4.0 OK
r-release-windows-ix86+x86_64 4.0 10.00 93.00 103.00 OK
r-oldrel-windows-ix86+x86_64 4.0 13.00 92.00 105.00 OK

Check Details

Version: 4.0
Check: re-building of vignette outputs
Result: NOTE
    Error in re-building vignettes:
     ...
    Loading required package: rainbow
    Loading required package: MASS
    Loading required package: pcaPP
    Loading required package: mvtnorm
    KernSmooth 2.23 loaded
    Copyright M. P. Wand 1997-2009
    
    Attaching package: ‘ftsa’
    
    The following objects are masked from ‘package:stats’:
    
     median, sd, var
    
    Error in texi2dvi(file = file, pdf = TRUE, clean = clean, quiet = quiet, :
     Running 'texi2dvi' on 'ftsa.tex' failed.
    LaTeX errors:
    ! LaTeX Error: File `bbm.sty' not found.
    
    Type X to quit or <RETURN> to proceed,
    or enter new name. (Default extension: sty)
    
    st/ftsa/vignettes/ftsa.tex:9: ==> Fatal error occurred, no output PDF file pro
    duced!
    Calls: buildVignettes -> texi2pdf -> texi2dvi
    Execution halted
Flavor: r-release-osx-x86_64-mavericks