CRAN Package Check Results for Package ftsa

Last updated on 2014-12-21 19:48:38.

Flavor Version Tinstall Tcheck Ttotal Status Flags
r-devel-linux-x86_64-debian-clang 4.1 2.70 64.48 67.18 OK
r-devel-linux-x86_64-debian-gcc 4.1 2.59 62.05 64.64 OK
r-devel-linux-x86_64-fedora-clang 4.1 140.43 OK
r-devel-linux-x86_64-fedora-gcc 4.1 130.40 OK
r-devel-osx-x86_64-clang 4.1 124.12 OK
r-devel-windows-ix86+x86_64 4.1 12.00 96.00 108.00 OK
r-patched-linux-x86_64 4.1 2.76 68.50 71.27 OK
r-patched-solaris-sparc 4.1 761.80 OK
r-patched-solaris-x86 4.1 169.50 OK
r-release-linux-ix86 4.1 3.38 77.47 80.85 OK
r-release-linux-x86_64 4.1 3.05 65.84 68.89 OK
r-release-osx-x86_64-mavericks 4.1 NOTE
r-release-osx-x86_64-snowleopard 4.1 OK
r-release-windows-ix86+x86_64 4.1 12.00 102.00 114.00 OK
r-oldrel-windows-ix86+x86_64 4.1 14.00 104.00 118.00 OK

Check Details

Version: 4.1
Check: re-building of vignette outputs
Result: NOTE
    Error in re-building vignettes:
     ...
    Loading required package: timeDate
    This is forecast 5.6
    
    Loading required package: rainbow
    Loading required package: MASS
    Loading required package: pcaPP
    
    Attaching package: ‘ftsa’
    
    The following objects are masked from ‘package:stats’:
    
     median, sd, var
    
    Error in texi2dvi(file = file, pdf = TRUE, clean = clean, quiet = quiet, :
     Running 'texi2dvi' on 'ftsa.tex' failed.
    LaTeX errors:
    ! LaTeX Error: File `bbm.sty' not found.
    
    Type X to quit or <RETURN> to proceed,
    or enter new name. (Default extension: sty)
    
    st/ftsa/vignettes/ftsa.tex:9: ==> Fatal error occurred, no output PDF file pro
    duced!
    Calls: buildVignettes -> texi2pdf -> texi2dvi
    Execution halted
Flavor: r-release-osx-x86_64-mavericks