CRAN Package Check Results for Package ftsa

Last updated on 2014-11-23 01:48:03.

Flavor Version Tinstall Tcheck Ttotal Status Flags
r-devel-linux-x86_64-debian-clang 4.0 3.14 57.12 60.26 NOTE
r-devel-linux-x86_64-debian-gcc 4.0 2.58 55.76 58.34 NOTE
r-devel-linux-x86_64-fedora-clang 4.0 121.49 NOTE
r-devel-linux-x86_64-fedora-gcc 4.0 114.31 NOTE
r-devel-osx-x86_64-clang 4.0 112.31 NOTE
r-devel-windows-ix86+x86_64 4.0 9.00 90.00 99.00 NOTE
r-patched-linux-x86_64 4.0 2.99 58.42 61.41 NOTE
r-patched-solaris-sparc 4.0 679.50 NOTE
r-patched-solaris-x86 4.0 148.60 NOTE
r-release-linux-ix86 4.0 3.50 68.12 71.61 NOTE
r-release-linux-x86_64 4.0 2.70 58.09 60.79 NOTE
r-release-osx-x86_64-mavericks 4.0 NOTE
r-release-osx-x86_64-snowleopard 4.0 OK
r-release-windows-ix86+x86_64 4.0 17.00 89.00 106.00 NOTE
r-oldrel-windows-ix86+x86_64 4.0 10.00 90.00 100.00 OK

Check Details

Version: 4.0
Check: R code for possible problems
Result: NOTE
    dynupdate: no visible global function definition for ‘ginv’
    fbootstrap: no visible global function definition for ‘mvrnorm’
    pcscorebootstrapdata: no visible global function definition for
     ‘mvrnorm’
    plsPI: no visible global function definition for ‘ginv’
    quantile.outliers.pond: no visible global function definition for
     ‘mvrnorm’
    quantile.outliers.trim: no visible global function definition for
     ‘mvrnorm’
    wpcr: no visible global function definition for ‘l1median’
Flavors: r-devel-linux-x86_64-debian-clang, r-devel-linux-x86_64-debian-gcc, r-devel-linux-x86_64-fedora-clang, r-devel-linux-x86_64-fedora-gcc, r-devel-osx-x86_64-clang, r-devel-windows-ix86+x86_64, r-patched-linux-x86_64, r-patched-solaris-sparc, r-patched-solaris-x86, r-release-linux-ix86, r-release-linux-x86_64, r-release-windows-ix86+x86_64

Version: 4.0
Check: re-building of vignette outputs
Result: NOTE
    Error in re-building vignettes:
     ...
    Loading required package: rainbow
    Loading required package: MASS
    Loading required package: pcaPP
    Loading required package: mvtnorm
    KernSmooth 2.23 loaded
    Copyright M. P. Wand 1997-2009
    
    Attaching package: ‘ftsa’
    
    The following objects are masked from ‘package:stats’:
    
     median, sd, var
    
    Error in texi2dvi(file = file, pdf = TRUE, clean = clean, quiet = quiet, :
     Running 'texi2dvi' on 'ftsa.tex' failed.
    LaTeX errors:
    ! LaTeX Error: File `bbm.sty' not found.
    
    Type X to quit or <RETURN> to proceed,
    or enter new name. (Default extension: sty)
    
    st/ftsa/vignettes/ftsa.tex:9: ==> Fatal error occurred, no output PDF file pro
    duced!
    Calls: buildVignettes -> texi2pdf -> texi2dvi
    Execution halted
Flavor: r-release-osx-x86_64-mavericks