CRAN Package Check Results for Package fda.usc

Last updated on 2015-04-19 19:51:47.

Flavor Version Tinstall Tcheck Ttotal Status Flags
r-devel-linux-x86_64-debian-clang 1.2.1 5.13 108.76 113.89 NOTE
r-devel-linux-x86_64-debian-gcc 1.2.1 4.70 101.96 106.65 NOTE
r-devel-linux-x86_64-fedora-clang 1.2.1 213.85 NOTE
r-devel-linux-x86_64-fedora-gcc 1.2.1 202.48 NOTE
r-devel-osx-x86_64-clang 1.2.1 181.35 NOTE
r-devel-windows-ix86+x86_64 1.2.1 24.00 191.00 215.00 NOTE
r-patched-linux-x86_64 1.2.1 4.72 106.66 111.39 NOTE
r-patched-solaris-sparc 1.2.1 1313.20 NOTE
r-patched-solaris-x86 1.2.1 248.10 NOTE
r-release-linux-x86_64 1.2.1 4.74 107.07 111.81 NOTE
r-release-osx-x86_64-mavericks 1.2.1 NOTE
r-release-osx-x86_64-snowleopard 1.2.1 ERROR
r-release-windows-ix86+x86_64 1.2.1 10.00 185.00 195.00 NOTE
r-oldrel-windows-ix86+x86_64 1.2.1 15.00 194.00 209.00 NOTE

Check Details

Version: 1.2.1
Check: S3 generic/method consistency
Result: NOTE
    Found the following apparent S3 methods exported but not registered:
     anova.RPm anova.hetero anova.onefactor influence.fdata influence.quan
     min.basis min.np plot.bifd quantile.outliers.pond
     quantile.outliers.trim split.fdata summary.classif unlist.fdata
    See section ‘Registering S3 methods’ in the ‘Writing R Extensions’
    manual.
Flavors: r-devel-linux-x86_64-debian-clang, r-devel-linux-x86_64-debian-gcc, r-devel-linux-x86_64-fedora-clang, r-devel-linux-x86_64-fedora-gcc, r-devel-osx-x86_64-clang, r-patched-linux-x86_64, r-release-linux-x86_64

Version: 1.2.1
Check: data for non-ASCII characters
Result: NOTE
     Note: found 76 marked UTF-8 strings
Flavors: r-devel-linux-x86_64-debian-clang, r-devel-linux-x86_64-debian-gcc, r-devel-linux-x86_64-fedora-clang, r-devel-linux-x86_64-fedora-gcc, r-devel-osx-x86_64-clang, r-devel-windows-ix86+x86_64, r-patched-linux-x86_64, r-patched-solaris-sparc, r-patched-solaris-x86, r-release-linux-x86_64, r-release-osx-x86_64-mavericks, r-release-windows-ix86+x86_64, r-oldrel-windows-ix86+x86_64

Version: 1.2.1
Check: package dependencies
Result: ERROR
    Package required but not available: ‘fda’
    
    See section ‘The DESCRIPTION file’ in the ‘Writing R Extensions’
    manual.
Flavor: r-release-osx-x86_64-snowleopard