CRAN Package Check Results for Package faoutlier

Last updated on 2014-04-23 07:54:58.

Flavor Version Tinstall Tcheck Ttotal Status Flags
r-devel-linux-x86_64-debian-clang 0.3.1 1.64 15.60 17.24 OK
r-devel-linux-x86_64-debian-gcc 0.3.1 1.55 15.66 17.22 OK
r-devel-linux-x86_64-fedora-clang 0.3.1 34.04 OK
r-devel-linux-x86_64-fedora-gcc 0.3.1 32.26 OK
r-devel-osx-x86_64-clang 0.3.1 32.49 OK
r-devel-osx-x86_64-gcc 0.3.1 OK
r-devel-windows-ix86+x86_64 0.3.1 5.00 26.00 31.00 OK
r-patched-linux-x86_64 0.3.1 1.57 15.83 17.40 OK
r-patched-solaris-sparc 0.3.1 188.50 OK
r-patched-solaris-x86 0.3.1 46.80 OK
r-release-linux-ix86 0.3.1 2.00 31.00 33.00 OK
r-release-linux-x86_64 0.3.1 1.51 15.72 17.23 OK
r-release-osx-x86_64-mavericks 0.3.1 WARN
r-release-windows-ix86+x86_64 0.3.1 5.00 26.00 31.00 OK
r-oldrel-windows-ix86+x86_64 0.3.1 4.00 27.00 31.00 OK

Check Details

Version: 0.3.1
Check: PDF version of manual
Result: WARNING
    LaTeX errors when creating PDF version.
    This typically indicates Rd problems.
    LaTeX errors found:
    ! LaTeX Error: File `upquote.sty' not found.
    
    Type X to quit or <RETURN> to proceed,
    or enter new name. (Default extension: sty)
    
    7b5693b9/Rd2.tex:8: ==> Fatal error occurred, no output PDF file produced!
Flavor: r-release-osx-x86_64-mavericks