CRAN Package Check Results for Package faoutlier

Last updated on 2014-10-26 07:50:00.

Flavor Version Tinstall Tcheck Ttotal Status Flags
r-devel-linux-x86_64-debian-clang 0.4 1.58 14.93 16.52 NOTE
r-devel-linux-x86_64-debian-gcc 0.4 1.64 15.06 16.71 NOTE
r-devel-linux-x86_64-fedora-clang 0.4 34.13 NOTE
r-devel-linux-x86_64-fedora-gcc 0.4 31.39 NOTE
r-devel-osx-x86_64-clang 0.4 33.69 NOTE
r-devel-windows-ix86+x86_64 0.4 4.00 25.00 29.00 NOTE
r-patched-linux-x86_64 0.4 1.73 15.12 16.85 NOTE
r-patched-solaris-sparc 0.4 191.40 NOTE
r-patched-solaris-x86 0.4 46.50 NOTE
r-release-linux-ix86 0.4 2.06 21.74 23.80 OK
r-release-linux-x86_64 0.4 1.78 15.32 17.10 OK
r-release-osx-x86_64-mavericks 0.4 OK
r-release-osx-x86_64-snowleopard 0.4 OK
r-release-windows-ix86+x86_64 0.4 5.00 27.00 32.00 OK
r-oldrel-windows-ix86+x86_64 0.4 5.00 26.00 31.00 OK

Check Details

Version: 0.4
Check: dependencies in R code
Result: NOTE
    Package in Depends field not imported from: ‘parallel’
     These packages need to be imported from (in the NAMESPACE file)
     for when this namespace is loaded but not attached.
    See the information on DESCRIPTION files in the chapter ‘Creating R
    packages’ of the ‘Writing R Extensions’ manual.
Flavors: r-devel-linux-x86_64-debian-clang, r-devel-linux-x86_64-debian-gcc, r-devel-linux-x86_64-fedora-clang, r-devel-linux-x86_64-fedora-gcc, r-devel-osx-x86_64-clang, r-devel-windows-ix86+x86_64, r-patched-linux-x86_64, r-patched-solaris-sparc, r-patched-solaris-x86

Version: 0.4
Check: R code for possible problems
Result: NOTE
    setCluster: no visible global function definition for ‘stopCluster’
    setCluster: no visible global function definition for ‘detectCores’
    setCluster: no visible global function definition for ‘makeCluster’
Flavors: r-devel-linux-x86_64-debian-clang, r-devel-linux-x86_64-debian-gcc, r-devel-linux-x86_64-fedora-clang, r-devel-linux-x86_64-fedora-gcc, r-devel-osx-x86_64-clang, r-devel-windows-ix86+x86_64, r-patched-linux-x86_64, r-patched-solaris-sparc, r-patched-solaris-x86