CRAN Package Check Results for Package faoutlier

Last updated on 2015-03-29 19:48:39.

Flavor Version Tinstall Tcheck Ttotal Status Flags
r-devel-linux-x86_64-debian-clang 0.4 1.36 13.17 14.53 NOTE
r-devel-linux-x86_64-debian-gcc 0.4 1.62 12.86 14.48 NOTE
r-devel-linux-x86_64-fedora-clang 0.4 28.17 NOTE
r-devel-linux-x86_64-fedora-gcc 0.4 27.69 NOTE
r-devel-osx-x86_64-clang 0.4 33.47 NOTE
r-prerel-windows-ix86+x86_64 0.4 7.00 23.00 30.00 NOTE
r-prerel-linux-x86_64 0.4 1.34 12.81 14.15 NOTE
r-prerel-solaris-sparc 0.4 180.80 NOTE
r-prerel-solaris-x86 0.4 38.20 NOTE
r-release-linux-x86_64 0.4 1.69 15.17 16.86 NOTE
r-release-osx-x86_64-mavericks 0.4 NOTE
r-release-osx-x86_64-snowleopard 0.4 OK
r-release-windows-ix86+x86_64 0.4 5.00 28.00 33.00 NOTE
r-oldrel-windows-ix86+x86_64 0.4 6.00 42.00 48.00 OK

Check Details

Version: 0.4
Check: dependencies in R code
Result: NOTE
    Package in Depends field not imported from: ‘parallel’
     These packages need to be imported from (in the NAMESPACE file)
     for when this namespace is loaded but not attached.
Flavors: r-devel-linux-x86_64-debian-clang, r-devel-linux-x86_64-debian-gcc, r-devel-linux-x86_64-fedora-clang, r-devel-linux-x86_64-fedora-gcc, r-devel-osx-x86_64-clang, r-prerel-windows-ix86+x86_64, r-prerel-linux-x86_64, r-prerel-solaris-sparc, r-prerel-solaris-x86, r-release-linux-x86_64, r-release-windows-ix86+x86_64

Version: 0.4
Check: R code for possible problems
Result: NOTE
    setCluster: no visible global function definition for ‘stopCluster’
    setCluster: no visible global function definition for ‘detectCores’
    setCluster: no visible global function definition for ‘makeCluster’
Flavors: r-devel-linux-x86_64-debian-clang, r-devel-linux-x86_64-debian-gcc, r-devel-linux-x86_64-fedora-clang, r-devel-linux-x86_64-fedora-gcc, r-devel-osx-x86_64-clang, r-prerel-windows-ix86+x86_64, r-prerel-linux-x86_64, r-prerel-solaris-sparc, r-prerel-solaris-x86, r-release-linux-x86_64, r-release-osx-x86_64-mavericks, r-release-windows-ix86+x86_64

Version: 0.4
Check: dependencies in R code
Result: NOTE
    Package in Depends field not imported from: ‘parallel’
     These packages need to be imported from (in the NAMESPACE file)
     for when this namespace is loaded but not attached.
    See the information on DESCRIPTION files in the chapter ‘Creating R
    packages’ of the ‘Writing R Extensions’ manual.
Flavor: r-release-osx-x86_64-mavericks