CRAN Package Check Results for Package faoutlier

Last updated on 2014-11-23 17:49:27.

Flavor Version Tinstall Tcheck Ttotal Status Flags
r-devel-linux-x86_64-debian-clang 0.4 1.52 15.14 16.66 NOTE
r-devel-linux-x86_64-debian-gcc 0.4 1.57 14.62 16.19 NOTE
r-devel-linux-x86_64-fedora-clang 0.4 34.68 NOTE
r-devel-linux-x86_64-fedora-gcc 0.4 32.48 NOTE
r-devel-osx-x86_64-clang 0.4 35.42 NOTE
r-devel-windows-ix86+x86_64 0.4 5.00 27.00 32.00 NOTE
r-patched-linux-x86_64 0.4 1.61 15.24 16.85 NOTE
r-patched-solaris-sparc 0.4 191.40 NOTE
r-patched-solaris-x86 0.4 46.90 NOTE
r-release-linux-ix86 0.4 2.07 21.14 23.21 NOTE
r-release-linux-x86_64 0.4 1.63 14.96 16.59 NOTE
r-release-osx-x86_64-mavericks 0.4 OK
r-release-osx-x86_64-snowleopard 0.4 OK
r-release-windows-ix86+x86_64 0.4 5.00 26.00 31.00 NOTE
r-oldrel-windows-ix86+x86_64 0.4 5.00 25.00 30.00 OK

Check Details

Version: 0.4
Check: dependencies in R code
Result: NOTE
    Package in Depends field not imported from: ‘parallel’
     These packages need to be imported from (in the NAMESPACE file)
     for when this namespace is loaded but not attached.
    See the information on DESCRIPTION files in the chapter ‘Creating R
    packages’ of the ‘Writing R Extensions’ manual.
Flavors: r-devel-linux-x86_64-debian-clang, r-devel-linux-x86_64-debian-gcc, r-devel-linux-x86_64-fedora-clang, r-devel-linux-x86_64-fedora-gcc, r-devel-osx-x86_64-clang, r-devel-windows-ix86+x86_64, r-patched-linux-x86_64, r-patched-solaris-sparc, r-patched-solaris-x86, r-release-linux-ix86, r-release-linux-x86_64, r-release-windows-ix86+x86_64

Version: 0.4
Check: R code for possible problems
Result: NOTE
    setCluster: no visible global function definition for ‘stopCluster’
    setCluster: no visible global function definition for ‘detectCores’
    setCluster: no visible global function definition for ‘makeCluster’
Flavors: r-devel-linux-x86_64-debian-clang, r-devel-linux-x86_64-debian-gcc, r-devel-linux-x86_64-fedora-clang, r-devel-linux-x86_64-fedora-gcc, r-devel-osx-x86_64-clang, r-devel-windows-ix86+x86_64, r-patched-linux-x86_64, r-patched-solaris-sparc, r-patched-solaris-x86, r-release-linux-ix86, r-release-linux-x86_64, r-release-windows-ix86+x86_64