CRAN Package Check Results for Package faoutlier

Last updated on 2015-07-03 23:47:32.

Flavor Version Tinstall Tcheck Ttotal Status Flags
r-devel-linux-x86_64-debian-clang 0.5 5.00 49.56 54.56 NOTE
r-devel-linux-x86_64-debian-gcc 0.5 5.40 47.48 52.88 NOTE
r-devel-linux-x86_64-fedora-clang 0.5 113.83 NOTE
r-devel-linux-x86_64-fedora-gcc 0.5 107.87 NOTE
r-devel-osx-x86_64-clang 0.5 101.99 OK
r-devel-windows-ix86+x86_64 0.5 16.00 75.00 91.00 NOTE
r-patched-linux-x86_64 0.5 5.23 48.92 54.15 OK
r-patched-solaris-sparc 0.5 249.40 OK
r-patched-solaris-x86 0.5 165.10 OK
r-release-linux-x86_64 0.5 4.93 48.91 53.84 OK
r-release-osx-x86_64-mavericks 0.5 OK
r-release-windows-ix86+x86_64 0.5 18.00 74.00 92.00 OK
r-oldrel-windows-ix86+x86_64 0.5 24.00 128.00 152.00 OK

Check Details

Version: 0.5
Check: R code for possible problems
Result: NOTE
    GOF : f_numeric: no visible global function definition for ‘factanal’
    GOF: no visible global function definition for ‘factanal’
    LD : f_numeric: no visible global function definition for ‘factanal’
    forward.search : <anonymous>: no visible global function definition for
     ‘factanal’
    forward.search : <anonymous>: no visible global function definition for
     ‘is’
    forward.search: no visible global function definition for ‘cor’
    forward.search : <anonymous>: no visible global function definition for
     ‘cor’
    forward.search: no visible global function definition for ‘mahalanobis’
    forward.search: no visible global function definition for ‘cov’
    forward.search: no visible global function definition for
     ‘flush.console’
    forward.search : <anonymous>: no visible global function definition for
     ‘cov’
    gCD : f_numeric: no visible global function definition for ‘cor’
    gCD: no visible global function definition for ‘cor’
    mlfact: no visible global function definition for ‘optim’
    obs.resid: no visible global function definition for ‘cor’
    obs.resid: no visible global function definition for ‘factanal’
    obs.resid: no visible global function definition for ‘cov’
    plot.obs.resid: no visible global function definition for ‘reshape’
    plot.robmah: no visible global function definition for ‘qchisq’
    plot.robmah: no visible global function definition for ‘ppoints’
    print.forward.search: no visible global function definition for ‘tail’
    robustMD: no visible global function definition for ‘mahalanobis’
    robustMD: no visible global function definition for ‘pchisq’
    robustMD: no visible global function definition for ‘cov’
    Undefined global functions or variables:
     cor cov factanal flush.console is mahalanobis optim pchisq ppoints
     qchisq reshape tail
Flavors: r-devel-linux-x86_64-debian-clang, r-devel-linux-x86_64-debian-gcc, r-devel-linux-x86_64-fedora-clang, r-devel-linux-x86_64-fedora-gcc, r-devel-windows-ix86+x86_64