CRAN Package Check Results for Package fanovaGraph

Last updated on 2014-09-18 11:48:39.

Flavor Version Tinstall Tcheck Ttotal Status Flags
r-devel-linux-x86_64-debian-clang 1.4.7 1.21 43.54 44.76 NOTE
r-devel-linux-x86_64-debian-gcc 1.4.7 1.09 42.48 43.57 NOTE
r-devel-linux-x86_64-fedora-clang 1.4.7 93.46 NOTE
r-devel-linux-x86_64-fedora-gcc 1.4.7 88.06 NOTE
r-devel-osx-x86_64-clang 1.4.7 70.92 NOTE
r-devel-windows-ix86+x86_64 1.4.7 4.00 65.00 69.00 NOTE
r-patched-linux-x86_64 1.4.7 1.14 46.46 47.61 NOTE
r-patched-solaris-sparc 1.4.7 554.30 NOTE
r-patched-solaris-x86 1.4.7 122.00 NOTE
r-release-linux-ix86 1.4.7 1.62 58.42 60.05 NOTE
r-release-linux-x86_64 1.4.7 1.18 46.40 47.58 NOTE
r-release-osx-x86_64-mavericks 1.4.7 NOTE
r-release-osx-x86_64-snowleopard 1.4.7 NOTE
r-release-windows-ix86+x86_64 1.4.7 4.00 67.00 71.00 NOTE
r-oldrel-windows-ix86+x86_64 1.4.7 4.00 68.00 72.00 NOTE

Check Details

Version: 1.4.7
Check: package dependencies
Result: NOTE
    Package suggested but not available for checking: ‘manipulate’
Flavors: r-devel-linux-x86_64-debian-clang, r-devel-linux-x86_64-debian-gcc, r-devel-linux-x86_64-fedora-clang, r-devel-linux-x86_64-fedora-gcc, r-devel-osx-x86_64-clang, r-devel-windows-ix86+x86_64, r-patched-linux-x86_64, r-patched-solaris-sparc, r-patched-solaris-x86, r-release-linux-ix86, r-release-linux-x86_64, r-release-osx-x86_64-mavericks, r-release-osx-x86_64-snowleopard, r-release-windows-ix86+x86_64, r-oldrel-windows-ix86+x86_64

Version: 1.4.7
Check: R code for possible problems
Result: NOTE
    plotTk: no visible global function definition for ‘tclVar’
    plotTk : refresh: no visible global function definition for ‘tclvalue’
    plotTk: no visible global function definition for ‘tktoplevel’
    plotTk: no visible global function definition for ‘tkwm.title’
    plotTk: no visible global function definition for ‘tkframe’
    plotTk: no visible global function definition for ‘tkscale’
    plotTk: no visible global function definition for ‘tkpack’
    plotTk: no visible global function definition for ‘tklabel’
Flavors: r-devel-linux-x86_64-debian-clang, r-devel-linux-x86_64-debian-gcc, r-devel-linux-x86_64-fedora-clang, r-devel-linux-x86_64-fedora-gcc, r-devel-osx-x86_64-clang, r-devel-windows-ix86+x86_64