CRAN Package Check Results for Package fanovaGraph

Last updated on 2014-08-01 04:47:24.

Flavor Version Tinstall Tcheck Ttotal Status Flags
r-devel-linux-x86_64-debian-clang 1.4.7 1.14 44.82 45.96 NOTE
r-devel-linux-x86_64-debian-gcc 1.4.7 1.12 44.06 45.18 NOTE
r-devel-linux-x86_64-fedora-clang 1.4.7 96.72 NOTE
r-devel-linux-x86_64-fedora-gcc 1.4.7 89.36 NOTE
r-devel-osx-x86_64-clang 1.4.7 76.21 NOTE
r-devel-windows-ix86+x86_64 1.4.7 4.00 69.00 73.00 NOTE
r-patched-linux-x86_64 1.4.7 1.14 45.46 46.61 NOTE
r-patched-solaris-sparc 1.4.7 554.30 NOTE
r-patched-solaris-x86 1.4.7 115.70 NOTE
r-release-linux-ix86 1.4.7 1.61 57.16 58.77 NOTE
r-release-linux-x86_64 1.4.7 1.18 45.94 47.13 NOTE
r-release-osx-x86_64-mavericks 1.4.7 NOTE
r-release-osx-x86_64-snowleopard 1.4.7 NOTE
r-release-windows-ix86+x86_64 1.4.7 8.00 89.00 97.00 NOTE
r-oldrel-windows-ix86+x86_64 1.4.7 8.00 87.00 95.00 NOTE

Check Details

Version: 1.4.7
Check: package dependencies
Result: NOTE
    Package suggested but not available for checking: manipulate
Flavors: r-devel-linux-x86_64-debian-clang, r-devel-linux-x86_64-debian-gcc, r-devel-linux-x86_64-fedora-clang, r-devel-linux-x86_64-fedora-gcc, r-devel-osx-x86_64-clang, r-devel-windows-ix86+x86_64, r-patched-linux-x86_64, r-patched-solaris-sparc, r-patched-solaris-x86, r-release-linux-ix86, r-release-linux-x86_64, r-release-osx-x86_64-mavericks, r-release-osx-x86_64-snowleopard, r-release-windows-ix86+x86_64, r-oldrel-windows-ix86+x86_64