CRAN Package Check Results for Package fanovaGraph

Last updated on 2015-05-28 15:47:27.

Flavor Version Tinstall Tcheck Ttotal Status Flags
r-devel-linux-x86_64-debian-clang 1.4.7 0.94 40.53 41.47 NOTE
r-devel-linux-x86_64-debian-gcc 1.4.7 0.98 39.65 40.63 NOTE
r-devel-linux-x86_64-fedora-clang 1.4.7 80.15 NOTE
r-devel-linux-x86_64-fedora-gcc 1.4.7 76.01 NOTE
r-devel-osx-x86_64-clang 1.4.7 66.40 NOTE
r-devel-windows-ix86+x86_64 1.4.7 4.00 64.00 68.00 NOTE
r-patched-linux-x86_64 1.4.7 0.94 39.58 40.52 NOTE
r-patched-solaris-sparc 1.4.7 495.50 NOTE
r-patched-solaris-x86 1.4.7 103.00 NOTE
r-release-linux-x86_64 1.4.7 0.92 40.19 41.11 NOTE
r-release-osx-x86_64-mavericks 1.4.7 NOTE
r-release-osx-x86_64-snowleopard 1.4.7 ERROR
r-release-windows-ix86+x86_64 1.4.7 4.00 57.00 61.00 NOTE
r-oldrel-windows-ix86+x86_64 1.4.7 5.00 65.00 70.00 NOTE

Check Details

Version: 1.4.7
Check: dependencies in R code
Result: NOTE
    'library' or 'require' calls in package code:
     ‘manipulate’ ‘tcltk’
     Please use :: or requireNamespace() instead.
     See section 'Suggested packages' in the 'Writing R Extensions' manual.
Flavors: r-devel-linux-x86_64-debian-clang, r-devel-linux-x86_64-debian-gcc, r-devel-linux-x86_64-fedora-clang, r-devel-linux-x86_64-fedora-gcc, r-devel-osx-x86_64-clang, r-devel-windows-ix86+x86_64, r-patched-linux-x86_64, r-patched-solaris-sparc, r-patched-solaris-x86, r-release-linux-x86_64, r-release-osx-x86_64-mavericks, r-release-windows-ix86+x86_64, r-oldrel-windows-ix86+x86_64

Version: 1.4.7
Check: S3 generic/method consistency
Result: NOTE
    Found the following apparent S3 methods exported but not registered:
     plot.graphlist print.graphlist
    See section ‘Registering S3 methods’ in the ‘Writing R Extensions’
    manual.
Flavors: r-devel-linux-x86_64-debian-clang, r-devel-linux-x86_64-debian-gcc, r-devel-linux-x86_64-fedora-clang, r-devel-linux-x86_64-fedora-gcc, r-devel-osx-x86_64-clang, r-patched-linux-x86_64, r-patched-solaris-sparc, r-patched-solaris-x86, r-release-linux-x86_64

Version: 1.4.7
Check: R code for possible problems
Result: NOTE
    plotTk: no visible global function definition for ‘tclVar’
    plotTk : refresh: no visible global function definition for ‘tclvalue’
    plotTk: no visible global function definition for ‘tktoplevel’
    plotTk: no visible global function definition for ‘tkwm.title’
    plotTk: no visible global function definition for ‘tkframe’
    plotTk: no visible global function definition for ‘tkscale’
    plotTk: no visible global function definition for ‘tkpack’
    plotTk: no visible global function definition for ‘tklabel’
Flavors: r-devel-linux-x86_64-debian-clang, r-devel-linux-x86_64-debian-gcc, r-devel-linux-x86_64-fedora-clang, r-devel-linux-x86_64-fedora-gcc, r-devel-osx-x86_64-clang, r-devel-windows-ix86+x86_64, r-patched-linux-x86_64, r-patched-solaris-sparc, r-patched-solaris-x86, r-release-linux-x86_64, r-release-osx-x86_64-mavericks, r-release-windows-ix86+x86_64, r-oldrel-windows-ix86+x86_64

Version: 1.4.7
Check: package dependencies
Result: ERROR
    Package required but not available: ‘igraph’
    
    See section ‘The DESCRIPTION file’ in the ‘Writing R Extensions’
    manual.
Flavor: r-release-osx-x86_64-snowleopard