CRAN Package Check Results for Package fanovaGraph

Last updated on 2015-03-31 08:51:21.

Flavor Version Tinstall Tcheck Ttotal Status Flags
r-devel-linux-x86_64-debian-clang 1.4.7 0.93 40.25 41.18 NOTE
r-devel-linux-x86_64-debian-gcc 1.4.7 1.13 40.07 41.20 NOTE
r-devel-linux-x86_64-fedora-clang 1.4.7 80.46 NOTE
r-devel-linux-x86_64-fedora-gcc 1.4.7 79.88 NOTE
r-devel-osx-x86_64-clang 1.4.7 73.81 NOTE
r-prerel-windows-ix86+x86_64 1.4.7 5.00 57.00 62.00 NOTE
r-prerel-linux-x86_64 1.4.7 0.95 39.44 40.39 NOTE
r-prerel-solaris-sparc 1.4.7 498.30 NOTE
r-prerel-solaris-x86 1.4.7 102.10 NOTE
r-release-linux-x86_64 1.4.7 1.24 44.77 46.01 NOTE
r-release-osx-x86_64-mavericks 1.4.7 NOTE
r-release-osx-x86_64-snowleopard 1.4.7 NOTE
r-release-windows-ix86+x86_64 1.4.7 5.00 67.00 72.00 NOTE
r-oldrel-windows-ix86+x86_64 1.4.7 6.00 66.00 72.00 OK

Check Details

Version: 1.4.7
Check: dependencies in R code
Result: NOTE
    'library' or 'require' calls in package code:
     ‘manipulate’ ‘tcltk’
     Please use :: or requireNamespace() instead.
     See section 'Suggested packages' in the 'Writing R Extensions' manual.
Flavors: r-devel-linux-x86_64-debian-clang, r-devel-linux-x86_64-debian-gcc, r-devel-linux-x86_64-fedora-clang, r-devel-linux-x86_64-fedora-gcc, r-devel-osx-x86_64-clang, r-prerel-windows-ix86+x86_64, r-prerel-linux-x86_64, r-prerel-solaris-sparc, r-prerel-solaris-x86, r-release-linux-x86_64, r-release-windows-ix86+x86_64

Version: 1.4.7
Check: S3 generic/method consistency
Result: NOTE
    Found the following apparent S3 methods exported but not registered:
     plot.graphlist print.graphlist
    See section ‘Registering S3 methods’ in the ‘Writing R Extensions’
    manual.
Flavors: r-devel-linux-x86_64-debian-clang, r-devel-linux-x86_64-debian-gcc, r-devel-linux-x86_64-fedora-clang, r-devel-linux-x86_64-fedora-gcc, r-devel-osx-x86_64-clang, r-prerel-linux-x86_64

Version: 1.4.7
Check: R code for possible problems
Result: NOTE
    plotTk: no visible global function definition for ‘tclVar’
    plotTk : refresh: no visible global function definition for ‘tclvalue’
    plotTk: no visible global function definition for ‘tktoplevel’
    plotTk: no visible global function definition for ‘tkwm.title’
    plotTk: no visible global function definition for ‘tkframe’
    plotTk: no visible global function definition for ‘tkscale’
    plotTk: no visible global function definition for ‘tkpack’
    plotTk: no visible global function definition for ‘tklabel’
Flavors: r-devel-linux-x86_64-debian-clang, r-devel-linux-x86_64-debian-gcc, r-devel-linux-x86_64-fedora-clang, r-devel-linux-x86_64-fedora-gcc, r-devel-osx-x86_64-clang, r-prerel-windows-ix86+x86_64, r-prerel-linux-x86_64, r-prerel-solaris-sparc, r-prerel-solaris-x86, r-release-linux-x86_64, r-release-osx-x86_64-mavericks, r-release-windows-ix86+x86_64

Version: 1.4.7
Check: package dependencies
Result: NOTE
    Package suggested but not available for checking: ‘manipulate’
Flavor: r-release-osx-x86_64-snowleopard