CRAN Package Check Results for Package fanovaGraph

Last updated on 2015-04-28 20:46:26.

Flavor Version Tinstall Tcheck Ttotal Status Flags
r-devel-linux-x86_64-debian-clang 1.4.7 0.95 40.95 41.90 NOTE
r-devel-linux-x86_64-debian-gcc 1.4.7 0.92 41.80 42.72 NOTE
r-devel-linux-x86_64-fedora-clang 1.4.7 80.86 NOTE
r-devel-linux-x86_64-fedora-gcc 1.4.7 76.65 NOTE
r-devel-osx-x86_64-clang 1.4.7 66.25 NOTE
r-devel-windows-ix86+x86_64 1.4.7 4.00 59.00 63.00 NOTE
r-patched-linux-x86_64 1.4.7 0.91 39.83 40.74 NOTE
r-patched-solaris-sparc 1.4.7 498.30 NOTE
r-patched-solaris-x86 1.4.7 110.30 NOTE
r-release-linux-x86_64 1.4.7 0.93 43.16 44.09 NOTE
r-release-osx-x86_64-mavericks 1.4.7 NOTE
r-release-osx-x86_64-snowleopard 1.4.7 ERROR
r-release-windows-ix86+x86_64 1.4.7 4.00 59.00 63.00 NOTE
r-oldrel-windows-ix86+x86_64 1.4.7 4.00 60.00 64.00 NOTE

Check Details

Version: 1.4.7
Check: dependencies in R code
Result: NOTE
    'library' or 'require' calls in package code:
     ‘manipulate’ ‘tcltk’
     Please use :: or requireNamespace() instead.
     See section 'Suggested packages' in the 'Writing R Extensions' manual.
Flavors: r-devel-linux-x86_64-debian-clang, r-devel-linux-x86_64-debian-gcc, r-devel-linux-x86_64-fedora-clang, r-devel-linux-x86_64-fedora-gcc, r-devel-osx-x86_64-clang, r-devel-windows-ix86+x86_64, r-patched-linux-x86_64, r-patched-solaris-sparc, r-patched-solaris-x86, r-release-linux-x86_64, r-release-osx-x86_64-mavericks, r-release-windows-ix86+x86_64, r-oldrel-windows-ix86+x86_64

Version: 1.4.7
Check: S3 generic/method consistency
Result: NOTE
    Found the following apparent S3 methods exported but not registered:
     plot.graphlist print.graphlist
    See section ‘Registering S3 methods’ in the ‘Writing R Extensions’
    manual.
Flavors: r-devel-linux-x86_64-debian-clang, r-devel-linux-x86_64-debian-gcc, r-devel-linux-x86_64-fedora-clang, r-devel-linux-x86_64-fedora-gcc, r-devel-osx-x86_64-clang, r-patched-linux-x86_64, r-patched-solaris-x86, r-release-linux-x86_64

Version: 1.4.7
Check: R code for possible problems
Result: NOTE
    plotTk: no visible global function definition for ‘tclVar’
    plotTk : refresh: no visible global function definition for ‘tclvalue’
    plotTk: no visible global function definition for ‘tktoplevel’
    plotTk: no visible global function definition for ‘tkwm.title’
    plotTk: no visible global function definition for ‘tkframe’
    plotTk: no visible global function definition for ‘tkscale’
    plotTk: no visible global function definition for ‘tkpack’
    plotTk: no visible global function definition for ‘tklabel’
Flavors: r-devel-linux-x86_64-debian-clang, r-devel-linux-x86_64-debian-gcc, r-devel-linux-x86_64-fedora-clang, r-devel-linux-x86_64-fedora-gcc, r-devel-osx-x86_64-clang, r-devel-windows-ix86+x86_64, r-patched-linux-x86_64, r-patched-solaris-sparc, r-patched-solaris-x86, r-release-linux-x86_64, r-release-osx-x86_64-mavericks, r-release-windows-ix86+x86_64, r-oldrel-windows-ix86+x86_64

Version: 1.4.7
Check: package dependencies
Result: ERROR
    Package required but not available: ‘igraph’
    
    See section ‘The DESCRIPTION file’ in the ‘Writing R Extensions’
    manual.
Flavor: r-release-osx-x86_64-snowleopard