CRAN Package Check Results for Package fanovaGraph

Last updated on 2014-07-22 17:48:29.

Flavor Version Tinstall Tcheck Ttotal Status Flags
r-devel-linux-x86_64-debian-clang 1.4.7 1.14 44.96 46.09 NOTE
r-devel-linux-x86_64-debian-gcc 1.4.7 1.11 43.39 44.50 NOTE
r-devel-linux-x86_64-fedora-clang 1.4.7 97.47 NOTE
r-devel-linux-x86_64-fedora-gcc 1.4.7 94.90 NOTE
r-devel-osx-x86_64-clang 1.4.7 76.62 NOTE
r-devel-windows-ix86+x86_64 1.4.7 5.00 65.00 70.00 NOTE
r-patched-linux-x86_64 1.4.7 1.11 45.13 46.24 NOTE
r-patched-solaris-sparc 1.4.7 525.00 NOTE
r-patched-solaris-x86 1.4.7 120.70 NOTE
r-release-linux-ix86 1.4.7 1.60 58.16 59.76 NOTE
r-release-linux-x86_64 1.4.7 1.26 46.46 47.72 NOTE
r-release-osx-x86_64-mavericks 1.4.7 NOTE
r-release-osx-x86_64-snowleopard 1.4.7 NOTE
r-release-windows-ix86+x86_64 1.4.7 5.00 70.00 75.00 NOTE
r-oldrel-windows-ix86+x86_64 1.4.7 5.00 64.00 69.00 NOTE

Check Details

Version: 1.4.7
Check: package dependencies
Result: NOTE
    Package suggested but not available for checking: ‘manipulate’
Flavors: r-devel-linux-x86_64-debian-clang, r-devel-linux-x86_64-debian-gcc, r-devel-linux-x86_64-fedora-clang, r-devel-linux-x86_64-fedora-gcc, r-devel-osx-x86_64-clang, r-devel-windows-ix86+x86_64, r-patched-linux-x86_64, r-patched-solaris-sparc, r-patched-solaris-x86, r-release-linux-ix86, r-release-linux-x86_64, r-release-osx-x86_64-mavericks, r-release-osx-x86_64-snowleopard, r-release-windows-ix86+x86_64, r-oldrel-windows-ix86+x86_64