CRAN Package Check Results for Package fanovaGraph

Last updated on 2014-04-23 12:48:17.

Flavor Version Tinstall Tcheck Ttotal Status Flags
r-devel-linux-x86_64-debian-clang 1.4.7 1.38 50.02 51.40 NOTE
r-devel-linux-x86_64-debian-gcc 1.4.7 1.36 50.31 51.67 NOTE
r-devel-linux-x86_64-fedora-clang 1.4.7 103.19 NOTE
r-devel-linux-x86_64-fedora-gcc 1.4.7 98.50 NOTE
r-devel-osx-x86_64-clang 1.4.7 75.48 NOTE
r-devel-osx-x86_64-gcc 1.4.7 ERROR
r-devel-windows-ix86+x86_64 1.4.7 5.00 73.00 78.00 NOTE
r-patched-linux-x86_64 1.4.7 1.40 49.48 50.88 NOTE
r-patched-solaris-sparc 1.4.7 525.00 NOTE
r-patched-solaris-x86 1.4.7 127.00 NOTE
r-release-linux-ix86 1.4.7 2.00 81.00 83.00 NOTE
r-release-linux-x86_64 1.4.7 1.35 50.14 51.49 NOTE
r-release-osx-x86_64-mavericks 1.4.7 NOTE
r-release-osx-x86_64-snowleopard 1.4.7 ERROR
r-release-windows-ix86+x86_64 1.4.7 5.00 68.00 73.00 NOTE
r-oldrel-windows-ix86+x86_64 1.4.7 6.00 67.00 73.00 NOTE

Check Details

Version: 1.4.7
Check: package dependencies
Result: NOTE
    Package suggested but not available for checking: ‘manipulate’
Flavors: r-devel-linux-x86_64-debian-clang, r-devel-linux-x86_64-debian-gcc, r-devel-linux-x86_64-fedora-clang, r-devel-linux-x86_64-fedora-gcc, r-devel-osx-x86_64-clang, r-devel-windows-ix86+x86_64, r-patched-linux-x86_64, r-patched-solaris-sparc, r-patched-solaris-x86, r-release-linux-ix86, r-release-linux-x86_64, r-release-osx-x86_64-mavericks, r-release-osx-x86_64-snowleopard, r-release-windows-ix86+x86_64, r-oldrel-windows-ix86+x86_64

Version: 1.4.7
Check: package dependencies
Result: ERROR
    Package required but not available: ‘igraph’
    
    Package suggested but not available for checking: ‘manipulate’
    
    See the information on DESCRIPTION files in the chapter ‘Creating R
    packages’ of the ‘Writing R Extensions’ manual.
Flavor: r-devel-osx-x86_64-gcc

Version: 1.4.7
Check: tests
Result: ERROR
    Running the tests in ‘tests/run-all.R’ failed.
    Last 13 lines of output:
     2
    
     1. Failure(@test_fullexample.R#78): the full example works as before -----------
     list(c(1, 3, 5), c(2, 4, 6)) not equal to cl
     Component 1: Mean relative difference: 0.5833333
     Component 2: Mean relative difference: 0.3333333
    
     2. Failure(@tests.R#93): thresholdIdentification works -------------------------
     c(0.328177717247, 0.218761863491, 0.99079526514) not equal to expected
     Mean relative difference: 0.003385135
    
     Error: Test failures
     Execution halted
Flavor: r-release-osx-x86_64-snowleopard