CRAN Package Check Results for Package fOptions

Last updated on 2015-02-27 20:49:34.

Flavor Version Tinstall Tcheck Ttotal Status Flags
r-devel-linux-x86_64-debian-clang 3010.83 2.64 38.61 41.25 NOTE
r-devel-linux-x86_64-debian-gcc 3010.83 2.55 37.27 39.82 NOTE
r-devel-linux-x86_64-fedora-clang 3010.83 80.30 NOTE
r-devel-linux-x86_64-fedora-gcc 3010.83 79.26 NOTE
r-devel-osx-x86_64-clang 3010.83 71.90 NOTE
r-devel-windows-ix86+x86_64 3010.83 14.00 84.00 98.00 NOTE
r-patched-linux-x86_64 3010.83 3.22 45.15 48.37 OK
r-patched-solaris-sparc 3010.83 599.30 OK
r-release-linux-ix86 3010.83 4.25 54.91 59.16 OK
r-release-linux-x86_64 3010.83 3.31 45.01 48.32 OK
r-release-osx-x86_64-mavericks 3010.83 OK
r-release-osx-x86_64-snowleopard 3010.83 OK
r-release-windows-ix86+x86_64 3010.83 14.00 95.00 109.00 OK
r-oldrel-windows-ix86+x86_64 3010.83 12.00 105.00 117.00 OK

Check Details

Version: 3010.83
Check: DESCRIPTION meta-information
Result: NOTE
    Malformed Description field: should contain one or more complete sentences.
Flavors: r-devel-linux-x86_64-debian-clang, r-devel-linux-x86_64-debian-gcc, r-devel-linux-x86_64-fedora-clang, r-devel-linux-x86_64-fedora-gcc, r-devel-osx-x86_64-clang, r-devel-windows-ix86+x86_64

Version: 3010.83
Check: S3 generic/method consistency
Result: NOTE
    Found the following apparent S3 methods exported but not registered:
     print.hngarch print.option
    See section ‘Registering S3 methods’ in the ‘Writing R Extensions’
    manual.
Flavors: r-devel-linux-x86_64-debian-clang, r-devel-linux-x86_64-debian-gcc, r-devel-linux-x86_64-fedora-clang, r-devel-linux-x86_64-fedora-gcc, r-devel-osx-x86_64-clang