CRAN Package Check Results for Package fOptions

Last updated on 2015-04-21 19:11:45.

Flavor Version Tinstall Tcheck Ttotal Status Flags
r-devel-linux-x86_64-debian-clang 3010.83 2.56 41.82 44.38 NOTE
r-devel-linux-x86_64-debian-gcc 3010.83 2.54 38.56 41.10 NOTE
r-devel-linux-x86_64-fedora-clang 3010.83 80.34 NOTE
r-devel-linux-x86_64-fedora-gcc 3010.83 78.18 NOTE
r-devel-osx-x86_64-clang 3010.83 69.01 NOTE
r-devel-windows-ix86+x86_64 3010.83 8.00 73.00 81.00 NOTE
r-patched-linux-x86_64 3010.83 2.58 37.56 40.15 NOTE
r-patched-solaris-sparc 3010.83 495.30 NOTE
r-patched-solaris-x86 3010.83 101.30 NOTE
r-release-linux-x86_64 3010.83 2.59 36.88 39.46 NOTE
r-release-osx-x86_64-mavericks 3010.83 NOTE
r-release-osx-x86_64-snowleopard 3010.83 NOTE
r-release-windows-ix86+x86_64 3010.83 7.00 75.00 82.00 NOTE
r-oldrel-windows-ix86+x86_64 3010.83 9.00 85.00 94.00 OK

Check Details

Version: 3010.83
Check: DESCRIPTION meta-information
Result: NOTE
    Malformed Description field: should contain one or more complete sentences.
Flavors: r-devel-linux-x86_64-debian-clang, r-devel-linux-x86_64-debian-gcc, r-devel-linux-x86_64-fedora-clang, r-devel-linux-x86_64-fedora-gcc, r-devel-osx-x86_64-clang, r-devel-windows-ix86+x86_64, r-patched-linux-x86_64, r-patched-solaris-sparc, r-patched-solaris-x86, r-release-linux-x86_64, r-release-osx-x86_64-mavericks, r-release-osx-x86_64-snowleopard, r-release-windows-ix86+x86_64

Version: 3010.83
Check: S3 generic/method consistency
Result: NOTE
    Found the following apparent S3 methods exported but not registered:
     print.hngarch print.option
    See section ‘Registering S3 methods’ in the ‘Writing R Extensions’
    manual.
Flavors: r-devel-linux-x86_64-debian-clang, r-devel-linux-x86_64-debian-gcc, r-devel-linux-x86_64-fedora-clang, r-devel-linux-x86_64-fedora-gcc, r-devel-osx-x86_64-clang, r-patched-linux-x86_64, r-release-linux-x86_64