CRAN Package Check Results for Package eha

Last updated on 2015-01-29 03:48:30.

Flavor Version Tinstall Tcheck Ttotal Status Flags
r-devel-linux-x86_64-debian-clang 2.4-2 11.36 42.51 53.88 NOTE
r-devel-linux-x86_64-debian-gcc 2.4-2 13.56 39.56 53.12 NOTE
r-devel-linux-x86_64-fedora-clang 2.4-2 103.63 NOTE
r-devel-linux-x86_64-fedora-gcc 2.4-2 97.79 NOTE
r-devel-osx-x86_64-clang 2.4-2 95.49 NOTE
r-devel-windows-ix86+x86_64 2.4-2 58.00 74.00 132.00 NOTE
r-patched-linux-x86_64 2.4-2 14.68 41.94 56.62 NOTE
r-patched-solaris-sparc 2.4-2 593.20 NOTE
r-patched-solaris-x86 2.4-2 125.60 NOTE
r-release-linux-ix86 2.4-2 16.15 53.19 69.34 OK
r-release-linux-x86_64 2.4-2 14.88 42.84 57.72 OK
r-release-osx-x86_64-mavericks 2.4-2 NOTE
r-release-osx-x86_64-snowleopard 2.4-2 OK
r-release-windows-ix86+x86_64 2.4-2 50.00 74.00 124.00 OK
r-oldrel-windows-ix86+x86_64 2.4-2 51.00 74.00 125.00 OK

Check Details

Version: 2.4-2
Check: DESCRIPTION meta-information
Result: NOTE
    NeedsCompilation field must take value ‘yes’ or ‘no’
Flavors: r-devel-linux-x86_64-debian-clang, r-devel-linux-x86_64-debian-gcc, r-devel-linux-x86_64-fedora-clang, r-devel-linux-x86_64-fedora-gcc, r-devel-osx-x86_64-clang, r-devel-windows-ix86+x86_64, r-patched-linux-x86_64, r-patched-solaris-sparc, r-patched-solaris-x86, r-release-osx-x86_64-mavericks

Version: 2.4-2
Check: S3 generic/method consistency
Result: NOTE
    Found the following apparent S3 methods exported but not registered:
     plot.aftreg
    See section ‘Registering S3 methods’ in the ‘Writing R Extensions’
    manual.
Flavors: r-devel-linux-x86_64-debian-clang, r-devel-linux-x86_64-debian-gcc, r-devel-linux-x86_64-fedora-clang, r-devel-linux-x86_64-fedora-gcc, r-devel-osx-x86_64-clang