CRAN Package Check Results for Package eha

Last updated on 2015-03-29 17:51:32.

Flavor Version Tinstall Tcheck Ttotal Status Flags
r-devel-linux-x86_64-debian-clang 2.4-2 10.85 41.00 51.84 NOTE
r-devel-linux-x86_64-debian-gcc 2.4-2 13.32 38.73 52.04 NOTE
r-devel-linux-x86_64-fedora-clang 2.4-2 96.03 NOTE
r-devel-linux-x86_64-fedora-gcc 2.4-2 94.33 NOTE
r-devel-osx-x86_64-clang 2.4-2 100.39 NOTE
r-prerel-windows-ix86+x86_64 2.4-2 79.00 67.00 146.00 NOTE
r-prerel-linux-x86_64 2.4-2 13.23 38.94 52.17 NOTE
r-prerel-solaris-sparc 2.4-2 605.00 NOTE
r-prerel-solaris-x86 2.4-2 115.90 NOTE
r-release-linux-x86_64 2.4-2 14.01 42.64 56.65 NOTE
r-release-osx-x86_64-mavericks 2.4-2 NOTE
r-release-osx-x86_64-snowleopard 2.4-2 OK
r-release-windows-ix86+x86_64 2.4-2 71.00 79.00 150.00 NOTE
r-oldrel-windows-ix86+x86_64 2.4-2 63.00 72.00 135.00 OK

Check Details

Version: 2.4-2
Check: DESCRIPTION meta-information
Result: NOTE
    NeedsCompilation field must take value ‘yes’ or ‘no’
Flavors: r-devel-linux-x86_64-debian-clang, r-devel-linux-x86_64-debian-gcc, r-devel-linux-x86_64-fedora-clang, r-devel-linux-x86_64-fedora-gcc, r-devel-osx-x86_64-clang, r-prerel-windows-ix86+x86_64, r-prerel-linux-x86_64, r-prerel-solaris-sparc, r-prerel-solaris-x86, r-release-linux-x86_64, r-release-osx-x86_64-mavericks, r-release-windows-ix86+x86_64

Version: 2.4-2
Check: S3 generic/method consistency
Result: NOTE
    Found the following apparent S3 methods exported but not registered:
     plot.aftreg
    See section ‘Registering S3 methods’ in the ‘Writing R Extensions’
    manual.
Flavors: r-devel-linux-x86_64-debian-clang, r-devel-linux-x86_64-debian-gcc, r-devel-linux-x86_64-fedora-clang, r-devel-linux-x86_64-fedora-gcc, r-devel-osx-x86_64-clang, r-prerel-linux-x86_64