CRAN Package Check Results for Package eha

Last updated on 2015-02-27 05:48:00.

Flavor Version Tinstall Tcheck Ttotal Status Flags
r-devel-linux-x86_64-debian-clang 2.4-2 10.96 40.81 51.77 NOTE
r-devel-linux-x86_64-debian-gcc 2.4-2 12.83 39.55 52.38 NOTE
r-devel-linux-x86_64-fedora-clang 2.4-2 96.70 NOTE
r-devel-linux-x86_64-fedora-gcc 2.4-2 91.16 NOTE
r-devel-osx-x86_64-clang 2.4-2 93.25 NOTE
r-devel-windows-ix86+x86_64 2.4-2 69.00 71.00 140.00 NOTE
r-patched-linux-x86_64 2.4-2 14.55 41.92 56.47 NOTE
r-patched-solaris-sparc 2.4-2 593.20 NOTE
r-patched-solaris-x86 2.4-2 127.10 NOTE
r-release-linux-ix86 2.4-2 16.20 56.70 72.90 OK
r-release-linux-x86_64 2.4-2 14.32 0.25 14.57 OK
r-release-osx-x86_64-mavericks 2.4-2 NOTE
r-release-osx-x86_64-snowleopard 2.4-2 OK
r-release-windows-ix86+x86_64 2.4-2 66.00 70.00 136.00 OK
r-oldrel-windows-ix86+x86_64 2.4-2 63.00 72.00 135.00 OK

Check Details

Version: 2.4-2
Check: DESCRIPTION meta-information
Result: NOTE
    NeedsCompilation field must take value ‘yes’ or ‘no’
Flavors: r-devel-linux-x86_64-debian-clang, r-devel-linux-x86_64-debian-gcc, r-devel-linux-x86_64-fedora-clang, r-devel-linux-x86_64-fedora-gcc, r-devel-osx-x86_64-clang, r-devel-windows-ix86+x86_64, r-patched-linux-x86_64, r-patched-solaris-sparc, r-patched-solaris-x86, r-release-osx-x86_64-mavericks

Version: 2.4-2
Check: S3 generic/method consistency
Result: NOTE
    Found the following apparent S3 methods exported but not registered:
     plot.aftreg
    See section ‘Registering S3 methods’ in the ‘Writing R Extensions’
    manual.
Flavors: r-devel-linux-x86_64-debian-clang, r-devel-linux-x86_64-debian-gcc, r-devel-linux-x86_64-fedora-clang, r-devel-linux-x86_64-fedora-gcc, r-devel-osx-x86_64-clang