CRAN Package Check Results for Package effects

Last updated on 2015-07-05 17:47:25.

Flavor Version Tinstall Tcheck Ttotal Status Flags
r-devel-linux-x86_64-debian-clang 3.0-4 4.02 51.18 55.20 NOTE
r-devel-linux-x86_64-debian-gcc 3.0-4 3.60 51.87 55.48 NOTE
r-devel-linux-x86_64-fedora-clang 3.0-4 112.00 NOTE
r-devel-linux-x86_64-fedora-gcc 3.0-4 105.62 NOTE
r-devel-osx-x86_64-clang 3.0-4 92.31 OK
r-devel-windows-ix86+x86_64 3.0-4 11.00 71.00 82.00 NOTE
r-patched-linux-x86_64 3.0-4 3.61 50.11 53.72 NOTE
r-patched-solaris-sparc 3.0-4 610.30 NOTE
r-patched-solaris-x86 3.0-4 146.20 NOTE
r-release-linux-x86_64 3.0-4 3.62 50.18 53.80 NOTE
r-release-osx-x86_64-mavericks 3.0-4 OK
r-release-windows-ix86+x86_64 3.0-4 13.00 71.00 84.00 OK
r-oldrel-windows-ix86+x86_64 3.0-4 20.00 102.00 122.00 OK

Check Details

Version: 3.0-4
Check: R code for possible problems
Result: NOTE
    Analyze.model: no visible global function definition for ‘model.matrix’
    Analyze.model: no visible global function definition for ‘na.omit’
    Analyze.model: no visible global function definition for ‘quantile’
    Effect.default: no visible binding for global variable ‘vcov’
    Effect.default: no visible global function definition for ‘coef’
    Effect.default: no visible global function definition for
     ‘model.offset’
    Effect.default: no visible global function definition for ‘model.frame’
    Effect.default: no visible global function definition for ‘formula’
    Effect.default: no visible global function definition for
     ‘delete.response’
    Effect.default: no visible global function definition for ‘terms’
    Effect.default: no visible global function definition for
     ‘model.matrix’
    Effect.default: no visible global function definition for ‘xtabs’
    Effect.default: no visible global function definition for ‘as.formula’
    Effect.default: no visible global function definition for ‘qnorm’
    Effect.gls: no visible binding for global variable ‘vcov’
    Effect.gls: no visible global function definition for ‘coef’
    Effect.gls: no visible global function definition for ‘formula’
    Effect.gls: no visible global function definition for ‘lm’
    Effect.gls: no visible global function definition for ‘as.formula’
    Effect.gls: no visible binding for global variable ‘na.exclude’
    Effect.gls: no visible global function definition for ‘model.frame’
    Effect.gls: no visible global function definition for ‘model.matrix’
    Effect.gls: no visible global function definition for ‘na.omit’
    Effect.gls: no visible global function definition for ‘predict’
    Effect.gls: no visible global function definition for ‘lm.fit’
    Effect.gls: no visible global function definition for ‘residuals’
    Effect.gls: no visible global function definition for ‘update’
    Effect.gls: no visible global function definition for ‘fitted’
    Effect.gls: no visible global function definition for ‘qt’
    Effect.gls: no visible global function definition for ‘terms’
    Effect.lm: no visible binding for global variable ‘vcov’
    Effect.lm: no visible global function definition for ‘family’
    Effect.lm: no visible global function definition for ‘formula’
    Effect.lm: no visible global function definition for ‘coef’
    Effect.lm: no visible global function definition for ‘model.offset’
    Effect.lm: no visible global function definition for ‘model.frame’
    Effect.lm: no visible global function definition for ‘na.omit’
    Effect.lm: no visible global function definition for ‘delete.response’
    Effect.lm: no visible global function definition for ‘terms’
    Effect.lm: no visible global function definition for ‘model.matrix’
    Effect.lm: no visible global function definition for ‘weights’
    Effect.lm: no visible global function definition for ‘residuals’
    Effect.lm: no visible global function definition for ‘xtabs’
    Effect.lm: no visible global function definition for ‘as.formula’
    Effect.lm: no visible global function definition for ‘qnorm’
    Effect.lm: no visible global function definition for ‘qt’
    Effect.lme: no visible global function definition for ‘as.formula’
    Effect.lme: no visible global function definition for ‘formula’
    Effect.mer: no visible global function definition for ‘as.formula’
    Effect.mer: no visible global function definition for ‘formula’
    Effect.mlm: no visible global function definition for ‘model.frame’
    Effect.mlm: no visible global function definition for ‘model.response’
    Effect.mlm: no visible global function definition for ‘update’
    Effect.mlm: no visible global function definition for ‘as.formula’
    Effect.multinom: no visible binding for global variable ‘vcov’
    Effect.multinom: no visible global function definition for ‘coef’
    Effect.multinom: no visible global function definition for ‘formula’
    Effect.multinom: no visible global function definition for
     ‘delete.response’
    Effect.multinom: no visible global function definition for ‘terms’
    Effect.multinom: no visible global function definition for
     ‘model.frame’
    Effect.multinom: no visible global function definition for
     ‘model.matrix’
    Effect.multinom: no visible global function definition for ‘qnorm’
    Effect.multinom: no visible global function definition for ‘xtabs’
    Effect.multinom: no visible global function definition for ‘as.formula’
    Effect.poLCA: no visible global function definition for ‘as.formula’
    Effect.poLCA: no visible global function definition for ‘formula’
    Effect.polr: no visible binding for global variable ‘vcov’
    Effect.polr: no visible global function definition for ‘coef’
    Effect.polr: no visible global function definition for ‘formula’
    Effect.polr: no visible global function definition for
     ‘delete.response’
    Effect.polr: no visible global function definition for ‘terms’
    Effect.polr: no visible global function definition for ‘model.frame’
    Effect.polr: no visible global function definition for ‘model.matrix’
    Effect.polr: no visible global function definition for ‘qnorm’
    Fixup.model.matrix: no visible global function definition for ‘terms’
    allEffects.gls : high.order.terms: no visible global function
     definition for ‘lm’
    allEffects.gls : high.order.terms: no visible global function
     definition for ‘as.formula’
    clm2.to.polr: no visible global function definition for ‘update’
    clm2.to.polr: no visible global function definition for ‘vcov’
    descendants: no visible global function definition for ‘terms’
    effect: no visible binding for global variable ‘vcov’
    effect.default: no visible binding for global variable ‘vcov’
    effect.default: no visible global function definition for ‘update’
    effect.default: no visible global function definition for ‘formula’
    effect.lme: no visible global function definition for ‘as.formula’
    effect.lme: no visible global function definition for ‘formula’
    effect.mer: no visible binding for global variable ‘vcov’
    effect.mer: no visible global function definition for ‘as.formula’
    effect.mer: no visible global function definition for ‘formula’
    effect.merMod: no visible binding for global variable ‘vcov’
    expand.model.frame: no visible global function definition for ‘formula’
    expand.model.frame: no visible global function definition for
     ‘model.frame’
    has.intercept: no visible global function definition for ‘coefficients’
    lme.to.glm: no visible global function definition for ‘vcov’
    lme.to.glm: no visible global function definition for ‘model.matrix’
    make.ticks : <anonymous>: no visible global function definition for
     ‘nlm’
    mer.to.glm: no visible global function definition for ‘as.formula’
    mer.to.glm: no visible global function definition for ‘vcov’
    mer.to.glm: no visible global function definition for ‘model.matrix’
    model.response.gls: no visible global function definition for
     ‘model.response’
    model.response.gls: no visible global function definition for
     ‘model.frame’
    model.response.gls: no visible global function definition for
     ‘as.formula’
    panel.bands: no visible global function definition for ‘spline’
    plot.eff: no visible global function definition for ‘palette’
    plot.eff: no visible global function definition for ‘update’
    plot.eff : <anonymous>: no visible global function definition for
     ‘loess.smooth’
    plot.efflist: no visible global function definition for ‘plot’
    plot.efflist: no visible global function definition for ‘menu’
    plot.effpoly: no visible global function definition for ‘palette’
    plot.mlm.efflist: no visible global function definition for ‘plot’
    poLCA.to.fake: no visible global function definition for ‘as.formula’
    poLCA.to.fake: no visible global function definition for ‘model.frame’
    poLCA.to.fake: no visible global function definition for ‘update’
    poLCA.to.fake: no visible global function definition for ‘glm’
    poLCA.to.fake: no visible binding for global variable ‘binomial’
    response.name: no visible global function definition for ‘terms’
    setStrip: no visible global function definition for ‘gray’
    spline.llines: no visible global function definition for ‘spline’
    term.names: no visible global function definition for ‘terms’
    terms.gls: no visible global function definition for ‘terms’
    terms.gls: no visible global function definition for ‘formula’
    Undefined global functions or variables:
     as.formula binomial coef coefficients delete.response family fitted
     formula glm gray lm lm.fit loess.smooth menu model.frame model.matrix
     model.offset model.response na.exclude na.omit nlm palette plot
     predict qnorm qt quantile residuals spline terms update vcov weights
     xtabs
Flavors: r-devel-linux-x86_64-debian-clang, r-devel-linux-x86_64-debian-gcc, r-devel-linux-x86_64-fedora-clang, r-devel-linux-x86_64-fedora-gcc, r-devel-windows-ix86+x86_64

Version: 3.0-4
Check: S3 generic/method consistency
Result: NOTE
    Found the following apparent S3 methods exported but not registered:
     all.effects
    See section ‘Registering S3 methods’ in the ‘Writing R Extensions’
    manual.
Flavors: r-patched-linux-x86_64, r-patched-solaris-sparc, r-patched-solaris-x86, r-release-linux-x86_64