CRAN Package Check Results for Package doMPI

Last updated on 2015-03-27 17:50:18.

Flavor Version Tinstall Tcheck Ttotal Status Flags
r-devel-linux-x86_64-debian-clang 0.2.1 1.16 19.09 20.25 OK
r-devel-linux-x86_64-debian-gcc 0.2.1 1.12 18.06 19.18 OK
r-devel-linux-x86_64-fedora-clang 0.2.1 30.71 OK
r-devel-linux-x86_64-fedora-gcc 0.2.1 28.32 OK
r-devel-osx-x86_64-clang 0.2.1 38.68 OK
r-prerel-linux-x86_64 0.2.1 1.06 18.24 19.30 OK
r-prerel-solaris-sparc 0.2.1 193.30 OK
r-prerel-solaris-x86 0.2.1 38.90 OK
r-release-linux-x86_64 0.2.1 1.31 21.09 22.40 OK
r-release-osx-x86_64-mavericks 0.2.1 ERROR
r-release-osx-x86_64-snowleopard 0.2.1 OK

Check Details

Version: 0.2.1
Check: package dependencies
Result: ERROR
    Package required but not available: ‘Rmpi’
    
    See section ‘The DESCRIPTION file’ in the ‘Writing R Extensions’
    manual.
Flavor: r-release-osx-x86_64-mavericks