CRAN Package Check Results for Package doMPI

Last updated on 2014-11-22 01:48:10.

Flavor Version Tinstall Tcheck Ttotal Status Flags
r-devel-linux-x86_64-debian-clang 0.2 1.44 19.60 21.04 WARN
r-devel-linux-x86_64-debian-gcc 0.2 1.22 20.50 21.72 WARN
r-devel-linux-x86_64-fedora-clang 0.2 35.82 WARN
r-devel-linux-x86_64-fedora-gcc 0.2 33.22 WARN
r-devel-osx-x86_64-clang 0.2 40.59 WARN
r-patched-linux-x86_64 0.2 1.25 19.18 20.43 WARN
r-patched-solaris-sparc 0.2 221.10 WARN
r-patched-solaris-x86 0.2 45.90 WARN
r-release-linux-ix86 0.2 1.58 33.44 35.02 WARN
r-release-linux-x86_64 0.2 1.38 20.45 21.82 WARN
r-release-osx-x86_64-mavericks 0.2 ERROR
r-release-osx-x86_64-snowleopard 0.2 NOTE

Check Details

Version: 0.2
Check: top-level files
Result: NOTE
    Non-standard file/directory found at top level:
     ‘test’
Flavors: r-devel-linux-x86_64-debian-clang, r-devel-linux-x86_64-debian-gcc, r-devel-linux-x86_64-fedora-clang, r-devel-linux-x86_64-fedora-gcc, r-patched-linux-x86_64, r-release-linux-x86_64

Version: 0.2
Check: dependencies in R code
Result: WARN
    'library' or 'require' call not declared from: ‘parallel’
    Package in Depends field not imported from: ‘Rmpi’
     These packages need to be imported from (in the NAMESPACE file)
     for when this namespace is loaded but not attached.
    Unexported object imported by a ':::' call: ‘foreach:::.foreachGlobals’
     See the note in ?`:::` about the use of this operator.
    See the information on DESCRIPTION files in the chapter ‘Creating R
    packages’ of the ‘Writing R Extensions’ manual.
Flavors: r-devel-linux-x86_64-debian-clang, r-devel-linux-x86_64-debian-gcc, r-devel-linux-x86_64-fedora-clang, r-devel-linux-x86_64-fedora-gcc, r-devel-osx-x86_64-clang, r-patched-linux-x86_64, r-patched-solaris-sparc, r-patched-solaris-x86, r-release-linux-ix86, r-release-linux-x86_64

Version: 0.2
Check: R code for possible problems
Result: NOTE
    bcastRecvFromMaster.mpicluster: no visible global function definition
     for ‘mpi.bcast’
    bcastRecvFromMaster.nbmpicluster: no visible global function definition
     for ‘mpi.recv’
    bcastSendToCluster.mpicluster: no visible global function definition
     for ‘mpi.bcast’
    bcastSendToCluster.nbmpicluster: no visible global function definition
     for ‘mpi.send’
    closeCluster.mpicluster: no visible global function definition for
     ‘mpi.send.Robj’
    closeCluster.mpicluster: no visible global function definition for
     ‘mpi.comm.disconnect’
    openMPIcluster: no visible global function definition for
     ‘mpi.comm.rank’
    openMPIcluster: no visible global function definition for
     ‘mpi.comm.size’
    recvFromAnyWorker.mpicluster: no visible global function definition for
     ‘mpi.probe’
    recvFromAnyWorker.mpicluster: no visible global function definition for
     ‘mpi.any.source’
    recvFromAnyWorker.mpicluster: no visible global function definition for
     ‘mpi.get.sourcetag’
    recvFromAnyWorker.mpicluster: no visible global function definition for
     ‘mpi.recv.Robj’
    recvFromMaster.mpicluster: no visible global function definition for
     ‘mpi.recv.Robj’
    sendToMaster.mpicluster: no visible global function definition for
     ‘mpi.send.Robj’
    sendToWorker.mpicluster: no visible global function definition for
     ‘mpi.send.Robj’
    startMPIcluster: no visible global function definition for
     ‘mpi.comm.size’
    startMPIcluster: no visible global function definition for
     ‘mpi.comm.rank’
    startMPIcluster: no visible global function definition for ‘mpi.quit’
    startMPIcluster: no visible global function definition for
     ‘mpi.get.processor.name’
    startMPIcluster: no visible global function definition for
     ‘mpi.universe.size’
    startMPIcluster: no visible global function definition for
     ‘mpi.comm.spawn’
    startMPIcluster: no visible global function definition for
     ‘mpi.intercomm.merge’
    startMPIcluster: no visible global function definition for
     ‘mpi.comm.set.errhandler’
    startMPIcluster: no visible global function definition for
     ‘mpi.comm.disconnect’
    startMPIcluster: no visible global function definition for
     ‘mpi.allgather.Robj’
Flavors: r-devel-linux-x86_64-debian-clang, r-devel-linux-x86_64-debian-gcc, r-devel-linux-x86_64-fedora-clang, r-devel-linux-x86_64-fedora-gcc, r-devel-osx-x86_64-clang, r-patched-linux-x86_64, r-patched-solaris-sparc, r-patched-solaris-x86, r-release-linux-ix86, r-release-linux-x86_64

Version: 0.2
Check: package dependencies
Result: ERROR
    Package required but not available: ‘Rmpi’
    
    See the information on DESCRIPTION files in the chapter ‘Creating R
    packages’ of the ‘Writing R Extensions’ manual.
Flavor: r-release-osx-x86_64-mavericks

Version: 0.2
Check: dependencies in R code
Result: NOTE
    Package in Depends field not imported from: 'Rmpi'
     These packages need to be imported from for the case when
     this namespace is loaded but not attached.
    Unexported object imported by a ':::' call: 'foreach:::.foreachGlobals'
     See the note in ?`:::` about the use of this operator.
    See the information on DESCRIPTION files in the chapter 'Creating R
    packages' of the 'Writing R Extensions' manual.
Flavor: r-release-osx-x86_64-snowleopard