CRAN Package Check Results for Package demography

Last updated on 2015-05-23 11:51:17.

Flavor Version Tinstall Tcheck Ttotal Status Flags
r-devel-linux-x86_64-debian-clang 1.18 7.68 76.44 84.12 NOTE
r-devel-linux-x86_64-debian-gcc 1.18 7.29 73.55 80.84 NOTE
r-devel-linux-x86_64-fedora-clang 1.18 176.31 NOTE
r-devel-linux-x86_64-fedora-gcc 1.18 168.48 NOTE
r-devel-osx-x86_64-clang 1.18 143.08 NOTE
r-devel-windows-ix86+x86_64 1.18 18.00 119.00 137.00 OK
r-patched-linux-x86_64 1.18 7.46 74.22 81.69 NOTE
r-patched-solaris-sparc 1.18 1036.60 NOTE
r-patched-solaris-x86 1.18 225.20 NOTE
r-release-linux-x86_64 1.18 7.18 77.67 84.85 NOTE
r-release-osx-x86_64-mavericks 1.18 OK
r-release-osx-x86_64-snowleopard 1.18 ERROR
r-release-windows-ix86+x86_64 1.18 18.00 117.00 135.00 OK
r-oldrel-windows-ix86+x86_64 1.18 26.00 146.00 172.00 OK

Check Details

Version: 1.18
Check: S3 generic/method consistency
Result: NOTE
    Found the following apparent S3 methods exported but not registered:
     forecast.fdmpr
    See section ‘Registering S3 methods’ in the ‘Writing R Extensions’
    manual.
Flavors: r-devel-linux-x86_64-debian-clang, r-devel-linux-x86_64-debian-gcc, r-devel-linux-x86_64-fedora-clang, r-devel-linux-x86_64-fedora-gcc, r-devel-osx-x86_64-clang, r-patched-linux-x86_64, r-patched-solaris-sparc, r-patched-solaris-x86, r-release-linux-x86_64

Version: 1.18
Check: package dependencies
Result: ERROR
    Packages required but not available: ‘forecast’ ‘ftsa’ ‘cobs’ ‘strucchange’
    
    See section ‘The DESCRIPTION file’ in the ‘Writing R Extensions’
    manual.
Flavor: r-release-osx-x86_64-snowleopard