CRAN Package Check Results for Package demography

Last updated on 2014-04-24 02:47:40.

Flavor Version Tinstall Tcheck Ttotal Status Flags
r-devel-linux-x86_64-debian-clang 1.17 10.76 108.85 119.61 OK
r-devel-linux-x86_64-debian-gcc 1.17 10.80 105.39 116.18 OK
r-devel-linux-x86_64-fedora-clang 1.17 254.98 OK
r-devel-linux-x86_64-fedora-gcc 1.17 246.75 OK
r-devel-osx-x86_64-clang 1.17 189.37 OK
r-devel-osx-x86_64-gcc 1.17 ERROR
r-devel-windows-ix86+x86_64 1.17 23.00 143.00 166.00 OK
r-patched-linux-x86_64 1.17 11.03 106.38 117.42 OK
r-patched-solaris-sparc 1.17 1277.20 OK
r-patched-solaris-x86 1.17 305.60 OK
r-release-linux-ix86 1.17 16.00 159.00 175.00 OK
r-release-linux-x86_64 1.17 10.68 104.12 114.81 OK
r-release-osx-x86_64-mavericks 1.17 ERROR
r-release-osx-x86_64-snowleopard 1.17 OK
r-release-windows-ix86+x86_64 1.17 26.00 140.00 166.00 OK
r-oldrel-windows-ix86+x86_64 1.17 24.00 141.00 165.00 OK

Check Details

Version: 1.17
Check: package dependencies
Result: ERROR
    Packages required but not available: ‘forecast’ ‘ftsa’ ‘cobs’ ‘strucchange’
    
    See the information on DESCRIPTION files in the chapter ‘Creating R
    packages’ of the ‘Writing R Extensions’ manual.
Flavor: r-devel-osx-x86_64-gcc

Version: 1.17
Check: package dependencies
Result: ERROR
    Packages required but not available: ‘forecast’ ‘ftsa’
    
    See the information on DESCRIPTION files in the chapter ‘Creating R
    packages’ of the ‘Writing R Extensions’ manual.
Flavor: r-release-osx-x86_64-mavericks