CRAN Package Check Results for Package demography

Last updated on 2015-03-31 03:48:27.

Flavor Version Tinstall Tcheck Ttotal Status Flags
r-devel-linux-x86_64-debian-clang 1.18 7.37 76.01 83.38 NOTE
r-devel-linux-x86_64-debian-gcc 1.18 7.36 75.92 83.28 NOTE
r-devel-linux-x86_64-fedora-clang 1.18 180.04 NOTE
r-devel-linux-x86_64-fedora-gcc 1.18 172.38 NOTE
r-devel-osx-x86_64-clang 1.18 155.60 NOTE
r-prerel-windows-ix86+x86_64 1.18 17.00 114.00 131.00 OK
r-prerel-linux-x86_64 1.18 7.39 75.03 82.42 NOTE
r-prerel-solaris-sparc 1.18 1073.80 OK
r-prerel-solaris-x86 1.18 213.80 OK
r-release-linux-x86_64 1.18 12.02 101.60 113.62 OK
r-release-osx-x86_64-mavericks 1.18 ERROR
r-release-osx-x86_64-snowleopard 1.18 OK
r-release-windows-ix86+x86_64 1.18 26.00 166.00 192.00 OK
r-oldrel-windows-ix86+x86_64 1.18 29.00 157.00 186.00 OK

Check Details

Version: 1.18
Check: S3 generic/method consistency
Result: NOTE
    Found the following apparent S3 methods exported but not registered:
     forecast.fdmpr
    See section ‘Registering S3 methods’ in the ‘Writing R Extensions’
    manual.
Flavors: r-devel-linux-x86_64-debian-clang, r-devel-linux-x86_64-debian-gcc, r-devel-linux-x86_64-fedora-clang, r-devel-linux-x86_64-fedora-gcc, r-devel-osx-x86_64-clang, r-prerel-linux-x86_64

Version: 1.18
Check: whether package can be installed
Result: ERROR
    Installation failed.
Flavor: r-release-osx-x86_64-mavericks