CRAN Package Check Results for Package demography

Last updated on 2015-01-26 10:47:04.

Flavor Version Tinstall Tcheck Ttotal Status Flags
r-devel-linux-x86_64-debian-clang 1.18 8.64 84.36 93.01 OK
r-devel-linux-x86_64-debian-gcc 1.18 8.28 85.63 93.91 OK
r-devel-linux-x86_64-fedora-clang 1.18 236.58 NOTE
r-devel-linux-x86_64-fedora-gcc 1.18 227.40 NOTE
r-devel-osx-x86_64-clang 1.18 185.38 NOTE
r-devel-windows-ix86+x86_64 1.18 22.00 111.00 133.00 OK
r-patched-linux-x86_64 1.18 9.91 99.38 109.29 OK
r-patched-solaris-sparc 1.18 1324.30 OK
r-patched-solaris-x86 1.18 289.10 OK
r-release-linux-ix86 1.18 11.36 115.83 127.19 OK
r-release-linux-x86_64 1.18 10.15 99.40 109.55 OK
r-release-osx-x86_64-mavericks 1.18 ERROR
r-release-osx-x86_64-snowleopard 1.18 OK
r-release-windows-ix86+x86_64 1.18 25.00 154.00 179.00 OK
r-oldrel-windows-ix86+x86_64 1.18 35.00 204.00 239.00 OK

Check Details

Version: 1.18
Check: S3 generic/method consistency
Result: NOTE
    Found the following apparent S3 methods exported but not registered:
     forecast.fdmpr
    See section ‘Registering S3 methods’ in the ‘Writing R Extensions’
    manual.
Flavors: r-devel-linux-x86_64-fedora-clang, r-devel-linux-x86_64-fedora-gcc, r-devel-osx-x86_64-clang

Version: 1.18
Check: whether package can be installed
Result: ERROR
    Installation failed.
Flavor: r-release-osx-x86_64-mavericks