CRAN Package Check Results for Package demography

Last updated on 2015-02-27 16:47:45.

Flavor Version Tinstall Tcheck Ttotal Status Flags
r-devel-linux-x86_64-debian-clang 1.18 8.04 76.10 84.13 NOTE
r-devel-linux-x86_64-debian-gcc 1.18 7.23 74.70 81.93 NOTE
r-devel-linux-x86_64-fedora-clang 1.18 176.27 NOTE
r-devel-linux-x86_64-fedora-gcc 1.18 166.08 NOTE
r-devel-osx-x86_64-clang 1.18 142.48 NOTE
r-devel-windows-ix86+x86_64 1.18 24.00 109.00 133.00 OK
r-patched-linux-x86_64 1.18 11.65 102.99 114.64 OK
r-patched-solaris-sparc 1.18 1324.30 OK
r-release-linux-ix86 1.18 11.30 117.50 128.80 OK
r-release-linux-x86_64 1.18 10.51 101.18 111.68 OK
r-release-osx-x86_64-mavericks 1.18 ERROR
r-release-osx-x86_64-snowleopard 1.18 OK
r-release-windows-ix86+x86_64 1.18 28.00 157.00 185.00 OK
r-oldrel-windows-ix86+x86_64 1.18 28.00 146.00 174.00 OK

Check Details

Version: 1.18
Check: S3 generic/method consistency
Result: NOTE
    Found the following apparent S3 methods exported but not registered:
     forecast.fdmpr
    See section ‘Registering S3 methods’ in the ‘Writing R Extensions’
    manual.
Flavors: r-devel-linux-x86_64-debian-clang, r-devel-linux-x86_64-debian-gcc, r-devel-linux-x86_64-fedora-clang, r-devel-linux-x86_64-fedora-gcc, r-devel-osx-x86_64-clang

Version: 1.18
Check: whether package can be installed
Result: ERROR
    Installation failed.
Flavor: r-release-osx-x86_64-mavericks