CRAN Package Check Results for Package demography

Last updated on 2015-06-30 15:47:01.

Flavor Version Tinstall Tcheck Ttotal Status Flags
r-devel-linux-x86_64-debian-clang 1.18 7.62 75.90 83.52 NOTE
r-devel-linux-x86_64-debian-gcc 1.18 7.34 76.87 84.21 NOTE
r-devel-linux-x86_64-fedora-clang 1.18 174.05 NOTE
r-devel-linux-x86_64-fedora-gcc 1.18 163.51 NOTE
r-devel-osx-x86_64-clang 1.18 151.86 NOTE
r-devel-windows-ix86+x86_64 1.18 19.00 116.00 135.00 NOTE
r-patched-linux-x86_64 1.18 7.15 76.15 83.30 NOTE
r-patched-solaris-sparc 1.18 1036.60 NOTE
r-patched-solaris-x86 1.18 225.30 NOTE
r-release-linux-x86_64 1.18 7.52 75.07 82.59 NOTE
r-release-osx-x86_64-mavericks 1.18 OK
r-release-windows-ix86+x86_64 1.18 22.00 114.00 136.00 OK
r-oldrel-windows-ix86+x86_64 1.18 28.00 157.00 185.00 OK

Check Details

Version: 1.18
Check: S3 generic/method consistency
Result: NOTE
    Found the following apparent S3 methods exported but not registered:
     forecast.fdmpr
    See section ‘Registering S3 methods’ in the ‘Writing R Extensions’
    manual.
Flavors: r-devel-linux-x86_64-debian-clang, r-devel-linux-x86_64-debian-gcc, r-devel-linux-x86_64-fedora-clang, r-devel-linux-x86_64-fedora-gcc, r-devel-osx-x86_64-clang, r-patched-linux-x86_64, r-patched-solaris-sparc, r-patched-solaris-x86, r-release-linux-x86_64

Version: 1.18
Check: R code for possible problems
Result: NOTE
    cm.spline: no visible global function definition for ‘spline’
    cm.splinefun: no visible global function definition for ‘splinefun’
    compare.demogdata: no visible global function definition for ‘ts’
    fdm: no visible global function definition for ‘na.omit’
    fert.curve: no visible global function definition for ‘predict’
    fert.curve: no visible global function definition for ‘approx’
    fill.zero: no visible global function definition for ‘approx’
    findroot: no visible global function definition for ‘uniroot’
    flife.expectancy: no visible global function definition for ‘window’
    flife.expectancy: no visible global function definition for ‘ts’
    flife.expectancy: no visible global function definition for ‘time’
    flife.expectancy: no visible global function definition for ‘na.omit’
    flife.expectancy: no visible global function definition for ‘tsp<-’
    flife.expectancy: no visible global function definition for ‘tsp’
    forecast.fdm: no visible global function definition for ‘spline’
    forecast.fdm: no visible global function definition for ‘qnorm’
    forecast.fdm: no visible global function definition for ‘frequency’
    forecast.fdmpr: no visible global function definition for ‘qnorm’
    forecast.lca: no visible global function definition for ‘qnorm’
    forecast.lca: no visible global function definition for ‘ts’
    ftsaMISE: no visible global function definition for ‘frequency’
    ftsaMISE: no visible global function definition for ‘start’
    ftsaMISE: no visible global function definition for ‘spline’
    ftsaMISE: no visible global function definition for ‘ts’
    hmd.e0: no visible global function definition for ‘read.table’
    hmd.e0: no visible global function definition for ‘ts’
    hmd.mx: no visible global function definition for ‘read.table’
    hmd.pop: no visible global function definition for ‘read.table’
    lca: no visible global function definition for ‘na.omit’
    lca: no visible global function definition for ‘predict’
    lca: no visible global function definition for ‘lm’
    lca: no visible global function definition for ‘glm’
    lca: no visible binding for global variable ‘poisson’
    lca: no visible global function definition for ‘ts’
    life.expectancy: no visible global function definition for ‘ts’
    lines.demogdata: no visible global function definition for ‘lines’
    lines.lifetable: no visible global function definition for ‘lines’
    newroot: no visible global function definition for ‘nlm’
    plot.demogdata: no visible global function definition for ‘plot’
    plot.errorfdm: no visible global function definition for ‘plot’
    plot.fmforecast: no visible global function definition for ‘plot’
    plot.fmforecast: no visible global function definition for ‘abline’
    plot.fmforecast: no visible global function definition for ‘lines’
    plot.lifetable: no visible global function definition for ‘plot’
    pop.sim: no visible global function definition for ‘rpois’
    pop.sim: no visible global function definition for ‘rbinom’
    read.demogdata: no visible global function definition for ‘read.table’
    simulate.fmforecast: no visible global function definition for ‘ts’
    simulate.fmforecast: no visible global function definition for ‘tsp<-’
    simulate.fmforecast: no visible global function definition for ‘tsp’
    simulate.fmforecast: no visible global function definition for ‘qnorm’
    smooth.demogdata: no visible global function definition for ‘approx’
    smooth.demogdata: no visible global function definition for ‘loess’
    smooth.demogdata: no visible global function definition for ‘predict’
    smooth.fts: no visible global function definition for ‘spline’
    smooth.fts: no visible global function definition for ‘approx’
    smooth.monotonic.cobs: no visible global function definition for
     ‘predict’
    smooth.monotonic.cobs: no visible global function definition for
     ‘approx’
    tfr: no visible global function definition for ‘ts’
    update.fmforecast: no visible global function definition for ‘qnorm’
    update.fmforecast2: no visible global function definition for ‘qnorm’
Flavors: r-devel-linux-x86_64-debian-clang, r-devel-linux-x86_64-debian-gcc, r-devel-linux-x86_64-fedora-clang, r-devel-windows-ix86+x86_64